{"id":49166,"date":"2022-04-27T13:42:37","date_gmt":"2022-04-27T11:42:37","guid":{"rendered":"https:\/\/www.emmentaler.ch\/rezept\/ensalada-de-pasta-cavatappi"},"modified":"2024-07-25T17:32:43","modified_gmt":"2024-07-25T15:32:43","slug":"ensalada-de-pasta-cavatappi","status":"publish","type":"recipes","link":"https:\/\/www.emmentaler.ch\/es\/recetas\/ensalada-de-pasta-cavatappi","title":{"rendered":"Ensalada de pasta \u201ccavatappi\u201d"},"author":2,"featured_media":49207,"menu_order":0,"template":"","meta":{"inline_featured_image":false},"tags":[843],"recipe_categories":[619],"et_countries":[],"recipe_main_ingredient":[594,602],"recipe_difficulty":[577],"recipe_preparation_time":[380],"recipe_diet_type":[570],"recipe_saison":[537,529,561,546],"acf":{"recipe_preparation_time":380,"recipe_categories":619,"recipe_time_txt":"","recipe_type":65947,"recipe_difficulty":577,"recipe_diet_type":[570],"recipe_main_ingredient":[594,602],"recipe_saison":[529,561,537,546],"recipe_count_portions":4,"recipe_ingedients":[{"recipe_ingedients_amount":"","recipe_ingedients_unit":"g","recipe_ingedients_product":""}],"temporare_zutaten":"300 g de guisantes congelados o frescos\r\nsal\r\n400 g de macarrones rizados o pasta \u201ecavatappi\u201d u otra pasta corta\r\n3 pepinillos en vinagre\r\n3 cucharadas de mahonesa\r\n3 cucharadas de yogur\r\n1 cucharada de mostaza\r\n3 cucharadas de caldo de pepinillos\r\nsal y pimienta\r\n3 cucharadas de pipas de girasol peladas\r\n2 manzanas rojas\r\n250 g de queso Emmentaler AOP (D.O.P.) suave\r\n1 ramo de cebollinos\r\n100 g de carne seca \u201cMostbr\u00f6ckli\u201d (carne de los Grisones)","recipe_preparation":"Cuece los guisantes en una olla con abundante agua con un poco de sal. Echa los guisantes en una coladera y p\u00e1salos por agua fr\u00eda. Despu\u00e9s puedes cocer los macarrones rizados en la misma agua hasta que est\u00e9n al dente, s\u00e1calos y p\u00e1salos tambi\u00e9n por agua fr\u00eda.\r\n\r\nPara preparar la salsa, mezcla la mahonesa, el yogur, la mostaza y el caldo de pepinillos con una pizca de sal y pimienta. Seguidamente, prepara una sart\u00e9n sin grasa y tuesta en ella las pipas de girasol. Corta las manzanas en cuatro partes, s\u00e1cales el coraz\u00f3n y p\u00e1rtelas en trocitos. Despu\u00e9s corta el queso Emmentaler AOP (D.O.P.) en forma de palitos, pica los cebollinos y corta la carne seca \u201cMostbr\u00f6ckli\u201d en trocitos.","recipe_images":[25291,25296,25281]},"_links":{"self":[{"href":"https:\/\/www.emmentaler.ch\/es\/wp-json\/wp\/v2\/recipes\/49166"}],"collection":[{"href":"https:\/\/www.emmentaler.ch\/es\/wp-json\/wp\/v2\/recipes"}],"about":[{"href":"https:\/\/www.emmentaler.ch\/es\/wp-json\/wp\/v2\/types\/recipes"}],"author":[{"embeddable":true,"href":"https:\/\/www.emmentaler.ch\/es\/wp-json\/wp\/v2\/users\/2"}],"version-history":[{"count":1,"href":"https:\/\/www.emmentaler.ch\/es\/wp-json\/wp\/v2\/recipes\/49166\/revisions"}],"predecessor-version":[{"id":137906,"href":"https:\/\/www.emmentaler.ch\/es\/wp-json\/wp\/v2\/recipes\/49166\/revisions\/137906"}],"acf:attachment":[{"embeddable":true,"href":"https:\/\/www.emmentaler.ch\/es\/wp-json\/wp\/v2\/media\/25281"},{"embeddable":true,"href":"https:\/\/www.emmentaler.ch\/es\/wp-json\/wp\/v2\/media\/25296"},{"embeddable":true,"href":"https:\/\/www.emmentaler.ch\/es\/wp-json\/wp\/v2\/media\/25291"}],"acf:term":[{"embeddable":true,"taxonomy":"recipe_saison","href":"https:\/\/www.emmentaler.ch\/es\/wp-json\/wp\/v2\/recipe_saison\/546"},{"embeddable":true,"taxonomy":"recipe_saison","href":"https:\/\/www.emmentaler.ch\/es\/wp-json\/wp\/v2\/recipe_saison\/537"},{"embeddable":true,"taxonomy":"recipe_saison","href":"https:\/\/www.emmentaler.ch\/es\/wp-json\/wp\/v2\/recipe_saison\/561"},{"embeddable":true,"taxonomy":"recipe_saison","href":"https:\/\/www.emmentaler.ch\/es\/wp-json\/wp\/v2\/recipe_saison\/529"},{"embeddable":true,"taxonomy":"recipe_main_ingredient","href":"https:\/\/www.emmentaler.ch\/es\/wp-json\/wp\/v2\/recipe_main_ingredient\/602"},{"embeddable":true,"taxonomy":"recipe_main_ingredient","href":"https:\/\/www.emmentaler.ch\/es\/wp-json\/wp\/v2\/recipe_main_ingredient\/594"},{"embeddable":true,"taxonomy":"recipe_diet_type","href":"https:\/\/www.emmentaler.ch\/es\/wp-json\/wp\/v2\/recipe_diet_type\/570"},{"embeddable":true,"taxonomy":"recipe_difficulty","href":"https:\/\/www.emmentaler.ch\/es\/wp-json\/wp\/v2\/recipe_difficulty\/577"},{"embeddable":true,"taxonomy":"recipe_categories","href":"https:\/\/www.emmentaler.ch\/es\/wp-json\/wp\/v2\/recipe_categories\/619"},{"embeddable":true,"taxonomy":"recipe_preparation_time","href":"https:\/\/www.emmentaler.ch\/es\/wp-json\/wp\/v2\/recipe_preparation_time\/380"}],"acf:post":[{"embeddable":true,"href":"https:\/\/www.emmentaler.ch\/es\/wp-json\/wp\/v2\/pages\/65947"}],"wp:featuredmedia":[{"embeddable":true,"href":"https:\/\/www.emmentaler.ch\/es\/wp-json\/wp\/v2\/media\/49207"}],"wp:attachment":[{"href":"https:\/\/www.emmentaler.ch\/es\/wp-json\/wp\/v2\/media?parent=49166"}],"wp:term":[{"taxonomy":"post_tag","embeddable":true,"href":"https:\/\/www.emmentaler.ch\/es\/wp-json\/wp\/v2\/tags?post=49166"},{"taxonomy":"recipe_categories","embeddable":true,"href":"https:\/\/www.emmentaler.ch\/es\/wp-json\/wp\/v2\/recipe_categories?post=49166"},{"taxonomy":"et_countries","embeddable":true,"href":"https:\/\/www.emmentaler.ch\/es\/wp-json\/wp\/v2\/et_countries?post=49166"},{"taxonomy":"recipe_main_ingredient","embeddable":true,"href":"https:\/\/www.emmentaler.ch\/es\/wp-json\/wp\/v2\/recipe_main_ingredient?post=49166"},{"taxonomy":"recipe_difficulty","embeddable":true,"href":"https:\/\/www.emmentaler.ch\/es\/wp-json\/wp\/v2\/recipe_difficulty?post=49166"},{"taxonomy":"recipe_preparation_time","embeddable":true,"href":"https:\/\/www.emmentaler.ch\/es\/wp-json\/wp\/v2\/recipe_preparation_time?post=49166"},{"taxonomy":"recipe_diet_type","embeddable":true,"href":"https:\/\/www.emmentaler.ch\/es\/wp-json\/wp\/v2\/recipe_diet_type?post=49166"},{"taxonomy":"recipe_saison","embeddable":true,"href":"https:\/\/www.emmentaler.ch\/es\/wp-json\/wp\/v2\/recipe_saison?post=49166"}],"curies":[{"name":"wp","href":"https:\/\/api.w.org\/{rel}","templated":true}]}}

300 g de guisantes congelados o frescos
sal
400 g de macarrones rizados o pasta „cavatappi” u otra pasta corta
3 pepinillos en vinagre
3 cucharadas de mahonesa
3 cucharadas de yogur
1 cucharada de mostaza
3 cucharadas de caldo de pepinillos
sal y pimienta
3 cucharadas de pipas de girasol peladas
2 manzanas rojas
250 g de queso Emmentaler AOP (D.O.P.) suave
1 ramo de cebollinos
100 g de carne seca “Mostbröckli” (carne de los Grisones)

Cuece los guisantes en una olla con abundante agua con un poco de sal. Echa los guisantes en una coladera y pásalos por agua fría. Después puedes cocer los macarrones rizados en la misma agua hasta que estén al dente, sácalos y pásalos también por agua fría.

Para preparar la salsa, mezcla la mahonesa, el yogur, la mostaza y el caldo de pepinillos con una pizca de sal y pimienta. Seguidamente, prepara una sartén sin grasa y tuesta en ella las pipas de girasol. Corta las manzanas en cuatro partes, sácales el corazón y pártelas en trocitos. Después corta el queso Emmentaler AOP (D.O.P.) en forma de palitos, pica los cebollinos y corta la carne seca “Mostbröckli” en trocitos.
