{"id":49410,"date":"2022-04-27T13:45:45","date_gmt":"2022-04-27T11:45:45","guid":{"rendered":"https:\/\/www.emmentaler.ch\/rezept\/ensalada-de-queso-con-melon"},"modified":"2024-07-25T17:27:52","modified_gmt":"2024-07-25T15:27:52","slug":"ensalada-de-queso-con-melon","status":"publish","type":"recipes","link":"https:\/\/www.emmentaler.ch\/es\/recetas\/ensalada-de-queso-con-melon","title":{"rendered":"Ensalada de queso con mel\u00f3n"},"author":2,"featured_media":49451,"menu_order":0,"template":"","meta":{"inline_featured_image":false},"tags":[843,836],"recipe_categories":[619],"et_countries":[],"recipe_main_ingredient":[593],"recipe_difficulty":[577],"recipe_preparation_time":[380],"recipe_diet_type":[562,570],"recipe_saison":[529,546],"acf":{"recipe_preparation_time":380,"recipe_categories":619,"recipe_time_txt":"","recipe_type":65988,"recipe_difficulty":577,"recipe_diet_type":[562,570],"recipe_main_ingredient":[593],"recipe_saison":[529,546],"recipe_count_portions":4,"recipe_ingedients":[{"recipe_ingedients_amount":"","recipe_ingedients_unit":"g","recipe_ingedients_product":""}],"temporare_zutaten":"2 cucharadas de zumo de lim\u00f3n\r\n2 cucharadas de vinagre bals\u00e1mico\r\n2 cucharadas de caldo o agua\r\n5 cucharadas de aceite de oliva\r\nsal y pimienta\r\n2 cucharadas de pi\u00f1ones\r\n250 g de queso Emmentaler AOP (D.O.P.), arom\u00e1tico\r\n1 pimiento picante rojo\r\n2 melones (p.ej. mel\u00f3n Galia)\r\n2 ramitos de albahaca\r\n150 g de r\u00facula\r\n50 g de aceitunas negras sin hueso","recipe_preparation":"Para preparar la salsa: mezcla el zumo de lim\u00f3n, el vinagre de bals\u00e1mico, el caldo y el aceite de oliva con un poco de sal y pimienta.\r\n\r\nDespu\u00e9s tuesta los pi\u00f1ones en una sart\u00e9n sin grasa. Corta el queso Emmentaler AOP en daditos de 1 cm. Parte el pimiento de forma longitudinal, desgr\u00e1nalo y c\u00f3rtalo en tiras finas.\r\n\r\nParte los melones por la mitad, s\u00e1cales los granos y haz bolitas con ayuda de una cuchara saca bolas. Quita los tallos a las hojas de albahaca.\r\n\r\nMezcla todos los ingredientes con la r\u00facula y las aceitunas con la salsa que has preparado antes y remu\u00e9velo bien.","recipe_images":[25663,25673,25678]},"_links":{"self":[{"href":"https:\/\/www.emmentaler.ch\/es\/wp-json\/wp\/v2\/recipes\/49410"}],"collection":[{"href":"https:\/\/www.emmentaler.ch\/es\/wp-json\/wp\/v2\/recipes"}],"about":[{"href":"https:\/\/www.emmentaler.ch\/es\/wp-json\/wp\/v2\/types\/recipes"}],"author":[{"embeddable":true,"href":"https:\/\/www.emmentaler.ch\/es\/wp-json\/wp\/v2\/users\/2"}],"version-history":[{"count":1,"href":"https:\/\/www.emmentaler.ch\/es\/wp-json\/wp\/v2\/recipes\/49410\/revisions"}],"predecessor-version":[{"id":137898,"href":"https:\/\/www.emmentaler.ch\/es\/wp-json\/wp\/v2\/recipes\/49410\/revisions\/137898"}],"acf:attachment":[{"embeddable":true,"href":"https:\/\/www.emmentaler.ch\/es\/wp-json\/wp\/v2\/media\/25678"},{"embeddable":true,"href":"https:\/\/www.emmentaler.ch\/es\/wp-json\/wp\/v2\/media\/25673"},{"embeddable":true,"href":"https:\/\/www.emmentaler.ch\/es\/wp-json\/wp\/v2\/media\/25663"}],"acf:term":[{"embeddable":true,"taxonomy":"recipe_saison","href":"https:\/\/www.emmentaler.ch\/es\/wp-json\/wp\/v2\/recipe_saison\/546"},{"embeddable":true,"taxonomy":"recipe_saison","href":"https:\/\/www.emmentaler.ch\/es\/wp-json\/wp\/v2\/recipe_saison\/529"},{"embeddable":true,"taxonomy":"recipe_main_ingredient","href":"https:\/\/www.emmentaler.ch\/es\/wp-json\/wp\/v2\/recipe_main_ingredient\/593"},{"embeddable":true,"taxonomy":"recipe_diet_type","href":"https:\/\/www.emmentaler.ch\/es\/wp-json\/wp\/v2\/recipe_diet_type\/570"},{"embeddable":true,"taxonomy":"recipe_diet_type","href":"https:\/\/www.emmentaler.ch\/es\/wp-json\/wp\/v2\/recipe_diet_type\/562"},{"embeddable":true,"taxonomy":"recipe_difficulty","href":"https:\/\/www.emmentaler.ch\/es\/wp-json\/wp\/v2\/recipe_difficulty\/577"},{"embeddable":true,"taxonomy":"recipe_categories","href":"https:\/\/www.emmentaler.ch\/es\/wp-json\/wp\/v2\/recipe_categories\/619"},{"embeddable":true,"taxonomy":"recipe_preparation_time","href":"https:\/\/www.emmentaler.ch\/es\/wp-json\/wp\/v2\/recipe_preparation_time\/380"}],"acf:post":[{"embeddable":true,"href":"https:\/\/www.emmentaler.ch\/es\/wp-json\/wp\/v2\/pages\/65988"}],"wp:featuredmedia":[{"embeddable":true,"href":"https:\/\/www.emmentaler.ch\/es\/wp-json\/wp\/v2\/media\/49451"}],"wp:attachment":[{"href":"https:\/\/www.emmentaler.ch\/es\/wp-json\/wp\/v2\/media?parent=49410"}],"wp:term":[{"taxonomy":"post_tag","embeddable":true,"href":"https:\/\/www.emmentaler.ch\/es\/wp-json\/wp\/v2\/tags?post=49410"},{"taxonomy":"recipe_categories","embeddable":true,"href":"https:\/\/www.emmentaler.ch\/es\/wp-json\/wp\/v2\/recipe_categories?post=49410"},{"taxonomy":"et_countries","embeddable":true,"href":"https:\/\/www.emmentaler.ch\/es\/wp-json\/wp\/v2\/et_countries?post=49410"},{"taxonomy":"recipe_main_ingredient","embeddable":true,"href":"https:\/\/www.emmentaler.ch\/es\/wp-json\/wp\/v2\/recipe_main_ingredient?post=49410"},{"taxonomy":"recipe_difficulty","embeddable":true,"href":"https:\/\/www.emmentaler.ch\/es\/wp-json\/wp\/v2\/recipe_difficulty?post=49410"},{"taxonomy":"recipe_preparation_time","embeddable":true,"href":"https:\/\/www.emmentaler.ch\/es\/wp-json\/wp\/v2\/recipe_preparation_time?post=49410"},{"taxonomy":"recipe_diet_type","embeddable":true,"href":"https:\/\/www.emmentaler.ch\/es\/wp-json\/wp\/v2\/recipe_diet_type?post=49410"},{"taxonomy":"recipe_saison","embeddable":true,"href":"https:\/\/www.emmentaler.ch\/es\/wp-json\/wp\/v2\/recipe_saison?post=49410"}],"curies":[{"name":"wp","href":"https:\/\/api.w.org\/{rel}","templated":true}]}}

Ensalada de queso con melón

2 cucharadas de zumo de limón
2 cucharadas de vinagre balsámico
2 cucharadas de caldo o agua
5 cucharadas de aceite de oliva
sal y pimienta
2 cucharadas de piñones
250 g de queso Emmentaler AOP (D.O.P.), aromático
1 pimiento picante rojo
2 melones (p.ej. melón Galia)
2 ramitos de albahaca
150 g de rúcula
50 g de aceitunas negras sin hueso

Para preparar la salsa: mezcla el zumo de limón, el vinagre de balsámico, el caldo y el aceite de oliva con un poco de sal y pimienta.

Después tuesta los piñones en una sartén sin grasa. Corta el queso Emmentaler AOP en daditos de 1 cm. Parte el pimiento de forma longitudinal, desgránalo y córtalo en tiras finas.

Parte los melones por la mitad, sácales los granos y haz bolitas con ayuda de una cuchara saca bolas. Quita los tallos a las hojas de albahaca.

Mezcla todos los ingredientes con la rúcula y las aceitunas con la salsa que has preparado antes y remuévelo bien.
