{"id":49715,"date":"2022-04-27T13:39:54","date_gmt":"2022-04-27T11:39:54","guid":{"rendered":"https:\/\/www.emmentaler.ch\/rezept\/ragu-de-setas-con-corteza-tostada"},"modified":"2022-06-27T16:29:30","modified_gmt":"2022-06-27T14:29:30","slug":"ragu-de-setas-con-corteza-tostada","status":"publish","type":"recipes","link":"https:\/\/www.emmentaler.ch\/es\/recetas\/ragu-de-setas-con-corteza-tostada","title":{"rendered":"Rag\u00fa de setas con corteza tostada"},"author":2,"featured_media":23490,"menu_order":0,"template":"","meta":{"inline_featured_image":false},"tags":[],"recipe_categories":[619],"et_countries":[],"recipe_main_ingredient":[602],"recipe_difficulty":[578],"recipe_preparation_time":[386],"recipe_diet_type":[570],"recipe_saison":[561],"acf":{"recipe_preparation_time":386,"recipe_categories":619,"recipe_time_txt":"40 minutos + 30 minutos al horno","recipe_type":65988,"recipe_difficulty":578,"recipe_diet_type":[570],"recipe_main_ingredient":[602],"recipe_saison":[561],"recipe_count_portions":4,"recipe_ingedients":[{"recipe_ingedients_amount":"","recipe_ingedients_unit":"g","recipe_ingedients_product":""}],"temporare_zutaten":"25 g setas de calabaza secas\r\n1 puerro\r\n\u00bc de apio nabo\r\n2 zanahorias\r\n1 cebolla\r\n500 g de champi\u00f1ones\r\n2 cucharadas de aceite\r\n1 \u00bd cucharadas de pur\u00e9 de tomate\r\n4 dl de caldo\r\n1 cucharadita de hojitas de tomillo\r\n150 g de queso Emmentaler AOP (D.O.P.)\r\n200 g de harina\r\n1 \u00bd cucharadita de levadura en polvo\r\n\u00bc cucharadita de sal\r\n75 g de mantequilla\r\n2 huevos\r\n1,5 dl de leche","recipe_preparation":"Primero incorpora las setas de calabaza en agua templada durante 30 minutos hasta que se ablanden. Mientras tanto corta el puerro en aros finos y el apio nabo y las zanahorias en daditos peque\u00f1os. Pica la cebolla fina y corta los champi\u00f1ones en rodajitas de 5 mm de espesor. Despu\u00e9s, calienta el aceite en una sart\u00e9n grande y fr\u00ede los champi\u00f1ones a fuego medio alto. A\u00f1ade la verdura y las setas escurridas y reh\u00f3galo a fuego medio durante 5 minutos. Agrega el pur\u00e9 de tomate y el caldo. Salpica el sofrito con unas hojitas de tomillo y cuece unos 5-7 minutos a fuego lento.\r\n\r\nDespu\u00e9s, ralla el queso Emmentaler AOP con el rallador fino, \u00e9chalo en un cuenco y m\u00e9zclalo con la harina, la levadura en polvo y la sal. Corta la mantequilla en trocitos y a\u00f1\u00e1delos. Amasa los ingredientes con las manos hasta que obtengas una masa de migas.\r\n\r\nAgrega 120 g de queso rallado Emmentaler AOP (D.O.P.), bate los huevos con la leche y mezcla todo hasta formar una masa blanda homog\u00e9nea\r\n\r\nEcha el rag\u00fa de setas en un plato para horno y distribuye varias cucharadas de masa sobre las setas y roc\u00edalo con el queso restante.\r\n\r\nPor \u00faltimo, mete el plato en el centro del horno a 200 grados y d\u00e9jalo que se tueste durante 30 minutos.","recipe_images":[49751,49746,49741]},"_links":{"self":[{"href":"https:\/\/www.emmentaler.ch\/es\/wp-json\/wp\/v2\/recipes\/49715"}],"collection":[{"href":"https:\/\/www.emmentaler.ch\/es\/wp-json\/wp\/v2\/recipes"}],"about":[{"href":"https:\/\/www.emmentaler.ch\/es\/wp-json\/wp\/v2\/types\/recipes"}],"author":[{"embeddable":true,"href":"https:\/\/www.emmentaler.ch\/es\/wp-json\/wp\/v2\/users\/2"}],"version-history":[{"count":0,"href":"https:\/\/www.emmentaler.ch\/es\/wp-json\/wp\/v2\/recipes\/49715\/revisions"}],"acf:attachment":[{"embeddable":true,"href":"https:\/\/www.emmentaler.ch\/es\/wp-json\/wp\/v2\/media\/49741"},{"embeddable":true,"href":"https:\/\/www.emmentaler.ch\/es\/wp-json\/wp\/v2\/media\/49746"},{"embeddable":true,"href":"https:\/\/www.emmentaler.ch\/es\/wp-json\/wp\/v2\/media\/49751"}],"acf:term":[{"embeddable":true,"taxonomy":"recipe_saison","href":"https:\/\/www.emmentaler.ch\/es\/wp-json\/wp\/v2\/recipe_saison\/561"},{"embeddable":true,"taxonomy":"recipe_main_ingredient","href":"https:\/\/www.emmentaler.ch\/es\/wp-json\/wp\/v2\/recipe_main_ingredient\/602"},{"embeddable":true,"taxonomy":"recipe_diet_type","href":"https:\/\/www.emmentaler.ch\/es\/wp-json\/wp\/v2\/recipe_diet_type\/570"},{"embeddable":true,"taxonomy":"recipe_difficulty","href":"https:\/\/www.emmentaler.ch\/es\/wp-json\/wp\/v2\/recipe_difficulty\/578"},{"embeddable":true,"taxonomy":"recipe_categories","href":"https:\/\/www.emmentaler.ch\/es\/wp-json\/wp\/v2\/recipe_categories\/619"},{"embeddable":true,"taxonomy":"recipe_preparation_time","href":"https:\/\/www.emmentaler.ch\/es\/wp-json\/wp\/v2\/recipe_preparation_time\/386"}],"acf:post":[{"embeddable":true,"href":"https:\/\/www.emmentaler.ch\/es\/wp-json\/wp\/v2\/pages\/65988"}],"wp:featuredmedia":[{"embeddable":true,"href":"https:\/\/www.emmentaler.ch\/es\/wp-json\/wp\/v2\/media\/23490"}],"wp:attachment":[{"href":"https:\/\/www.emmentaler.ch\/es\/wp-json\/wp\/v2\/media?parent=49715"}],"wp:term":[{"taxonomy":"post_tag","embeddable":true,"href":"https:\/\/www.emmentaler.ch\/es\/wp-json\/wp\/v2\/tags?post=49715"},{"taxonomy":"recipe_categories","embeddable":true,"href":"https:\/\/www.emmentaler.ch\/es\/wp-json\/wp\/v2\/recipe_categories?post=49715"},{"taxonomy":"et_countries","embeddable":true,"href":"https:\/\/www.emmentaler.ch\/es\/wp-json\/wp\/v2\/et_countries?post=49715"},{"taxonomy":"recipe_main_ingredient","embeddable":true,"href":"https:\/\/www.emmentaler.ch\/es\/wp-json\/wp\/v2\/recipe_main_ingredient?post=49715"},{"taxonomy":"recipe_difficulty","embeddable":true,"href":"https:\/\/www.emmentaler.ch\/es\/wp-json\/wp\/v2\/recipe_difficulty?post=49715"},{"taxonomy":"recipe_preparation_time","embeddable":true,"href":"https:\/\/www.emmentaler.ch\/es\/wp-json\/wp\/v2\/recipe_preparation_time?post=49715"},{"taxonomy":"recipe_diet_type","embeddable":true,"href":"https:\/\/www.emmentaler.ch\/es\/wp-json\/wp\/v2\/recipe_diet_type?post=49715"},{"taxonomy":"recipe_saison","embeddable":true,"href":"https:\/\/www.emmentaler.ch\/es\/wp-json\/wp\/v2\/recipe_saison?post=49715"}],"curies":[{"name":"wp","href":"https:\/\/api.w.org\/{rel}","templated":true}]}}

Ragú de setas con corteza tostada

25 g setas de calabaza secas
1 puerro
¼ de apio nabo
2 zanahorias
1 cebolla
500 g de champiñones
2 cucharadas de aceite
1 ½ cucharadas de puré de tomate
4 dl de caldo
1 cucharadita de hojitas de tomillo
150 g de queso Emmentaler AOP (D.O.P.)
200 g de harina
1 ½ cucharadita de levadura en polvo
¼ cucharadita de sal
75 g de mantequilla
2 huevos
1,5 dl de leche

Primero incorpora las setas de calabaza en agua templada durante 30 minutos hasta que se ablanden. Mientras tanto corta el puerro en aros finos y el apio nabo y las zanahorias en daditos pequeños. Pica la cebolla fina y corta los champiñones en rodajitas de 5 mm de espesor. Después, calienta el aceite en una sartén grande y fríe los champiñones a fuego medio alto. Añade la verdura y las setas escurridas y rehógalo a fuego medio durante 5 minutos. Agrega el puré de tomate y el caldo. Salpica el sofrito con unas hojitas de tomillo y cuece unos 5-7 minutos a fuego lento.

Después, ralla el queso Emmentaler AOP con el rallador fino, échalo en un cuenco y mézclalo con la harina, la levadura en polvo y la sal. Corta la mantequilla en trocitos y añádelos. Amasa los ingredientes con las manos hasta que obtengas una masa de migas.

Agrega 120 g de queso rallado Emmentaler AOP (D.O.P.), bate los huevos con la leche y mezcla todo hasta formar una masa blanda homogénea

Echa el ragú de setas en un plato para horno y distribuye varias cucharadas de masa sobre las setas y rocíalo con el queso restante.

Por último, mete el plato en el centro del horno a 200 grados y déjalo que se tueste durante 30 minutos.
