{"id":49959,"date":"2022-04-27T13:34:07","date_gmt":"2022-04-27T11:34:07","guid":{"rendered":"https:\/\/www.emmentaler.ch\/rezept\/pastel-de-reyes-con-queso-emmentaler-aop"},"modified":"2022-07-15T13:42:23","modified_gmt":"2022-07-15T11:42:23","slug":"pastel-de-reyes-con-queso-emmentaler-aop","status":"publish","type":"recipes","link":"https:\/\/www.emmentaler.ch\/es\/recetas\/pastel-de-reyes-con-queso-emmentaler-aop","title":{"rendered":"Pastel de Reyes"},"author":2,"featured_media":20655,"menu_order":0,"template":"","meta":{"inline_featured_image":false},"tags":[],"recipe_categories":[608],"et_countries":[],"recipe_main_ingredient":[],"recipe_difficulty":[578],"recipe_preparation_time":[378],"recipe_diet_type":[570],"recipe_saison":[554],"acf":{"recipe_preparation_time":378,"recipe_categories":608,"recipe_time_txt":"30 min. + aprox. 1 \u00bd h para que se hinche la masa + 30 min. al horno","recipe_type":65932,"recipe_difficulty":578,"recipe_diet_type":[570],"recipe_main_ingredient":false,"recipe_saison":[554],"recipe_count_portions":5,"recipe_ingedients":[{"recipe_ingedients_amount":"4","recipe_ingedients_unit":"g","recipe_ingedients_product":"levadura"},{"recipe_ingedients_amount":"50","recipe_ingedients_unit":"ml","recipe_ingedients_product":"leche"},{"recipe_ingedients_amount":"15","recipe_ingedients_unit":"g","recipe_ingedients_product":"mantequilla"},{"recipe_ingedients_amount":"100","recipe_ingedients_unit":"g","recipe_ingedients_product":"harina"},{"recipe_ingedients_amount":".2","recipe_ingedients_unit":"Tl","recipe_ingedients_product":"sal"},{"recipe_ingedients_amount":"15","recipe_ingedients_unit":"g","recipe_ingedients_product":"tomates secos conservados en aceite"},{"recipe_ingedients_amount":".2","recipe_ingedients_unit":"Bd","recipe_ingedients_product":"perejil de hoja plana"},{"recipe_ingedients_amount":"30","recipe_ingedients_unit":"g","recipe_ingedients_product":"Emmentaler DOP rallado"},{"recipe_ingedients_amount":".2","recipe_ingedients_unit":"St\u00fcck","recipe_ingedients_product":"huevo"},{"recipe_ingedients_amount":"","recipe_ingedients_unit":"g","recipe_ingedients_product":"1 almendra o aceituna sin hueso"},{"recipe_ingedients_amount":"","recipe_ingedients_unit":"g","recipe_ingedients_product":"1 corona real"},{"recipe_ingedients_amount":"","recipe_ingedients_unit":"g","recipe_ingedients_product":"si es necesario: semillas de s\u00e9samo para espolvorear"}],"temporare_zutaten":"\u00bd W\u00fcrfel Hefe, ca. 20 g\r\n2,5 dl Milch\r\n75 g Butter\r\n500 g Mehl\r\n1 TL Salz\r\n75 g getrocknete, in \u00d6l eingelegte Tomaten\r\n1 Bund flache Petersilie\r\n150 g geriebener Emmentaler AOP\r\n1 Ei\r\n1 Mandel oder Olive ohne Stein\r\nSesam zum Bestreuen\r\n1 K\u00f6nigskrone","recipe_preparation":"Primero, desmenuza la levadura y m\u00e9zclala con un poco de leche, hasta que se diluya. Derrite la mantequilla en una sart\u00e9n, ap\u00e1rtala a un lado y agrega el resto de la leche. Mezcla la harina con un poco de sal en un cuenco, corta los tomates en trocitos y pica el perejil. Separa 2 cucharadas del queso rallado Emmentaler AOP (D.O.P.) para espolvorear el pastel. Despu\u00e9s a\u00f1ade a la harina la mitad del huevo, el queso, los tomates, el perejil y la mezcla de leche y mantequilla y amasa todos los ingredientes unos 10 minutos, hasta que obtengas una masa suave y homog\u00e9nea. Tapa el cuenco y col\u00f3calo en un lugar templado hasta que la masa doble su volumen.\r\n\r\nSeguidamente, haz una bola con una cuarta parte de la masa y col\u00f3cala sobre una bandeja con papel sulfurizado. Con el resto de la masa puedes hacer unas cuantas bolas de menor tama\u00f1o y mete la almendra en una de ellas. Ahora distribuye las bolas de masa peque\u00f1as alrededor de la bola grande y espera 20 minutos.\r\n\r\nUnta la masa con el huevo restante y roc\u00edala con queso rallado y semillas de ajonjol\u00ed. Por \u00faltimo, mete el pastel en la segunda ranura de la parte inferior y deja que se cueza durante 30 minutos.\r\n\r\nCuando se haya enfriado un poco lo decoras con la coronita de cartulina y ya est\u00e1 listo para servir.","recipe_images":[20660,20665,20655]},"_links":{"self":[{"href":"https:\/\/www.emmentaler.ch\/es\/wp-json\/wp\/v2\/recipes\/49959"}],"collection":[{"href":"https:\/\/www.emmentaler.ch\/es\/wp-json\/wp\/v2\/recipes"}],"about":[{"href":"https:\/\/www.emmentaler.ch\/es\/wp-json\/wp\/v2\/types\/recipes"}],"author":[{"embeddable":true,"href":"https:\/\/www.emmentaler.ch\/es\/wp-json\/wp\/v2\/users\/2"}],"version-history":[{"count":0,"href":"https:\/\/www.emmentaler.ch\/es\/wp-json\/wp\/v2\/recipes\/49959\/revisions"}],"acf:attachment":[{"embeddable":true,"href":"https:\/\/www.emmentaler.ch\/es\/wp-json\/wp\/v2\/media\/20655"},{"embeddable":true,"href":"https:\/\/www.emmentaler.ch\/es\/wp-json\/wp\/v2\/media\/20665"},{"embeddable":true,"href":"https:\/\/www.emmentaler.ch\/es\/wp-json\/wp\/v2\/media\/20660"}],"acf:term":[{"embeddable":true,"taxonomy":"recipe_saison","href":"https:\/\/www.emmentaler.ch\/es\/wp-json\/wp\/v2\/recipe_saison\/554"},{"embeddable":true,"taxonomy":"recipe_diet_type","href":"https:\/\/www.emmentaler.ch\/es\/wp-json\/wp\/v2\/recipe_diet_type\/570"},{"embeddable":true,"taxonomy":"recipe_difficulty","href":"https:\/\/www.emmentaler.ch\/es\/wp-json\/wp\/v2\/recipe_difficulty\/578"},{"embeddable":true,"taxonomy":"recipe_categories","href":"https:\/\/www.emmentaler.ch\/es\/wp-json\/wp\/v2\/recipe_categories\/608"},{"embeddable":true,"taxonomy":"recipe_preparation_time","href":"https:\/\/www.emmentaler.ch\/es\/wp-json\/wp\/v2\/recipe_preparation_time\/378"}],"acf:post":[{"embeddable":true,"href":"https:\/\/www.emmentaler.ch\/es\/wp-json\/wp\/v2\/pages\/65932"}],"wp:featuredmedia":[{"embeddable":true,"href":"https:\/\/www.emmentaler.ch\/es\/wp-json\/wp\/v2\/media\/20655"}],"wp:attachment":[{"href":"https:\/\/www.emmentaler.ch\/es\/wp-json\/wp\/v2\/media?parent=49959"}],"wp:term":[{"taxonomy":"post_tag","embeddable":true,"href":"https:\/\/www.emmentaler.ch\/es\/wp-json\/wp\/v2\/tags?post=49959"},{"taxonomy":"recipe_categories","embeddable":true,"href":"https:\/\/www.emmentaler.ch\/es\/wp-json\/wp\/v2\/recipe_categories?post=49959"},{"taxonomy":"et_countries","embeddable":true,"href":"https:\/\/www.emmentaler.ch\/es\/wp-json\/wp\/v2\/et_countries?post=49959"},{"taxonomy":"recipe_main_ingredient","embeddable":true,"href":"https:\/\/www.emmentaler.ch\/es\/wp-json\/wp\/v2\/recipe_main_ingredient?post=49959"},{"taxonomy":"recipe_difficulty","embeddable":true,"href":"https:\/\/www.emmentaler.ch\/es\/wp-json\/wp\/v2\/recipe_difficulty?post=49959"},{"taxonomy":"recipe_preparation_time","embeddable":true,"href":"https:\/\/www.emmentaler.ch\/es\/wp-json\/wp\/v2\/recipe_preparation_time?post=49959"},{"taxonomy":"recipe_diet_type","embeddable":true,"href":"https:\/\/www.emmentaler.ch\/es\/wp-json\/wp\/v2\/recipe_diet_type?post=49959"},{"taxonomy":"recipe_saison","embeddable":true,"href":"https:\/\/www.emmentaler.ch\/es\/wp-json\/wp\/v2\/recipe_saison?post=49959"}],"curies":[{"name":"wp","href":"https:\/\/api.w.org\/{rel}","templated":true}]}}

Stück

si es necesario: semillas de sésamo para espolvorear

½ Würfel Hefe, ca. 20 g
2,5 dl Milch
75 g Butter
500 g Mehl
1 TL Salz
75 g getrocknete, in Öl eingelegte Tomaten
1 Bund flache Petersilie
150 g geriebener Emmentaler AOP
1 Ei
1 Mandel oder Olive ohne Stein
Sesam zum Bestreuen
1 Königskrone

Primero, desmenuza la levadura y mézclala con un poco de leche, hasta que se diluya. Derrite la mantequilla en una sartén, apártala a un lado y agrega el resto de la leche. Mezcla la harina con un poco de sal en un cuenco, corta los tomates en trocitos y pica el perejil. Separa 2 cucharadas del queso rallado Emmentaler AOP (D.O.P.) para espolvorear el pastel. Después añade a la harina la mitad del huevo, el queso, los tomates, el perejil y la mezcla de leche y mantequilla y amasa todos los ingredientes unos 10 minutos, hasta que obtengas una masa suave y homogénea. Tapa el cuenco y colócalo en un lugar templado hasta que la masa doble su volumen.

Seguidamente, haz una bola con una cuarta parte de la masa y colócala sobre una bandeja con papel sulfurizado. Con el resto de la masa puedes hacer unas cuantas bolas de menor tamaño y mete la almendra en una de ellas. Ahora distribuye las bolas de masa pequeñas alrededor de la bola grande y espera 20 minutos.

Unta la masa con el huevo restante y rocíala con queso rallado y semillas de ajonjolí. Por último, mete el pastel en la segunda ranura de la parte inferior y deja que se cueza durante 30 minutos.

Cuando se haya enfriado un poco lo decoras con la coronita de cartulina y ya está listo para servir.
