{"id":50020,"date":"2022-04-27T13:39:22","date_gmt":"2022-04-27T11:39:22","guid":{"rendered":"https:\/\/www.emmentaler.ch\/rezept\/pasta-con-col-rizada-y-patatas"},"modified":"2022-06-27T16:14:53","modified_gmt":"2022-06-27T14:14:53","slug":"pasta-con-col-rizada-y-patatas","status":"publish","type":"recipes","link":"https:\/\/www.emmentaler.ch\/es\/recetas\/pasta-con-col-rizada-y-patatas","title":{"rendered":"Pasta con col rizada y patatas"},"author":2,"featured_media":23260,"menu_order":0,"template":"","meta":{"inline_featured_image":false},"tags":[],"recipe_categories":[619],"et_countries":[],"recipe_main_ingredient":[602],"recipe_difficulty":[577],"recipe_preparation_time":[382],"recipe_diet_type":[569,570],"recipe_saison":[554,530],"acf":{"recipe_preparation_time":382,"recipe_categories":619,"recipe_time_txt":"","recipe_type":65988,"recipe_difficulty":577,"recipe_diet_type":[569,570],"recipe_main_ingredient":[602],"recipe_saison":[530,554],"recipe_count_portions":4,"recipe_ingedients":[{"recipe_ingedients_amount":"","recipe_ingedients_unit":"g","recipe_ingedients_product":""}],"temporare_zutaten":"500 g de col rizada\r\n250 g de patatas\r\n2 dientes de ajo\r\n1 pimiento picante rojo o chile\r\n200 g de queso Emmentaler AOP (D.O.P.I arom\u00e1tico\r\n50 g de nueces pecanas o nueces\r\n350 g de pasta, p.ej. rigatoni\r\nsal y pimienta\r\n5 cucharadas de aceite de oliva","recipe_preparation":"Comienza por separar los troncos de las hojas de col rizadas y corta las hojas en trocitos. Pela las patatas, c\u00f3rtalas por la mitad y en cuatro partes, en rodajas de 5 mm de espesor.\r\n\r\nPica los dientes de ajo, qu\u00edtale las semillas al pimiento, si es necesario, y c\u00f3rtalo en aros peque\u00f1os. Ralla el queso Emmentaler AOP (D.O.P.) con un rallador grueso y pica las nueces pecanas.\r\n\r\nEcha la pasta en una sart\u00e9n grande con agua hirviendo y un poco de sal, unos 7 minutos antes de que est\u00e9 al punto le a\u00f1ades las patatas y las hojas de col rizada y terminar de cocerlo.\r\n\r\nMientras que se cuecen las patatas y la pasta, puedes tostar las nueces pecanas en una sart\u00e9n sin grasa. Saca las nueces de la sart\u00e9n, calienta el aceite y rehoga el ajo y el chile. Por \u00faltimo, mezcla el contenido de la sart\u00e9n con la pasta, las patatas y la col rizada, echa una pizca de sal y pimienta; agrega las nueces pecanas y una parte del queso rallado. Sirve la pasta con el resto de queso.\r\n\r\nSugerencia: Tambi\u00e9n puedes utilizar col de Mil\u00e1n en lugar de col rizada. Si no dispones de una sart\u00e9n grande, cuece la pasta en una olla separada.","recipe_images":[23265,23270,23260]},"_links":{"self":[{"href":"https:\/\/www.emmentaler.ch\/es\/wp-json\/wp\/v2\/recipes\/50020"}],"collection":[{"href":"https:\/\/www.emmentaler.ch\/es\/wp-json\/wp\/v2\/recipes"}],"about":[{"href":"https:\/\/www.emmentaler.ch\/es\/wp-json\/wp\/v2\/types\/recipes"}],"author":[{"embeddable":true,"href":"https:\/\/www.emmentaler.ch\/es\/wp-json\/wp\/v2\/users\/2"}],"version-history":[{"count":0,"href":"https:\/\/www.emmentaler.ch\/es\/wp-json\/wp\/v2\/recipes\/50020\/revisions"}],"acf:attachment":[{"embeddable":true,"href":"https:\/\/www.emmentaler.ch\/es\/wp-json\/wp\/v2\/media\/23260"},{"embeddable":true,"href":"https:\/\/www.emmentaler.ch\/es\/wp-json\/wp\/v2\/media\/23270"},{"embeddable":true,"href":"https:\/\/www.emmentaler.ch\/es\/wp-json\/wp\/v2\/media\/23265"}],"acf:term":[{"embeddable":true,"taxonomy":"recipe_saison","href":"https:\/\/www.emmentaler.ch\/es\/wp-json\/wp\/v2\/recipe_saison\/554"},{"embeddable":true,"taxonomy":"recipe_saison","href":"https:\/\/www.emmentaler.ch\/es\/wp-json\/wp\/v2\/recipe_saison\/530"},{"embeddable":true,"taxonomy":"recipe_main_ingredient","href":"https:\/\/www.emmentaler.ch\/es\/wp-json\/wp\/v2\/recipe_main_ingredient\/602"},{"embeddable":true,"taxonomy":"recipe_diet_type","href":"https:\/\/www.emmentaler.ch\/es\/wp-json\/wp\/v2\/recipe_diet_type\/570"},{"embeddable":true,"taxonomy":"recipe_diet_type","href":"https:\/\/www.emmentaler.ch\/es\/wp-json\/wp\/v2\/recipe_diet_type\/569"},{"embeddable":true,"taxonomy":"recipe_difficulty","href":"https:\/\/www.emmentaler.ch\/es\/wp-json\/wp\/v2\/recipe_difficulty\/577"},{"embeddable":true,"taxonomy":"recipe_categories","href":"https:\/\/www.emmentaler.ch\/es\/wp-json\/wp\/v2\/recipe_categories\/619"},{"embeddable":true,"taxonomy":"recipe_preparation_time","href":"https:\/\/www.emmentaler.ch\/es\/wp-json\/wp\/v2\/recipe_preparation_time\/382"}],"acf:post":[{"embeddable":true,"href":"https:\/\/www.emmentaler.ch\/es\/wp-json\/wp\/v2\/pages\/65988"}],"wp:featuredmedia":[{"embeddable":true,"href":"https:\/\/www.emmentaler.ch\/es\/wp-json\/wp\/v2\/media\/23260"}],"wp:attachment":[{"href":"https:\/\/www.emmentaler.ch\/es\/wp-json\/wp\/v2\/media?parent=50020"}],"wp:term":[{"taxonomy":"post_tag","embeddable":true,"href":"https:\/\/www.emmentaler.ch\/es\/wp-json\/wp\/v2\/tags?post=50020"},{"taxonomy":"recipe_categories","embeddable":true,"href":"https:\/\/www.emmentaler.ch\/es\/wp-json\/wp\/v2\/recipe_categories?post=50020"},{"taxonomy":"et_countries","embeddable":true,"href":"https:\/\/www.emmentaler.ch\/es\/wp-json\/wp\/v2\/et_countries?post=50020"},{"taxonomy":"recipe_main_ingredient","embeddable":true,"href":"https:\/\/www.emmentaler.ch\/es\/wp-json\/wp\/v2\/recipe_main_ingredient?post=50020"},{"taxonomy":"recipe_difficulty","embeddable":true,"href":"https:\/\/www.emmentaler.ch\/es\/wp-json\/wp\/v2\/recipe_difficulty?post=50020"},{"taxonomy":"recipe_preparation_time","embeddable":true,"href":"https:\/\/www.emmentaler.ch\/es\/wp-json\/wp\/v2\/recipe_preparation_time?post=50020"},{"taxonomy":"recipe_diet_type","embeddable":true,"href":"https:\/\/www.emmentaler.ch\/es\/wp-json\/wp\/v2\/recipe_diet_type?post=50020"},{"taxonomy":"recipe_saison","embeddable":true,"href":"https:\/\/www.emmentaler.ch\/es\/wp-json\/wp\/v2\/recipe_saison?post=50020"}],"curies":[{"name":"wp","href":"https:\/\/api.w.org\/{rel}","templated":true}]}}

500 g de col rizada
250 g de patatas
2 dientes de ajo
1 pimiento picante rojo o chile
200 g de queso Emmentaler AOP (D.O.P.I aromático
50 g de nueces pecanas o nueces
350 g de pasta, p.ej. rigatoni
sal y pimienta
5 cucharadas de aceite de oliva

Comienza por separar los troncos de las hojas de col rizadas y corta las hojas en trocitos. Pela las patatas, córtalas por la mitad y en cuatro partes, en rodajas de 5 mm de espesor.

Pica los dientes de ajo, quítale las semillas al pimiento, si es necesario, y córtalo en aros pequeños. Ralla el queso Emmentaler AOP (D.O.P.) con un rallador grueso y pica las nueces pecanas.

Echa la pasta en una sartén grande con agua hirviendo y un poco de sal, unos 7 minutos antes de que esté al punto le añades las patatas y las hojas de col rizada y terminar de cocerlo.

Mientras que se cuecen las patatas y la pasta, puedes tostar las nueces pecanas en una sartén sin grasa. Saca las nueces de la sartén, calienta el aceite y rehoga el ajo y el chile. Por último, mezcla el contenido de la sartén con la pasta, las patatas y la col rizada, echa una pizca de sal y pimienta; agrega las nueces pecanas y una parte del queso rallado. Sirve la pasta con el resto de queso.

Sugerencia: También puedes utilizar col de Milán en lugar de col rizada. Si no dispones de una sartén grande, cuece la pasta en una olla separada.
