{"id":50142,"date":"2022-04-27T13:34:07","date_gmt":"2022-04-27T11:34:07","guid":{"rendered":"https:\/\/www.emmentaler.ch\/rezept\/graten-de-ebly-con-jamon-cocido-y-pina"},"modified":"2022-06-14T17:01:46","modified_gmt":"2022-06-14T15:01:46","slug":"graten-de-ebly-con-jamon-cocido-y-pina","status":"publish","type":"recipes","link":"https:\/\/www.emmentaler.ch\/es\/recetas\/graten-de-ebly-con-jamon-cocido-y-pina","title":{"rendered":"Grat\u00e9n de Ebly con jam\u00f3n cocido y pi\u00f1a"},"author":2,"featured_media":50183,"menu_order":0,"template":"","meta":{"inline_featured_image":false},"tags":[],"recipe_categories":[619],"et_countries":[],"recipe_main_ingredient":[593,594],"recipe_difficulty":[578],"recipe_preparation_time":[372],"recipe_diet_type":[562],"recipe_saison":[561],"acf":{"recipe_preparation_time":372,"recipe_categories":619,"recipe_time_txt":"30 minutos + 20 minutos al horno","recipe_type":65940,"recipe_difficulty":578,"recipe_diet_type":[562],"recipe_main_ingredient":[593,594],"recipe_saison":[561],"recipe_count_portions":4,"recipe_ingedients":[{"recipe_ingedients_amount":"1","recipe_ingedients_unit":"St\u00fcck","recipe_ingedients_product":"zanahorias"},{"recipe_ingedients_amount":"125","recipe_ingedients_unit":"ml","recipe_ingedients_product":"caldo de verduras"},{"recipe_ingedients_amount":"37.5","recipe_ingedients_unit":"g","recipe_ingedients_product":"guisantes, frescos o congelados"},{"recipe_ingedients_amount":"62.5","recipe_ingedients_unit":"g","recipe_ingedients_product":"ebly"},{"recipe_ingedients_amount":"1.5","recipe_ingedients_unit":"St\u00fcck","recipe_ingedients_product":"rodajas de pi\u00f1a, frescas o enlatadas"},{"recipe_ingedients_amount":"37.5","recipe_ingedients_unit":"g","recipe_ingedients_product":"cubitos de jam\u00f3n"},{"recipe_ingedients_amount":".5","recipe_ingedients_unit":"St\u00fcck","recipe_ingedients_product":"huevos"},{"recipe_ingedients_amount":"37.5","recipe_ingedients_unit":"ml","recipe_ingedients_product":"leche"},{"recipe_ingedients_amount":"50","recipe_ingedients_unit":"g","recipe_ingedients_product":"Emmentaler DOP rallado"},{"recipe_ingedients_amount":"","recipe_ingedients_unit":"Bedarf","recipe_ingedients_product":"seg\u00fan necesidad: sal, pimienta"}],"temporare_zutaten":"4 R\u00fcebli\r\n5 dl Gem\u00fcsebouillon\r\n150 g Erbsli, frisch oder tiefgek\u00fchlt\r\n250 g Ebly\r\n6 Ananasscheiben, frisch oder aus der Dose\r\n150 g Schinkenw\u00fcrfeli\r\n2 Eier\r\n1,5 dl Milch\r\n200 g geriebener Emmentaler AOP\r\nSalz, Pfeffer","recipe_preparation":"Pela las zanahorias y c\u00f3rtalas en rodajas finas, cuece el caldo. A\u00f1ade las zanahorias, los guisantes y el trigo Ebly y sigue cociendo unos 10 minutos, hasta que se haya absorbido todo el l\u00edquido. Deja que se enfr\u00ede un poco.\r\n\r\nCorta la pi\u00f1a en trocitos y a\u00f1\u00e1dela junto con los daditos de jam\u00f3n cocido. Mezcla los huevos, la leche y el queso Emmentaler AOP (D.O.P.) y saz\u00f3nalo con sal y pimienta.\r\n\r\nAgrega la mezcla al trigo Ebly y ll\u00e9nala en una fuente para horno untada de mantequilla. Coloca la fuente en la parte media del horno a 200 grados y deja que cueza 20-25 minutos.","recipe_images":[20405,20410,20415,20420]},"_links":{"self":[{"href":"https:\/\/www.emmentaler.ch\/es\/wp-json\/wp\/v2\/recipes\/50142"}],"collection":[{"href":"https:\/\/www.emmentaler.ch\/es\/wp-json\/wp\/v2\/recipes"}],"about":[{"href":"https:\/\/www.emmentaler.ch\/es\/wp-json\/wp\/v2\/types\/recipes"}],"author":[{"embeddable":true,"href":"https:\/\/www.emmentaler.ch\/es\/wp-json\/wp\/v2\/users\/2"}],"version-history":[{"count":0,"href":"https:\/\/www.emmentaler.ch\/es\/wp-json\/wp\/v2\/recipes\/50142\/revisions"}],"acf:attachment":[{"embeddable":true,"href":"https:\/\/www.emmentaler.ch\/es\/wp-json\/wp\/v2\/media\/20420"},{"embeddable":true,"href":"https:\/\/www.emmentaler.ch\/es\/wp-json\/wp\/v2\/media\/20415"},{"embeddable":true,"href":"https:\/\/www.emmentaler.ch\/es\/wp-json\/wp\/v2\/media\/20410"},{"embeddable":true,"href":"https:\/\/www.emmentaler.ch\/es\/wp-json\/wp\/v2\/media\/20405"}],"acf:term":[{"embeddable":true,"taxonomy":"recipe_saison","href":"https:\/\/www.emmentaler.ch\/es\/wp-json\/wp\/v2\/recipe_saison\/561"},{"embeddable":true,"taxonomy":"recipe_main_ingredient","href":"https:\/\/www.emmentaler.ch\/es\/wp-json\/wp\/v2\/recipe_main_ingredient\/594"},{"embeddable":true,"taxonomy":"recipe_main_ingredient","href":"https:\/\/www.emmentaler.ch\/es\/wp-json\/wp\/v2\/recipe_main_ingredient\/593"},{"embeddable":true,"taxonomy":"recipe_diet_type","href":"https:\/\/www.emmentaler.ch\/es\/wp-json\/wp\/v2\/recipe_diet_type\/562"},{"embeddable":true,"taxonomy":"recipe_difficulty","href":"https:\/\/www.emmentaler.ch\/es\/wp-json\/wp\/v2\/recipe_difficulty\/578"},{"embeddable":true,"taxonomy":"recipe_categories","href":"https:\/\/www.emmentaler.ch\/es\/wp-json\/wp\/v2\/recipe_categories\/619"},{"embeddable":true,"taxonomy":"recipe_preparation_time","href":"https:\/\/www.emmentaler.ch\/es\/wp-json\/wp\/v2\/recipe_preparation_time\/372"}],"acf:post":[{"embeddable":true,"href":"https:\/\/www.emmentaler.ch\/es\/wp-json\/wp\/v2\/pages\/65940"}],"wp:featuredmedia":[{"embeddable":true,"href":"https:\/\/www.emmentaler.ch\/es\/wp-json\/wp\/v2\/media\/50183"}],"wp:attachment":[{"href":"https:\/\/www.emmentaler.ch\/es\/wp-json\/wp\/v2\/media?parent=50142"}],"wp:term":[{"taxonomy":"post_tag","embeddable":true,"href":"https:\/\/www.emmentaler.ch\/es\/wp-json\/wp\/v2\/tags?post=50142"},{"taxonomy":"recipe_categories","embeddable":true,"href":"https:\/\/www.emmentaler.ch\/es\/wp-json\/wp\/v2\/recipe_categories?post=50142"},{"taxonomy":"et_countries","embeddable":true,"href":"https:\/\/www.emmentaler.ch\/es\/wp-json\/wp\/v2\/et_countries?post=50142"},{"taxonomy":"recipe_main_ingredient","embeddable":true,"href":"https:\/\/www.emmentaler.ch\/es\/wp-json\/wp\/v2\/recipe_main_ingredient?post=50142"},{"taxonomy":"recipe_difficulty","embeddable":true,"href":"https:\/\/www.emmentaler.ch\/es\/wp-json\/wp\/v2\/recipe_difficulty?post=50142"},{"taxonomy":"recipe_preparation_time","embeddable":true,"href":"https:\/\/www.emmentaler.ch\/es\/wp-json\/wp\/v2\/recipe_preparation_time?post=50142"},{"taxonomy":"recipe_diet_type","embeddable":true,"href":"https:\/\/www.emmentaler.ch\/es\/wp-json\/wp\/v2\/recipe_diet_type?post=50142"},{"taxonomy":"recipe_saison","embeddable":true,"href":"https:\/\/www.emmentaler.ch\/es\/wp-json\/wp\/v2\/recipe_saison?post=50142"}],"curies":[{"name":"wp","href":"https:\/\/api.w.org\/{rel}","templated":true}]}}

Gratén de Ebly con jamón cocido y piña

Stück

rodajas de piña, frescas o enlatadas

cubitos de jamón

según necesidad: sal, pimienta

4 Rüebli
5 dl Gemüsebouillon
150 g Erbsli, frisch oder tiefgekühlt
250 g Ebly
6 Ananasscheiben, frisch oder aus der Dose
150 g Schinkenwürfeli
2 Eier
1,5 dl Milch
200 g geriebener Emmentaler AOP
Salz, Pfeffer

Pela las zanahorias y córtalas en rodajas finas, cuece el caldo. Añade las zanahorias, los guisantes y el trigo Ebly y sigue cociendo unos 10 minutos, hasta que se haya absorbido todo el líquido. Deja que se enfríe un poco.

Corta la piña en trocitos y añádela junto con los daditos de jamón cocido. Mezcla los huevos, la leche y el queso Emmentaler AOP (D.O.P.) y sazónalo con sal y pimienta.

Agrega la mezcla al trigo Ebly y llénala en una fuente para horno untada de mantequilla. Coloca la fuente en la parte media del horno a 200 grados y deja que cueza 20-25 minutos.
