{"id":50203,"date":"2022-04-27T13:41:56","date_gmt":"2022-04-27T11:41:56","guid":{"rendered":"https:\/\/www.emmentaler.ch\/rezept\/panecillos-con-huevo"},"modified":"2024-07-25T17:37:57","modified_gmt":"2024-07-25T15:37:57","slug":"panecillos-con-huevo","status":"publish","type":"recipes","link":"https:\/\/www.emmentaler.ch\/es\/recetas\/panecillos-con-huevo","title":{"rendered":"Panecillos con huevo"},"author":2,"featured_media":50244,"menu_order":0,"template":"","meta":{"inline_featured_image":false},"tags":[838,843],"recipe_categories":[611],"et_countries":[],"recipe_main_ingredient":[],"recipe_difficulty":[577],"recipe_preparation_time":[627],"recipe_diet_type":[570],"recipe_saison":[561],"acf":{"recipe_preparation_time":627,"recipe_categories":611,"recipe_time_txt":"15 minutos + 15 minutos al horno","recipe_type":65947,"recipe_difficulty":577,"recipe_diet_type":[570],"recipe_main_ingredient":false,"recipe_saison":[561],"recipe_count_portions":4,"recipe_ingedients":[{"recipe_ingedients_amount":"","recipe_ingedients_unit":"g","recipe_ingedients_product":""}],"temporare_zutaten":"4 panecillos grandes o pitufos\r\n1 ramito de cebollino\r\n1 ramito de perejil\r\n100 g de queso Emmentaler AOP (D.O.P.) suave\r\n75 g nata agria descremada\r\nsal y pimienta\r\n4 huevos","recipe_preparation":"Primero corta las tapas de los panecillos y ahu\u00e9calos (puedes utilizar esta masa para hacer pan rallado). Despu\u00e9s, pica el cebollino en aros peque\u00f1os y separa un poco para la guarnici\u00f3n; corta el perejil y ralla el queso Emmentaler AOP (D.O.P.) con el rallador fino. Mezcla las hierbas con 75 g de queso Emmentaler AOP y nata agria descremada y saz\u00f3nalo.\r\n\r\nReparte la mezcla que has preparado sobre las mitades de los panecillos; casca los huevos uno por uno sobre una taza, desl\u00edzalos sobre los panecillos y roc\u00edalos con el resto del queso rallado Emmentaler AOP (D.O.P.).\r\n\r\nMete los panecillos al horno a 180 grados y deja que se tuesten 15-18 minutos, hasta que los huevos se hayan cuajado. Por \u00faltimo, coloca las tapas sobre la bandeja de horno y deja tostar unos 3 minutos m\u00e1s.\r\n\r\nRoc\u00eda los huevos con el cebollino picado, pon las tapas sobre los panecillos y s\u00edrvelos enseguida.","recipe_images":[24925,24930,24915]},"_links":{"self":[{"href":"https:\/\/www.emmentaler.ch\/es\/wp-json\/wp\/v2\/recipes\/50203"}],"collection":[{"href":"https:\/\/www.emmentaler.ch\/es\/wp-json\/wp\/v2\/recipes"}],"about":[{"href":"https:\/\/www.emmentaler.ch\/es\/wp-json\/wp\/v2\/types\/recipes"}],"author":[{"embeddable":true,"href":"https:\/\/www.emmentaler.ch\/es\/wp-json\/wp\/v2\/users\/2"}],"version-history":[{"count":1,"href":"https:\/\/www.emmentaler.ch\/es\/wp-json\/wp\/v2\/recipes\/50203\/revisions"}],"predecessor-version":[{"id":137918,"href":"https:\/\/www.emmentaler.ch\/es\/wp-json\/wp\/v2\/recipes\/50203\/revisions\/137918"}],"acf:attachment":[{"embeddable":true,"href":"https:\/\/www.emmentaler.ch\/es\/wp-json\/wp\/v2\/media\/24915"},{"embeddable":true,"href":"https:\/\/www.emmentaler.ch\/es\/wp-json\/wp\/v2\/media\/24930"},{"embeddable":true,"href":"https:\/\/www.emmentaler.ch\/es\/wp-json\/wp\/v2\/media\/24925"}],"acf:term":[{"embeddable":true,"taxonomy":"recipe_saison","href":"https:\/\/www.emmentaler.ch\/es\/wp-json\/wp\/v2\/recipe_saison\/561"},{"embeddable":true,"taxonomy":"recipe_diet_type","href":"https:\/\/www.emmentaler.ch\/es\/wp-json\/wp\/v2\/recipe_diet_type\/570"},{"embeddable":true,"taxonomy":"recipe_difficulty","href":"https:\/\/www.emmentaler.ch\/es\/wp-json\/wp\/v2\/recipe_difficulty\/577"},{"embeddable":true,"taxonomy":"recipe_categories","href":"https:\/\/www.emmentaler.ch\/es\/wp-json\/wp\/v2\/recipe_categories\/611"},{"embeddable":true,"taxonomy":"recipe_preparation_time","href":"https:\/\/www.emmentaler.ch\/es\/wp-json\/wp\/v2\/recipe_preparation_time\/627"}],"acf:post":[{"embeddable":true,"href":"https:\/\/www.emmentaler.ch\/es\/wp-json\/wp\/v2\/pages\/65947"}],"wp:featuredmedia":[{"embeddable":true,"href":"https:\/\/www.emmentaler.ch\/es\/wp-json\/wp\/v2\/media\/50244"}],"wp:attachment":[{"href":"https:\/\/www.emmentaler.ch\/es\/wp-json\/wp\/v2\/media?parent=50203"}],"wp:term":[{"taxonomy":"post_tag","embeddable":true,"href":"https:\/\/www.emmentaler.ch\/es\/wp-json\/wp\/v2\/tags?post=50203"},{"taxonomy":"recipe_categories","embeddable":true,"href":"https:\/\/www.emmentaler.ch\/es\/wp-json\/wp\/v2\/recipe_categories?post=50203"},{"taxonomy":"et_countries","embeddable":true,"href":"https:\/\/www.emmentaler.ch\/es\/wp-json\/wp\/v2\/et_countries?post=50203"},{"taxonomy":"recipe_main_ingredient","embeddable":true,"href":"https:\/\/www.emmentaler.ch\/es\/wp-json\/wp\/v2\/recipe_main_ingredient?post=50203"},{"taxonomy":"recipe_difficulty","embeddable":true,"href":"https:\/\/www.emmentaler.ch\/es\/wp-json\/wp\/v2\/recipe_difficulty?post=50203"},{"taxonomy":"recipe_preparation_time","embeddable":true,"href":"https:\/\/www.emmentaler.ch\/es\/wp-json\/wp\/v2\/recipe_preparation_time?post=50203"},{"taxonomy":"recipe_diet_type","embeddable":true,"href":"https:\/\/www.emmentaler.ch\/es\/wp-json\/wp\/v2\/recipe_diet_type?post=50203"},{"taxonomy":"recipe_saison","embeddable":true,"href":"https:\/\/www.emmentaler.ch\/es\/wp-json\/wp\/v2\/recipe_saison?post=50203"}],"curies":[{"name":"wp","href":"https:\/\/api.w.org\/{rel}","templated":true}]}}

Primero corta las tapas de los panecillos y ahuécalos (puedes utilizar esta masa para hacer pan rallado). Después, pica el cebollino en aros pequeños y separa un poco para la guarnición; corta el perejil y ralla el queso Emmentaler AOP (D.O.P.) con el rallador fino. Mezcla las hierbas con 75 g de queso Emmentaler AOP y nata agria descremada y sazónalo.

Reparte la mezcla que has preparado sobre las mitades de los panecillos; casca los huevos uno por uno sobre una taza, deslízalos sobre los panecillos y rocíalos con el resto del queso rallado Emmentaler AOP (D.O.P.).

Mete los panecillos al horno a 180 grados y deja que se tuesten 15-18 minutos, hasta que los huevos se hayan cuajado. Por último, coloca las tapas sobre la bandeja de horno y deja tostar unos 3 minutos más.

Rocía los huevos con el cebollino picado, pon las tapas sobre los panecillos y sírvelos enseguida.
