{"id":50264,"date":"2022-04-27T13:45:45","date_gmt":"2022-04-27T11:45:45","guid":{"rendered":"https:\/\/www.emmentaler.ch\/rezept\/noquis-de-queso-y-patata-con-salsa-de-ajo-silvestre"},"modified":"2022-12-14T09:38:50","modified_gmt":"2022-12-14T08:38:50","slug":"noquis-de-queso-y-patata-con-salsa-de-ajo-silvestre","status":"publish","type":"recipes","link":"https:\/\/www.emmentaler.ch\/es\/recetas\/noquis-de-queso-y-patata-con-salsa-de-ajo-silvestre","title":{"rendered":"\u00d1oquis de queso y patata con salsa de ajo silvestre"},"author":2,"featured_media":25729,"menu_order":0,"template":"","meta":{"inline_featured_image":false},"tags":[720],"recipe_categories":[619],"et_countries":[],"recipe_main_ingredient":[602],"recipe_difficulty":[578],"recipe_preparation_time":[707],"recipe_diet_type":[562,569,570],"recipe_saison":[530],"acf":{"recipe_preparation_time":707,"recipe_categories":619,"recipe_time_txt":"60 minutos + 30 minutos para cocer las patatas","recipe_type":65993,"recipe_difficulty":578,"recipe_diet_type":[562,569,570],"recipe_main_ingredient":[602],"recipe_saison":[530],"recipe_count_portions":4,"recipe_ingedients":[{"recipe_ingedients_amount":"187.5","recipe_ingedients_unit":"g","recipe_ingedients_product":"de patatas harinosas"},{"recipe_ingedients_amount":"50","recipe_ingedients_unit":"g","recipe_ingedients_product":"de queso Emmentaler DOP picante"},{"recipe_ingedients_amount":"37.5","recipe_ingedients_unit":"g","recipe_ingedients_product":"de harina para \u00f1oquis"},{"recipe_ingedients_amount":".5","recipe_ingedients_unit":"St\u00fcck","recipe_ingedients_product":"yemas de huevo"},{"recipe_ingedients_amount":"6.25","recipe_ingedients_unit":"g","recipe_ingedients_product":"de pi\u00f1ones"},{"recipe_ingedients_amount":"12.5","recipe_ingedients_unit":"g","recipe_ingedients_product":"de ajo silvestre"},{"recipe_ingedients_amount":"12.5","recipe_ingedients_unit":"ml","recipe_ingedients_product":"de aceite de colza, no prensado en fr\u00edo"},{"recipe_ingedients_amount":"12.5","recipe_ingedients_unit":"ml","recipe_ingedients_product":"caldo de verduras"},{"recipe_ingedients_amount":"","recipe_ingedients_unit":"Bedarf","recipe_ingedients_product":"sal, pimienta y nuez moscada"}],"temporare_zutaten":"750 g de patatas harinosas\r\n200 g de queso Emmentaler AOP (D.O.P.) arom\u00e1tico\r\n150 g de harina para \u00f1oquis\r\n2 yemas de huevo\r\nsal, pimienta y nuez moscada\r\n25 g de pi\u00f1ones\r\n50 g de ajo silvestre\r\n0,5 dl de aceite de colza, no prensado en fr\u00edo\r\n0,5 dl caldo de verduras","recipe_preparation":"Cuece las patatas hasta que est\u00e9n blandas, p\u00e9lalas y p\u00e1salas por el pasapur\u00e9s; deja que se enfr\u00ede unos minutos. Ralla el queso Emmentaler AOP (D.O.P.) con el rallador fino y mezcla unos 150 g de queso, con la harina, la yema de huevo y las especias junto con las patatas. Si es necesario, a\u00f1ade m\u00e1s harina hasta que la masa no se pegue en las manos.\r\n\r\nMoldea la masa de las patatas sobre una encimera enharinada en forma de rollos de un dedo de ancho. Corta la masa en trocitos de 2 cm, forma bolitas d\u00e9jalas deslizar por el tenedor. Cuece los \u00f1oquis en agua hirviendo salada hasta que floten en la superficie. S\u00e1calos con una espumadera y col\u00f3calos en un lugar caliente.\r\n\r\nMientras que cuecen las patatas, puedes tostar los pi\u00f1ones en una sart\u00e9n sin grasa, hasta que adquieran un color dorado claro. D\u00e9jalos que se enfr\u00eden unos minutos. Mezcla la mitad de los pi\u00f1ones con el resto del queso rallado, el ajo silvestre, el aceite y el caldo de verduras y trit\u00faralo con la batidora de mano. Sazona el pur\u00e9 con sal y pimienta.\r\n\r\nMezcla la salsa con los \u00f1oquis y roc\u00edalo con los pi\u00f1ones antes de servir.","recipe_images":[50285,50290,50295,50300]},"_links":{"self":[{"href":"https:\/\/www.emmentaler.ch\/es\/wp-json\/wp\/v2\/recipes\/50264"}],"collection":[{"href":"https:\/\/www.emmentaler.ch\/es\/wp-json\/wp\/v2\/recipes"}],"about":[{"href":"https:\/\/www.emmentaler.ch\/es\/wp-json\/wp\/v2\/types\/recipes"}],"author":[{"embeddable":true,"href":"https:\/\/www.emmentaler.ch\/es\/wp-json\/wp\/v2\/users\/2"}],"version-history":[{"count":0,"href":"https:\/\/www.emmentaler.ch\/es\/wp-json\/wp\/v2\/recipes\/50264\/revisions"}],"acf:attachment":[{"embeddable":true,"href":"https:\/\/www.emmentaler.ch\/es\/wp-json\/wp\/v2\/media\/50300"},{"embeddable":true,"href":"https:\/\/www.emmentaler.ch\/es\/wp-json\/wp\/v2\/media\/50295"},{"embeddable":true,"href":"https:\/\/www.emmentaler.ch\/es\/wp-json\/wp\/v2\/media\/50290"},{"embeddable":true,"href":"https:\/\/www.emmentaler.ch\/es\/wp-json\/wp\/v2\/media\/50285"}],"acf:term":[{"embeddable":true,"taxonomy":"recipe_saison","href":"https:\/\/www.emmentaler.ch\/es\/wp-json\/wp\/v2\/recipe_saison\/530"},{"embeddable":true,"taxonomy":"recipe_main_ingredient","href":"https:\/\/www.emmentaler.ch\/es\/wp-json\/wp\/v2\/recipe_main_ingredient\/602"},{"embeddable":true,"taxonomy":"recipe_diet_type","href":"https:\/\/www.emmentaler.ch\/es\/wp-json\/wp\/v2\/recipe_diet_type\/570"},{"embeddable":true,"taxonomy":"recipe_diet_type","href":"https:\/\/www.emmentaler.ch\/es\/wp-json\/wp\/v2\/recipe_diet_type\/569"},{"embeddable":true,"taxonomy":"recipe_diet_type","href":"https:\/\/www.emmentaler.ch\/es\/wp-json\/wp\/v2\/recipe_diet_type\/562"},{"embeddable":true,"taxonomy":"recipe_difficulty","href":"https:\/\/www.emmentaler.ch\/es\/wp-json\/wp\/v2\/recipe_difficulty\/578"},{"embeddable":true,"taxonomy":"recipe_categories","href":"https:\/\/www.emmentaler.ch\/es\/wp-json\/wp\/v2\/recipe_categories\/619"},{"embeddable":true,"taxonomy":"recipe_preparation_time","href":"https:\/\/www.emmentaler.ch\/es\/wp-json\/wp\/v2\/recipe_preparation_time\/707"}],"acf:post":[{"embeddable":true,"href":"https:\/\/www.emmentaler.ch\/es\/wp-json\/wp\/v2\/pages\/65993"}],"wp:featuredmedia":[{"embeddable":true,"href":"https:\/\/www.emmentaler.ch\/es\/wp-json\/wp\/v2\/media\/25729"}],"wp:attachment":[{"href":"https:\/\/www.emmentaler.ch\/es\/wp-json\/wp\/v2\/media?parent=50264"}],"wp:term":[{"taxonomy":"post_tag","embeddable":true,"href":"https:\/\/www.emmentaler.ch\/es\/wp-json\/wp\/v2\/tags?post=50264"},{"taxonomy":"recipe_categories","embeddable":true,"href":"https:\/\/www.emmentaler.ch\/es\/wp-json\/wp\/v2\/recipe_categories?post=50264"},{"taxonomy":"et_countries","embeddable":true,"href":"https:\/\/www.emmentaler.ch\/es\/wp-json\/wp\/v2\/et_countries?post=50264"},{"taxonomy":"recipe_main_ingredient","embeddable":true,"href":"https:\/\/www.emmentaler.ch\/es\/wp-json\/wp\/v2\/recipe_main_ingredient?post=50264"},{"taxonomy":"recipe_difficulty","embeddable":true,"href":"https:\/\/www.emmentaler.ch\/es\/wp-json\/wp\/v2\/recipe_difficulty?post=50264"},{"taxonomy":"recipe_preparation_time","embeddable":true,"href":"https:\/\/www.emmentaler.ch\/es\/wp-json\/wp\/v2\/recipe_preparation_time?post=50264"},{"taxonomy":"recipe_diet_type","embeddable":true,"href":"https:\/\/www.emmentaler.ch\/es\/wp-json\/wp\/v2\/recipe_diet_type?post=50264"},{"taxonomy":"recipe_saison","embeddable":true,"href":"https:\/\/www.emmentaler.ch\/es\/wp-json\/wp\/v2\/recipe_saison?post=50264"}],"curies":[{"name":"wp","href":"https:\/\/api.w.org\/{rel}","templated":true}]}}

Ñoquis de queso y patata con salsa de ajo silvestre

de harina para ñoquis

Stück

de piñones

de aceite de colza, no prensado en frío

750 g de patatas harinosas
200 g de queso Emmentaler AOP (D.O.P.) aromático
150 g de harina para ñoquis
2 yemas de huevo
sal, pimienta y nuez moscada
25 g de piñones
50 g de ajo silvestre
0,5 dl de aceite de colza, no prensado en frío
0,5 dl caldo de verduras

Cuece las patatas hasta que estén blandas, pélalas y pásalas por el pasapurés; deja que se enfríe unos minutos. Ralla el queso Emmentaler AOP (D.O.P.) con el rallador fino y mezcla unos 150 g de queso, con la harina, la yema de huevo y las especias junto con las patatas. Si es necesario, añade más harina hasta que la masa no se pegue en las manos.

Moldea la masa de las patatas sobre una encimera enharinada en forma de rollos de un dedo de ancho. Corta la masa en trocitos de 2 cm, forma bolitas déjalas deslizar por el tenedor. Cuece los ñoquis en agua hirviendo salada hasta que floten en la superficie. Sácalos con una espumadera y colócalos en un lugar caliente.

Mientras que cuecen las patatas, puedes tostar los piñones en una sartén sin grasa, hasta que adquieran un color dorado claro. Déjalos que se enfríen unos minutos. Mezcla la mitad de los piñones con el resto del queso rallado, el ajo silvestre, el aceite y el caldo de verduras y tritúralo con la batidora de mano. Sazona el puré con sal y pimienta.

Mezcla la salsa con los ñoquis y rocíalo con los piñones antes de servir.
