{"id":50450,"date":"2022-04-27T13:42:37","date_gmt":"2022-04-27T11:42:37","guid":{"rendered":"https:\/\/www.emmentaler.ch\/rezept\/bastoncitos-de-calabacin-con-salsa-roja"},"modified":"2022-06-24T15:28:03","modified_gmt":"2022-06-24T13:28:03","slug":"bastoncitos-de-calabacin-con-salsa-roja","status":"publish","type":"recipes","link":"https:\/\/www.emmentaler.ch\/es\/recetas\/bastoncitos-de-calabacin-con-salsa-roja","title":{"rendered":"Bastoncitos de calabac\u00edn con salsa roja"},"author":2,"featured_media":50496,"menu_order":0,"template":"","meta":{"inline_featured_image":false},"tags":[],"recipe_categories":[608],"et_countries":[],"recipe_main_ingredient":[602],"recipe_difficulty":[577],"recipe_preparation_time":[373,382],"recipe_diet_type":[569,570],"recipe_saison":[537,529,530,546],"acf":{"recipe_preparation_time":373,"recipe_categories":608,"recipe_time_txt":"","recipe_type":65949,"recipe_difficulty":577,"recipe_diet_type":[569,570],"recipe_main_ingredient":[602],"recipe_saison":[529,530,537,546],"recipe_count_portions":4,"recipe_ingedients":[{"recipe_ingedients_amount":"","recipe_ingedients_unit":"g","recipe_ingedients_product":""}],"temporare_zutaten":"2 calabacines de aprox. 500 g\r\n2 huevos\r\n\u00bd ramito de perejil liso\r\n1 diente de ajo\r\n100 g queso Emmentaler AOP (D.O.P.) rallado\r\n25 g pan rallado\r\nun poco de c\u00e1scara de lim\u00f3n rallada\r\nsal y pimienta\r\npara la salsa:\r\n1 chile\r\n1 chile rojo o pimiento picante rojo\r\n1 tomate\r\n1 cucharada de aceite de colza\r\n1 cucharadas de Aceto o vinagre bals\u00e1mico","recipe_preparation":"Primero, parte los calabacines por la mitad y c\u00f3rtalos en bastoncitos de 1 cm de ancho. Bate los huevos en un plato hondo y pica el perejil. Prepara otro plato y mezcla el perejil, el ajo prensado, el queso Emmentaler AOP (D.O.P.), el pan rallado y la c\u00e1scara de lim\u00f3n con una pizca de sal y pimienta.\r\n\r\nSumerge los bastoncitos de calabac\u00edn en el huevo batido y despu\u00e9s reb\u00f3zalos con la mezcla de queso y pan rallado; col\u00f3calos sobre dos bandejas con papel sulfurizado.\r\n\r\nAhora mete las bandejas en el horno, que previamente has calentado a 180 grados, y deja que se tuesten los bastoncitos unos 20 minutos; dales la vuelta despu\u00e9s de 10 minutos para que se tuesten de forma homog\u00e9nea.\r\n\r\nMientras tanto, puedes preparar la salsa. Qu\u00edtale las semillas al pimiento picante y p\u00edcalo fino. Corta los pimientos picantes y el tomate en dados, m\u00e9zclalos con vinagre y aceite y trit\u00faralos con la batidora de mano, salpimienta a gusto.\r\n\r\nSirve los bastoncitos de calabac\u00edn con la salsa picante roja.","recipe_images":[25108,25113,25103]},"_links":{"self":[{"href":"https:\/\/www.emmentaler.ch\/es\/wp-json\/wp\/v2\/recipes\/50450"}],"collection":[{"href":"https:\/\/www.emmentaler.ch\/es\/wp-json\/wp\/v2\/recipes"}],"about":[{"href":"https:\/\/www.emmentaler.ch\/es\/wp-json\/wp\/v2\/types\/recipes"}],"author":[{"embeddable":true,"href":"https:\/\/www.emmentaler.ch\/es\/wp-json\/wp\/v2\/users\/2"}],"version-history":[{"count":0,"href":"https:\/\/www.emmentaler.ch\/es\/wp-json\/wp\/v2\/recipes\/50450\/revisions"}],"acf:attachment":[{"embeddable":true,"href":"https:\/\/www.emmentaler.ch\/es\/wp-json\/wp\/v2\/media\/25103"},{"embeddable":true,"href":"https:\/\/www.emmentaler.ch\/es\/wp-json\/wp\/v2\/media\/25113"},{"embeddable":true,"href":"https:\/\/www.emmentaler.ch\/es\/wp-json\/wp\/v2\/media\/25108"}],"acf:term":[{"embeddable":true,"taxonomy":"recipe_saison","href":"https:\/\/www.emmentaler.ch\/es\/wp-json\/wp\/v2\/recipe_saison\/546"},{"embeddable":true,"taxonomy":"recipe_saison","href":"https:\/\/www.emmentaler.ch\/es\/wp-json\/wp\/v2\/recipe_saison\/537"},{"embeddable":true,"taxonomy":"recipe_saison","href":"https:\/\/www.emmentaler.ch\/es\/wp-json\/wp\/v2\/recipe_saison\/530"},{"embeddable":true,"taxonomy":"recipe_saison","href":"https:\/\/www.emmentaler.ch\/es\/wp-json\/wp\/v2\/recipe_saison\/529"},{"embeddable":true,"taxonomy":"recipe_main_ingredient","href":"https:\/\/www.emmentaler.ch\/es\/wp-json\/wp\/v2\/recipe_main_ingredient\/602"},{"embeddable":true,"taxonomy":"recipe_diet_type","href":"https:\/\/www.emmentaler.ch\/es\/wp-json\/wp\/v2\/recipe_diet_type\/570"},{"embeddable":true,"taxonomy":"recipe_diet_type","href":"https:\/\/www.emmentaler.ch\/es\/wp-json\/wp\/v2\/recipe_diet_type\/569"},{"embeddable":true,"taxonomy":"recipe_difficulty","href":"https:\/\/www.emmentaler.ch\/es\/wp-json\/wp\/v2\/recipe_difficulty\/577"},{"embeddable":true,"taxonomy":"recipe_categories","href":"https:\/\/www.emmentaler.ch\/es\/wp-json\/wp\/v2\/recipe_categories\/608"},{"embeddable":true,"taxonomy":"recipe_preparation_time","href":"https:\/\/www.emmentaler.ch\/es\/wp-json\/wp\/v2\/recipe_preparation_time\/373"}],"acf:post":[{"embeddable":true,"href":"https:\/\/www.emmentaler.ch\/es\/wp-json\/wp\/v2\/pages\/65949"}],"wp:featuredmedia":[{"embeddable":true,"href":"https:\/\/www.emmentaler.ch\/es\/wp-json\/wp\/v2\/media\/50496"}],"wp:attachment":[{"href":"https:\/\/www.emmentaler.ch\/es\/wp-json\/wp\/v2\/media?parent=50450"}],"wp:term":[{"taxonomy":"post_tag","embeddable":true,"href":"https:\/\/www.emmentaler.ch\/es\/wp-json\/wp\/v2\/tags?post=50450"},{"taxonomy":"recipe_categories","embeddable":true,"href":"https:\/\/www.emmentaler.ch\/es\/wp-json\/wp\/v2\/recipe_categories?post=50450"},{"taxonomy":"et_countries","embeddable":true,"href":"https:\/\/www.emmentaler.ch\/es\/wp-json\/wp\/v2\/et_countries?post=50450"},{"taxonomy":"recipe_main_ingredient","embeddable":true,"href":"https:\/\/www.emmentaler.ch\/es\/wp-json\/wp\/v2\/recipe_main_ingredient?post=50450"},{"taxonomy":"recipe_difficulty","embeddable":true,"href":"https:\/\/www.emmentaler.ch\/es\/wp-json\/wp\/v2\/recipe_difficulty?post=50450"},{"taxonomy":"recipe_preparation_time","embeddable":true,"href":"https:\/\/www.emmentaler.ch\/es\/wp-json\/wp\/v2\/recipe_preparation_time?post=50450"},{"taxonomy":"recipe_diet_type","embeddable":true,"href":"https:\/\/www.emmentaler.ch\/es\/wp-json\/wp\/v2\/recipe_diet_type?post=50450"},{"taxonomy":"recipe_saison","embeddable":true,"href":"https:\/\/www.emmentaler.ch\/es\/wp-json\/wp\/v2\/recipe_saison?post=50450"}],"curies":[{"name":"wp","href":"https:\/\/api.w.org\/{rel}","templated":true}]}}

Bastoncitos de calabacín con salsa roja

2 calabacines de aprox. 500 g
2 huevos
½ ramito de perejil liso
1 diente de ajo
100 g queso Emmentaler AOP (D.O.P.) rallado
25 g pan rallado
un poco de cáscara de limón rallada
sal y pimienta
para la salsa:
1 chile
1 chile rojo o pimiento picante rojo
1 tomate
1 cucharada de aceite de colza
1 cucharadas de Aceto o vinagre balsámico

Primero, parte los calabacines por la mitad y córtalos en bastoncitos de 1 cm de ancho. Bate los huevos en un plato hondo y pica el perejil. Prepara otro plato y mezcla el perejil, el ajo prensado, el queso Emmentaler AOP (D.O.P.), el pan rallado y la cáscara de limón con una pizca de sal y pimienta.

Sumerge los bastoncitos de calabacín en el huevo batido y después rebózalos con la mezcla de queso y pan rallado; colócalos sobre dos bandejas con papel sulfurizado.

Ahora mete las bandejas en el horno, que previamente has calentado a 180 grados, y deja que se tuesten los bastoncitos unos 20 minutos; dales la vuelta después de 10 minutos para que se tuesten de forma homogénea.

Mientras tanto, puedes preparar la salsa. Quítale las semillas al pimiento picante y pícalo fino. Corta los pimientos picantes y el tomate en dados, mézclalos con vinagre y aceite y tritúralos con la batidora de mano, salpimienta a gusto.

Sirve los bastoncitos de calabacín con la salsa picante roja.
