{"id":50511,"date":"2022-04-27T13:42:37","date_gmt":"2022-04-27T11:42:37","guid":{"rendered":"https:\/\/www.emmentaler.ch\/rezept\/ensalada-de-quinua-con-frambuesas"},"modified":"2024-07-25T17:33:39","modified_gmt":"2024-07-25T15:33:39","slug":"ensalada-de-quinua-con-frambuesas","status":"publish","type":"recipes","link":"https:\/\/www.emmentaler.ch\/es\/recetas\/ensalada-de-quinua-con-frambuesas","title":{"rendered":"Ensalada de quinua con frambuesas"},"author":2,"featured_media":50557,"menu_order":0,"template":"","meta":{"inline_featured_image":false},"tags":[843],"recipe_categories":[619],"et_countries":[],"recipe_main_ingredient":[594],"recipe_difficulty":[577],"recipe_preparation_time":[380],"recipe_diet_type":[562,570],"recipe_saison":[537,529,538,546],"acf":{"recipe_preparation_time":380,"recipe_categories":619,"recipe_time_txt":"","recipe_type":65982,"recipe_difficulty":577,"recipe_diet_type":[562,570],"recipe_main_ingredient":[594],"recipe_saison":[529,537,538,546],"recipe_count_portions":4,"recipe_ingedients":[{"recipe_ingedients_amount":"","recipe_ingedients_unit":"g","recipe_ingedients_product":""}],"temporare_zutaten":"250 g de quinua\r\n5 dl de caldo de verduras\r\n4 cucharadas de aceite de colza\r\n3 cucharadas de vinagre de manzana\r\n2 cucharadas de zumo de lim\u00f3n\r\n1 cucharaditas de mostaza\r\n100 g de yogur\r\nsal y pimienta\r\n250 g de queso Emmentaler AOP (D.O.P.) arom\u00e1tico\r\n4-5 tallos de apio con hojas\r\n1 cucharadita de granos de pimienta rosa\r\n125 g de frambuesas","recipe_preparation":"Echa la quinua en una coladera y enju\u00e1gala con agua fr\u00eda. Despu\u00e9s hi\u00e9rvela con el caldo de verduras y deja que cueza a fuego lento unos 15 minutos. Escurre la quinua y deja que se enfr\u00ede.\r\n\r\nPara la salsa: mezcla el aceite de colza, el vinagre de manzana y el zumo de lim\u00f3n con la mostaza y el yogur y sazona la mezcla con sal y pimienta.\r\n\r\nCorta el queso Emmentaler AOP (D.O.P.) en dados peque\u00f1os y los tallos de apio en rodajitas finas. Despu\u00e9s tritura ligeramente los granos de pimienta rosa, a\u00f1ade todos los ingredientes a la salsa y m\u00e9zclalos bien.\r\n\r\nEsparce las frambuesas sobre la ensalada, que tambi\u00e9n es muy apropiada para llevar.","recipe_images":[25174,25169,25164]},"_links":{"self":[{"href":"https:\/\/www.emmentaler.ch\/es\/wp-json\/wp\/v2\/recipes\/50511"}],"collection":[{"href":"https:\/\/www.emmentaler.ch\/es\/wp-json\/wp\/v2\/recipes"}],"about":[{"href":"https:\/\/www.emmentaler.ch\/es\/wp-json\/wp\/v2\/types\/recipes"}],"author":[{"embeddable":true,"href":"https:\/\/www.emmentaler.ch\/es\/wp-json\/wp\/v2\/users\/2"}],"version-history":[{"count":1,"href":"https:\/\/www.emmentaler.ch\/es\/wp-json\/wp\/v2\/recipes\/50511\/revisions"}],"predecessor-version":[{"id":137910,"href":"https:\/\/www.emmentaler.ch\/es\/wp-json\/wp\/v2\/recipes\/50511\/revisions\/137910"}],"acf:attachment":[{"embeddable":true,"href":"https:\/\/www.emmentaler.ch\/es\/wp-json\/wp\/v2\/media\/25164"},{"embeddable":true,"href":"https:\/\/www.emmentaler.ch\/es\/wp-json\/wp\/v2\/media\/25169"},{"embeddable":true,"href":"https:\/\/www.emmentaler.ch\/es\/wp-json\/wp\/v2\/media\/25174"}],"acf:term":[{"embeddable":true,"taxonomy":"recipe_saison","href":"https:\/\/www.emmentaler.ch\/es\/wp-json\/wp\/v2\/recipe_saison\/546"},{"embeddable":true,"taxonomy":"recipe_saison","href":"https:\/\/www.emmentaler.ch\/es\/wp-json\/wp\/v2\/recipe_saison\/538"},{"embeddable":true,"taxonomy":"recipe_saison","href":"https:\/\/www.emmentaler.ch\/es\/wp-json\/wp\/v2\/recipe_saison\/537"},{"embeddable":true,"taxonomy":"recipe_saison","href":"https:\/\/www.emmentaler.ch\/es\/wp-json\/wp\/v2\/recipe_saison\/529"},{"embeddable":true,"taxonomy":"recipe_main_ingredient","href":"https:\/\/www.emmentaler.ch\/es\/wp-json\/wp\/v2\/recipe_main_ingredient\/594"},{"embeddable":true,"taxonomy":"recipe_diet_type","href":"https:\/\/www.emmentaler.ch\/es\/wp-json\/wp\/v2\/recipe_diet_type\/570"},{"embeddable":true,"taxonomy":"recipe_diet_type","href":"https:\/\/www.emmentaler.ch\/es\/wp-json\/wp\/v2\/recipe_diet_type\/562"},{"embeddable":true,"taxonomy":"recipe_difficulty","href":"https:\/\/www.emmentaler.ch\/es\/wp-json\/wp\/v2\/recipe_difficulty\/577"},{"embeddable":true,"taxonomy":"recipe_categories","href":"https:\/\/www.emmentaler.ch\/es\/wp-json\/wp\/v2\/recipe_categories\/619"},{"embeddable":true,"taxonomy":"recipe_preparation_time","href":"https:\/\/www.emmentaler.ch\/es\/wp-json\/wp\/v2\/recipe_preparation_time\/380"}],"acf:post":[{"embeddable":true,"href":"https:\/\/www.emmentaler.ch\/es\/wp-json\/wp\/v2\/pages\/65982"}],"wp:featuredmedia":[{"embeddable":true,"href":"https:\/\/www.emmentaler.ch\/es\/wp-json\/wp\/v2\/media\/50557"}],"wp:attachment":[{"href":"https:\/\/www.emmentaler.ch\/es\/wp-json\/wp\/v2\/media?parent=50511"}],"wp:term":[{"taxonomy":"post_tag","embeddable":true,"href":"https:\/\/www.emmentaler.ch\/es\/wp-json\/wp\/v2\/tags?post=50511"},{"taxonomy":"recipe_categories","embeddable":true,"href":"https:\/\/www.emmentaler.ch\/es\/wp-json\/wp\/v2\/recipe_categories?post=50511"},{"taxonomy":"et_countries","embeddable":true,"href":"https:\/\/www.emmentaler.ch\/es\/wp-json\/wp\/v2\/et_countries?post=50511"},{"taxonomy":"recipe_main_ingredient","embeddable":true,"href":"https:\/\/www.emmentaler.ch\/es\/wp-json\/wp\/v2\/recipe_main_ingredient?post=50511"},{"taxonomy":"recipe_difficulty","embeddable":true,"href":"https:\/\/www.emmentaler.ch\/es\/wp-json\/wp\/v2\/recipe_difficulty?post=50511"},{"taxonomy":"recipe_preparation_time","embeddable":true,"href":"https:\/\/www.emmentaler.ch\/es\/wp-json\/wp\/v2\/recipe_preparation_time?post=50511"},{"taxonomy":"recipe_diet_type","embeddable":true,"href":"https:\/\/www.emmentaler.ch\/es\/wp-json\/wp\/v2\/recipe_diet_type?post=50511"},{"taxonomy":"recipe_saison","embeddable":true,"href":"https:\/\/www.emmentaler.ch\/es\/wp-json\/wp\/v2\/recipe_saison?post=50511"}],"curies":[{"name":"wp","href":"https:\/\/api.w.org\/{rel}","templated":true}]}}

250 g de quinua
5 dl de caldo de verduras
4 cucharadas de aceite de colza
3 cucharadas de vinagre de manzana
2 cucharadas de zumo de limón
1 cucharaditas de mostaza
100 g de yogur
sal y pimienta
250 g de queso Emmentaler AOP (D.O.P.) aromático
4-5 tallos de apio con hojas
1 cucharadita de granos de pimienta rosa
125 g de frambuesas

Echa la quinua en una coladera y enjuágala con agua fría. Después hiérvela con el caldo de verduras y deja que cueza a fuego lento unos 15 minutos. Escurre la quinua y deja que se enfríe.

Para la salsa: mezcla el aceite de colza, el vinagre de manzana y el zumo de limón con la mostaza y el yogur y sazona la mezcla con sal y pimienta.

Corta el queso Emmentaler AOP (D.O.P.) en dados pequeños y los tallos de apio en rodajitas finas. Después tritura ligeramente los granos de pimienta rosa, añade todos los ingredientes a la salsa y mézclalos bien.

Esparce las frambuesas sobre la ensalada, que también es muy apropiada para llevar.
