{"id":50572,"date":"2022-04-27T13:42:37","date_gmt":"2022-04-27T11:42:37","guid":{"rendered":"https:\/\/www.emmentaler.ch\/rezept\/tarta-de-sandwich"},"modified":"2022-06-24T15:45:13","modified_gmt":"2022-06-24T13:45:13","slug":"tarta-de-sandwich","status":"publish","type":"recipes","link":"https:\/\/www.emmentaler.ch\/es\/recetas\/tarta-de-sandwich","title":{"rendered":"Tarta de s\u00e1ndwich"},"author":2,"featured_media":50613,"menu_order":0,"template":"","meta":{"inline_featured_image":false},"tags":[],"recipe_categories":[611],"et_countries":[],"recipe_main_ingredient":[593,602],"recipe_difficulty":[578],"recipe_preparation_time":[373],"recipe_diet_type":[],"recipe_saison":[529,561],"acf":{"recipe_preparation_time":373,"recipe_categories":611,"recipe_time_txt":"30 minutos + un par de horas en lugar fresco","recipe_type":65932,"recipe_difficulty":578,"recipe_diet_type":false,"recipe_main_ingredient":[593,602],"recipe_saison":[529,561],"recipe_count_portions":6,"recipe_ingedients":[{"recipe_ingedients_amount":"","recipe_ingedients_unit":"g","recipe_ingedients_product":""}],"temporare_zutaten":"300 g de reques\u00f3n\r\n250 g de reques\u00f3n desnatado\r\n150 g de jam\u00f3n asado\r\n2 huevos cocidos\r\n2 ramo de cebollinos\r\n150 g de queso Emmentaler AOP (D.O.P.) rallado\r\nsal y pimienta\r\n\u00bd pepino\r\n12 rebanadas de pan de molde\r\n125 g tomates cherry de varios colores\r\nNecesitas:\r\nun molde para tarta de 30 cm\r\npel\u00edcula transparente","recipe_preparation":"Mezcla el reques\u00f3n con el reques\u00f3n desnatado y separa la mitad para completar la tarta. Reparte el resto de la mezcla de reques\u00f3n en tres cuencos. Corta el jam\u00f3n en trocitos finos, pela los huevos cocidos y c\u00f3rtalos en pedacitos. Despu\u00e9s pica el ramito de cebollinos y mezcla el jam\u00f3n y el queso rallado Emmentaler AOP (D.O.P.), hasta que obtengas una masa homog\u00e9nea. Mezcla huevos y los cebollinos con el contenido del tercer cuenco y sazona las tres mezclas con sal y pimienta. Raspa el pepino en rodajas finas.\r\n\r\nReviste el molde de tarta con pel\u00edcula transparente y coloca 3 rebanadas de pan en el molde una al lado de la otra y c\u00fabrelas con la mitad de las rodajas de pepino. Esparce la mezcla de queso, c\u00fabrelas con las dem\u00e1s rodajas de pepino y tapa con otras 3 rebanadas de pan de mole. Sigue a\u00f1adiendo la mezcla de jam\u00f3n, el pan de molde, la mezcla de huevo y vuelve a cubrirlo con rebanadas de pan de molde. Tapa la tarta con pel\u00edcula transparente y col\u00f3cala en la nevera durante unas horas.\r\n\r\nSaca la tarta del molde y col\u00f3cala con cuidado sobre una bandeja. Por \u00faltimo, unta la tarta con la masa de queso restante, corta los tomates cherry por la mitad o en cuatro partes, pica los cebollinos y dec\u00f3rala antes de servirla.","recipe_images":[50593,50603,50608]},"_links":{"self":[{"href":"https:\/\/www.emmentaler.ch\/es\/wp-json\/wp\/v2\/recipes\/50572"}],"collection":[{"href":"https:\/\/www.emmentaler.ch\/es\/wp-json\/wp\/v2\/recipes"}],"about":[{"href":"https:\/\/www.emmentaler.ch\/es\/wp-json\/wp\/v2\/types\/recipes"}],"author":[{"embeddable":true,"href":"https:\/\/www.emmentaler.ch\/es\/wp-json\/wp\/v2\/users\/2"}],"version-history":[{"count":0,"href":"https:\/\/www.emmentaler.ch\/es\/wp-json\/wp\/v2\/recipes\/50572\/revisions"}],"acf:attachment":[{"embeddable":true,"href":"https:\/\/www.emmentaler.ch\/es\/wp-json\/wp\/v2\/media\/50608"},{"embeddable":true,"href":"https:\/\/www.emmentaler.ch\/es\/wp-json\/wp\/v2\/media\/50603"},{"embeddable":true,"href":"https:\/\/www.emmentaler.ch\/es\/wp-json\/wp\/v2\/media\/50593"}],"acf:term":[{"embeddable":true,"taxonomy":"recipe_saison","href":"https:\/\/www.emmentaler.ch\/es\/wp-json\/wp\/v2\/recipe_saison\/561"},{"embeddable":true,"taxonomy":"recipe_saison","href":"https:\/\/www.emmentaler.ch\/es\/wp-json\/wp\/v2\/recipe_saison\/529"},{"embeddable":true,"taxonomy":"recipe_main_ingredient","href":"https:\/\/www.emmentaler.ch\/es\/wp-json\/wp\/v2\/recipe_main_ingredient\/602"},{"embeddable":true,"taxonomy":"recipe_main_ingredient","href":"https:\/\/www.emmentaler.ch\/es\/wp-json\/wp\/v2\/recipe_main_ingredient\/593"},{"embeddable":true,"taxonomy":"recipe_difficulty","href":"https:\/\/www.emmentaler.ch\/es\/wp-json\/wp\/v2\/recipe_difficulty\/578"},{"embeddable":true,"taxonomy":"recipe_categories","href":"https:\/\/www.emmentaler.ch\/es\/wp-json\/wp\/v2\/recipe_categories\/611"},{"embeddable":true,"taxonomy":"recipe_preparation_time","href":"https:\/\/www.emmentaler.ch\/es\/wp-json\/wp\/v2\/recipe_preparation_time\/373"}],"acf:post":[{"embeddable":true,"href":"https:\/\/www.emmentaler.ch\/es\/wp-json\/wp\/v2\/pages\/65932"}],"wp:featuredmedia":[{"embeddable":true,"href":"https:\/\/www.emmentaler.ch\/es\/wp-json\/wp\/v2\/media\/50613"}],"wp:attachment":[{"href":"https:\/\/www.emmentaler.ch\/es\/wp-json\/wp\/v2\/media?parent=50572"}],"wp:term":[{"taxonomy":"post_tag","embeddable":true,"href":"https:\/\/www.emmentaler.ch\/es\/wp-json\/wp\/v2\/tags?post=50572"},{"taxonomy":"recipe_categories","embeddable":true,"href":"https:\/\/www.emmentaler.ch\/es\/wp-json\/wp\/v2\/recipe_categories?post=50572"},{"taxonomy":"et_countries","embeddable":true,"href":"https:\/\/www.emmentaler.ch\/es\/wp-json\/wp\/v2\/et_countries?post=50572"},{"taxonomy":"recipe_main_ingredient","embeddable":true,"href":"https:\/\/www.emmentaler.ch\/es\/wp-json\/wp\/v2\/recipe_main_ingredient?post=50572"},{"taxonomy":"recipe_difficulty","embeddable":true,"href":"https:\/\/www.emmentaler.ch\/es\/wp-json\/wp\/v2\/recipe_difficulty?post=50572"},{"taxonomy":"recipe_preparation_time","embeddable":true,"href":"https:\/\/www.emmentaler.ch\/es\/wp-json\/wp\/v2\/recipe_preparation_time?post=50572"},{"taxonomy":"recipe_diet_type","embeddable":true,"href":"https:\/\/www.emmentaler.ch\/es\/wp-json\/wp\/v2\/recipe_diet_type?post=50572"},{"taxonomy":"recipe_saison","embeddable":true,"href":"https:\/\/www.emmentaler.ch\/es\/wp-json\/wp\/v2\/recipe_saison?post=50572"}],"curies":[{"name":"wp","href":"https:\/\/api.w.org\/{rel}","templated":true}]}}

Tarta de sándwich

300 g de requesón
250 g de requesón desnatado
150 g de jamón asado
2 huevos cocidos
2 ramo de cebollinos
150 g de queso Emmentaler AOP (D.O.P.) rallado
sal y pimienta
½ pepino
12 rebanadas de pan de molde
125 g tomates cherry de varios colores
Necesitas:
un molde para tarta de 30 cm
película transparente

Mezcla el requesón con el requesón desnatado y separa la mitad para completar la tarta. Reparte el resto de la mezcla de requesón en tres cuencos. Corta el jamón en trocitos finos, pela los huevos cocidos y córtalos en pedacitos. Después pica el ramito de cebollinos y mezcla el jamón y el queso rallado Emmentaler AOP (D.O.P.), hasta que obtengas una masa homogénea. Mezcla huevos y los cebollinos con el contenido del tercer cuenco y sazona las tres mezclas con sal y pimienta. Raspa el pepino en rodajas finas.

Reviste el molde de tarta con película transparente y coloca 3 rebanadas de pan en el molde una al lado de la otra y cúbrelas con la mitad de las rodajas de pepino. Esparce la mezcla de queso, cúbrelas con las demás rodajas de pepino y tapa con otras 3 rebanadas de pan de mole. Sigue añadiendo la mezcla de jamón, el pan de molde, la mezcla de huevo y vuelve a cubrirlo con rebanadas de pan de molde. Tapa la tarta con película transparente y colócala en la nevera durante unas horas.

Saca la tarta del molde y colócala con cuidado sobre una bandeja. Por último, unta la tarta con la masa de queso restante, corta los tomates cherry por la mitad o en cuatro partes, pica los cebollinos y decórala antes de servirla.
