{"id":50833,"date":"2022-04-27T13:45:45","date_gmt":"2022-04-27T11:45:45","guid":{"rendered":"https:\/\/www.emmentaler.ch\/rezept\/tarta-de-cebolla-con-queso-emmentaler-aop-d-o-p"},"modified":"2022-08-12T17:48:30","modified_gmt":"2022-08-12T15:48:30","slug":"tarta-de-cebolla-con-queso-emmentaler-dop","status":"publish","type":"recipes","link":"https:\/\/www.emmentaler.ch\/es\/recetas\/tarta-de-cebolla-con-queso-emmentaler-dop","title":{"rendered":"Tarta de cebolla con queso Emmentaler DOP"},"author":2,"featured_media":50874,"menu_order":0,"template":"","meta":{"inline_featured_image":false},"tags":[],"recipe_categories":[611],"et_countries":[],"recipe_main_ingredient":[593],"recipe_difficulty":[577],"recipe_preparation_time":[377,378],"recipe_diet_type":[],"recipe_saison":[561],"acf":{"recipe_preparation_time":377,"recipe_categories":611,"recipe_time_txt":"20 minutos + 40 minutos al horno","recipe_type":65993,"recipe_difficulty":577,"recipe_diet_type":false,"recipe_main_ingredient":[593],"recipe_saison":[561],"recipe_count_portions":4,"recipe_ingedients":[{"recipe_ingedients_amount":"","recipe_ingedients_unit":"g","recipe_ingedients_product":""}],"temporare_zutaten":"500 g de cebollas\r\n75 g dados de beicon\r\n1 cucharada de aceite de colza\r\n3 dl de leche\r\n3 huevos\r\nsal, pimienta y nuez moscada\r\n250 g de queso Emmentaler AOP (D.O.P.) arom\u00e1tico\r\n1 trozo de masa redonda para tarta","recipe_preparation":"Corta la cebolla en tiras finas y reh\u00f3galas a fuego lento con los daditos de beicon en aceite. Despu\u00e9s de unos 20 minutos, ap\u00e1rtalas a un lado y deja que se enfr\u00eden.\r\n\r\nBate los huevos y la leche y saz\u00f3nalos; ralla el queso Emmentaler AOP (D.O.P.) con un rallador fino.\r\n\r\nExtiende la masa sobre la bandeja redonda, p\u00edcala con un tenedor y reparte las cebollas picadas y el queso Emmentaler AOP (D.O.P.). Agrega los huevos batidos, mete la bandeja en la ranura inferior del horno a 220 grados y deja que se tueste unos 40 minutos.","recipe_images":[25586,25581,25571]},"_links":{"self":[{"href":"https:\/\/www.emmentaler.ch\/es\/wp-json\/wp\/v2\/recipes\/50833"}],"collection":[{"href":"https:\/\/www.emmentaler.ch\/es\/wp-json\/wp\/v2\/recipes"}],"about":[{"href":"https:\/\/www.emmentaler.ch\/es\/wp-json\/wp\/v2\/types\/recipes"}],"author":[{"embeddable":true,"href":"https:\/\/www.emmentaler.ch\/es\/wp-json\/wp\/v2\/users\/2"}],"version-history":[{"count":0,"href":"https:\/\/www.emmentaler.ch\/es\/wp-json\/wp\/v2\/recipes\/50833\/revisions"}],"acf:attachment":[{"embeddable":true,"href":"https:\/\/www.emmentaler.ch\/es\/wp-json\/wp\/v2\/media\/25571"},{"embeddable":true,"href":"https:\/\/www.emmentaler.ch\/es\/wp-json\/wp\/v2\/media\/25581"},{"embeddable":true,"href":"https:\/\/www.emmentaler.ch\/es\/wp-json\/wp\/v2\/media\/25586"}],"acf:term":[{"embeddable":true,"taxonomy":"recipe_saison","href":"https:\/\/www.emmentaler.ch\/es\/wp-json\/wp\/v2\/recipe_saison\/561"},{"embeddable":true,"taxonomy":"recipe_main_ingredient","href":"https:\/\/www.emmentaler.ch\/es\/wp-json\/wp\/v2\/recipe_main_ingredient\/593"},{"embeddable":true,"taxonomy":"recipe_difficulty","href":"https:\/\/www.emmentaler.ch\/es\/wp-json\/wp\/v2\/recipe_difficulty\/577"},{"embeddable":true,"taxonomy":"recipe_categories","href":"https:\/\/www.emmentaler.ch\/es\/wp-json\/wp\/v2\/recipe_categories\/611"},{"embeddable":true,"taxonomy":"recipe_preparation_time","href":"https:\/\/www.emmentaler.ch\/es\/wp-json\/wp\/v2\/recipe_preparation_time\/377"}],"acf:post":[{"embeddable":true,"href":"https:\/\/www.emmentaler.ch\/es\/wp-json\/wp\/v2\/pages\/65993"}],"wp:featuredmedia":[{"embeddable":true,"href":"https:\/\/www.emmentaler.ch\/es\/wp-json\/wp\/v2\/media\/50874"}],"wp:attachment":[{"href":"https:\/\/www.emmentaler.ch\/es\/wp-json\/wp\/v2\/media?parent=50833"}],"wp:term":[{"taxonomy":"post_tag","embeddable":true,"href":"https:\/\/www.emmentaler.ch\/es\/wp-json\/wp\/v2\/tags?post=50833"},{"taxonomy":"recipe_categories","embeddable":true,"href":"https:\/\/www.emmentaler.ch\/es\/wp-json\/wp\/v2\/recipe_categories?post=50833"},{"taxonomy":"et_countries","embeddable":true,"href":"https:\/\/www.emmentaler.ch\/es\/wp-json\/wp\/v2\/et_countries?post=50833"},{"taxonomy":"recipe_main_ingredient","embeddable":true,"href":"https:\/\/www.emmentaler.ch\/es\/wp-json\/wp\/v2\/recipe_main_ingredient?post=50833"},{"taxonomy":"recipe_difficulty","embeddable":true,"href":"https:\/\/www.emmentaler.ch\/es\/wp-json\/wp\/v2\/recipe_difficulty?post=50833"},{"taxonomy":"recipe_preparation_time","embeddable":true,"href":"https:\/\/www.emmentaler.ch\/es\/wp-json\/wp\/v2\/recipe_preparation_time?post=50833"},{"taxonomy":"recipe_diet_type","embeddable":true,"href":"https:\/\/www.emmentaler.ch\/es\/wp-json\/wp\/v2\/recipe_diet_type?post=50833"},{"taxonomy":"recipe_saison","embeddable":true,"href":"https:\/\/www.emmentaler.ch\/es\/wp-json\/wp\/v2\/recipe_saison?post=50833"}],"curies":[{"name":"wp","href":"https:\/\/api.w.org\/{rel}","templated":true}]}}

500 g de cebollas
75 g dados de beicon
1 cucharada de aceite de colza
3 dl de leche
3 huevos
sal, pimienta y nuez moscada
250 g de queso Emmentaler AOP (D.O.P.) aromático
1 trozo de masa redonda para tarta

Corta la cebolla en tiras finas y rehógalas a fuego lento con los daditos de beicon en aceite. Después de unos 20 minutos, apártalas a un lado y deja que se enfríen.

Bate los huevos y la leche y sazónalos; ralla el queso Emmentaler AOP (D.O.P.) con un rallador fino.

Extiende la masa sobre la bandeja redonda, pícala con un tenedor y reparte las cebollas picadas y el queso Emmentaler AOP (D.O.P.). Agrega los huevos batidos, mete la bandeja en la ranura inferior del horno a 220 grados y deja que se tueste unos 40 minutos.
