{"id":50894,"date":"2022-04-27T13:34:07","date_gmt":"2022-04-27T11:34:07","guid":{"rendered":"https:\/\/www.emmentaler.ch\/rezept\/panecillos-de-harina-de-espelta-con-corteza-tostada-de-queso-emmentaler-aop-d-o-p-y-pipas-de-calabaza"},"modified":"2022-08-02T17:14:15","modified_gmt":"2022-08-02T15:14:15","slug":"panecillos-de-harina-de-espelta-con-corteza-tostada-de-queso-emmentaler-aop-d-o-p-y-pipas-de-calabaza","status":"publish","type":"recipes","link":"https:\/\/www.emmentaler.ch\/es\/recetas\/panecillos-de-harina-de-espelta-con-corteza-tostada-de-queso-emmentaler-aop-d-o-p-y-pipas-de-calabaza","title":{"rendered":"Panecillos de harina de espelta con corteza tostada de queso Emmentaler DOP y pipas de calabaza"},"author":2,"featured_media":50945,"menu_order":0,"template":"","meta":{"inline_featured_image":false},"tags":[],"recipe_categories":[608],"et_countries":[],"recipe_main_ingredient":[602],"recipe_difficulty":[578],"recipe_preparation_time":[372],"recipe_diet_type":[569,570],"recipe_saison":[561],"acf":{"recipe_preparation_time":372,"recipe_categories":608,"recipe_time_txt":"20 minutos + 30 minutos al horno","recipe_type":65949,"recipe_difficulty":578,"recipe_diet_type":[569,570],"recipe_main_ingredient":[602],"recipe_saison":[561],"recipe_count_portions":4,"recipe_ingedients":[{"recipe_ingedients_amount":"125","recipe_ingedients_unit":"g","recipe_ingedients_product":"de harina de espelta, blanca o marr\u00f3n"},{"recipe_ingedients_amount":".5","recipe_ingedients_unit":"Tl","recipe_ingedients_product":"de levadura fresca"},{"recipe_ingedients_amount":".5","recipe_ingedients_unit":"Tl","recipe_ingedients_product":"de miel"},{"recipe_ingedients_amount":"100","recipe_ingedients_unit":"ml","recipe_ingedients_product":"agua mineral templada"},{"recipe_ingedients_amount":".25","recipe_ingedients_unit":"Tl","recipe_ingedients_product":"de sal marina"},{"recipe_ingedients_amount":"12.5","recipe_ingedients_unit":"g","recipe_ingedients_product":"de pipas de calabaza, picadas"},{"recipe_ingedients_amount":"12.5","recipe_ingedients_unit":"g","recipe_ingedients_product":"queso Emmentaler DOP rallado (R\u00e9serve)"}],"temporare_zutaten":"500 g de harina de espelta, blanca o marr\u00f3n\r\n2 cucharitas de levadura fresca\r\n2 cucharitas de miel\r\n300\u2013400 ml agua mineral templada\r\n1 cucharita de sal marina\r\n50 g de pipas de calabaza, picadas\r\n50 g queso Emmentaler AOP (D.O.P.) rallado (reserva)","recipe_preparation":"Prepara la masa en un cuenco mezclando 50 g de harina, levadura, miel y 100 ml de agua mineral y remu\u00e9vela hasta que quede suave. Tapa la masa y d\u00e9jala reposar durante 30 minutos a temperatura ambiente, hasta que se formen peque\u00f1as burbujas.\r\n\r\nMezcla el resto de la harina con la sal y a\u00f1ade la masa preparada con el resto de agua, amas\u00e1ndola hasta que obtengas un trozo de masa compacto. Vuelve a cubrir la masa con un pa\u00f1o humedecido y d\u00e9jala reposar durante 2 horas hasta que doble su tama\u00f1o. Si prefieres, puedes meter la masa en una bolsita de congelaci\u00f3n y colocarla en la nevera durante la noche.\r\n\r\nAntes de moldear los panecillos, amasa durante unos minutos. Despu\u00e9s div\u00eddela en trozos de 70-80 gramos. Prepara una superficie plana y lisa con harina espolvoreada y moldea la masa en forma de bolas. Seguidamente, coloca las bolas separadas sobre una bandeja de horno con papel sulfurizado y haz un peque\u00f1o corte en forma de cruz sobre las bolas de masa.\r\n\r\nSalpica las bolas de masa con agua y roc\u00edalas bien con pipas de calabaza y queso Emmentaler AOP (D.O.P.) rallado. D\u00e9jalas reposar a temperatura ambiente durante 60 minutos. Mientras tanto, precalienta el horno a 220 grados.\r\n\r\nColoca los panecillos en la mitad de del horno y d\u00e9jalos que se cuezan durante 20 minutos. S\u00e1calos con cuidado y col\u00f3calos sobre una rejilla para reposter\u00eda para que se enfr\u00eden.\r\n\r\nSirve los panecillos con miel y mantequilla.\r\n\r\nTe recomendamos: La harina de espelta es muy el\u00e1stica, por lo que los panecillos adoptar\u00e1n una forma m\u00e1s bien plana.","recipe_images":[50920,50930,50925]},"_links":{"self":[{"href":"https:\/\/www.emmentaler.ch\/es\/wp-json\/wp\/v2\/recipes\/50894"}],"collection":[{"href":"https:\/\/www.emmentaler.ch\/es\/wp-json\/wp\/v2\/recipes"}],"about":[{"href":"https:\/\/www.emmentaler.ch\/es\/wp-json\/wp\/v2\/types\/recipes"}],"author":[{"embeddable":true,"href":"https:\/\/www.emmentaler.ch\/es\/wp-json\/wp\/v2\/users\/2"}],"version-history":[{"count":0,"href":"https:\/\/www.emmentaler.ch\/es\/wp-json\/wp\/v2\/recipes\/50894\/revisions"}],"acf:attachment":[{"embeddable":true,"href":"https:\/\/www.emmentaler.ch\/es\/wp-json\/wp\/v2\/media\/50925"},{"embeddable":true,"href":"https:\/\/www.emmentaler.ch\/es\/wp-json\/wp\/v2\/media\/50930"},{"embeddable":true,"href":"https:\/\/www.emmentaler.ch\/es\/wp-json\/wp\/v2\/media\/50920"}],"acf:term":[{"embeddable":true,"taxonomy":"recipe_saison","href":"https:\/\/www.emmentaler.ch\/es\/wp-json\/wp\/v2\/recipe_saison\/561"},{"embeddable":true,"taxonomy":"recipe_main_ingredient","href":"https:\/\/www.emmentaler.ch\/es\/wp-json\/wp\/v2\/recipe_main_ingredient\/602"},{"embeddable":true,"taxonomy":"recipe_diet_type","href":"https:\/\/www.emmentaler.ch\/es\/wp-json\/wp\/v2\/recipe_diet_type\/570"},{"embeddable":true,"taxonomy":"recipe_diet_type","href":"https:\/\/www.emmentaler.ch\/es\/wp-json\/wp\/v2\/recipe_diet_type\/569"},{"embeddable":true,"taxonomy":"recipe_difficulty","href":"https:\/\/www.emmentaler.ch\/es\/wp-json\/wp\/v2\/recipe_difficulty\/578"},{"embeddable":true,"taxonomy":"recipe_categories","href":"https:\/\/www.emmentaler.ch\/es\/wp-json\/wp\/v2\/recipe_categories\/608"},{"embeddable":true,"taxonomy":"recipe_preparation_time","href":"https:\/\/www.emmentaler.ch\/es\/wp-json\/wp\/v2\/recipe_preparation_time\/372"}],"acf:post":[{"embeddable":true,"href":"https:\/\/www.emmentaler.ch\/es\/wp-json\/wp\/v2\/pages\/65949"}],"wp:featuredmedia":[{"embeddable":true,"href":"https:\/\/www.emmentaler.ch\/es\/wp-json\/wp\/v2\/media\/50945"}],"wp:attachment":[{"href":"https:\/\/www.emmentaler.ch\/es\/wp-json\/wp\/v2\/media?parent=50894"}],"wp:term":[{"taxonomy":"post_tag","embeddable":true,"href":"https:\/\/www.emmentaler.ch\/es\/wp-json\/wp\/v2\/tags?post=50894"},{"taxonomy":"recipe_categories","embeddable":true,"href":"https:\/\/www.emmentaler.ch\/es\/wp-json\/wp\/v2\/recipe_categories?post=50894"},{"taxonomy":"et_countries","embeddable":true,"href":"https:\/\/www.emmentaler.ch\/es\/wp-json\/wp\/v2\/et_countries?post=50894"},{"taxonomy":"recipe_main_ingredient","embeddable":true,"href":"https:\/\/www.emmentaler.ch\/es\/wp-json\/wp\/v2\/recipe_main_ingredient?post=50894"},{"taxonomy":"recipe_difficulty","embeddable":true,"href":"https:\/\/www.emmentaler.ch\/es\/wp-json\/wp\/v2\/recipe_difficulty?post=50894"},{"taxonomy":"recipe_preparation_time","embeddable":true,"href":"https:\/\/www.emmentaler.ch\/es\/wp-json\/wp\/v2\/recipe_preparation_time?post=50894"},{"taxonomy":"recipe_diet_type","embeddable":true,"href":"https:\/\/www.emmentaler.ch\/es\/wp-json\/wp\/v2\/recipe_diet_type?post=50894"},{"taxonomy":"recipe_saison","embeddable":true,"href":"https:\/\/www.emmentaler.ch\/es\/wp-json\/wp\/v2\/recipe_saison?post=50894"}],"curies":[{"name":"wp","href":"https:\/\/api.w.org\/{rel}","templated":true}]}}

de harina de espelta, blanca o marrón

queso Emmentaler DOP rallado (Réserve)

500 g de harina de espelta, blanca o marrón
2 cucharitas de levadura fresca
2 cucharitas de miel
300–400 ml agua mineral templada
1 cucharita de sal marina
50 g de pipas de calabaza, picadas
50 g queso Emmentaler AOP (D.O.P.) rallado (reserva)

Prepara la masa en un cuenco mezclando 50 g de harina, levadura, miel y 100 ml de agua mineral y remuévela hasta que quede suave. Tapa la masa y déjala reposar durante 30 minutos a temperatura ambiente, hasta que se formen pequeñas burbujas.

Mezcla el resto de la harina con la sal y añade la masa preparada con el resto de agua, amasándola hasta que obtengas un trozo de masa compacto. Vuelve a cubrir la masa con un paño humedecido y déjala reposar durante 2 horas hasta que doble su tamaño. Si prefieres, puedes meter la masa en una bolsita de congelación y colocarla en la nevera durante la noche.

Antes de moldear los panecillos, amasa durante unos minutos. Después divídela en trozos de 70-80 gramos. Prepara una superficie plana y lisa con harina espolvoreada y moldea la masa en forma de bolas. Seguidamente, coloca las bolas separadas sobre una bandeja de horno con papel sulfurizado y haz un pequeño corte en forma de cruz sobre las bolas de masa.

Salpica las bolas de masa con agua y rocíalas bien con pipas de calabaza y queso Emmentaler AOP (D.O.P.) rallado. Déjalas reposar a temperatura ambiente durante 60 minutos. Mientras tanto, precalienta el horno a 220 grados.

Coloca los panecillos en la mitad de del horno y déjalos que se cuezan durante 20 minutos. Sácalos con cuidado y colócalos sobre una rejilla para repostería para que se enfríen.

Sirve los panecillos con miel y mantequilla.

Te recomendamos: La harina de espelta es muy elástica, por lo que los panecillos adoptarán una forma más bien plana.
