{"id":50955,"date":"2022-04-27T13:34:07","date_gmt":"2022-04-27T11:34:07","guid":{"rendered":"https:\/\/www.emmentaler.ch\/rezept\/risotto-de-espelta-con-queso-emmentaler-aop-d-o-p"},"modified":"2022-05-23T17:47:54","modified_gmt":"2022-05-23T15:47:54","slug":"risotto-de-espelta-con-queso-emmentaler-aop-d-o-p","status":"publish","type":"recipes","link":"https:\/\/www.emmentaler.ch\/es\/recetas\/risotto-de-espelta-con-queso-emmentaler-aop-d-o-p","title":{"rendered":"Risotto de espelta con queso Emmentaler DOP"},"author":2,"featured_media":50996,"menu_order":0,"template":"","meta":{"inline_featured_image":false},"tags":[],"recipe_categories":[619],"et_countries":[],"recipe_main_ingredient":[602],"recipe_difficulty":[578],"recipe_preparation_time":[400],"recipe_diet_type":[570],"recipe_saison":[561],"acf":{"recipe_preparation_time":400,"recipe_categories":619,"recipe_time_txt":"70min + 15 minutos al horno","recipe_type":5203,"recipe_difficulty":578,"recipe_diet_type":[570],"recipe_main_ingredient":[602],"recipe_saison":[561],"recipe_count_portions":4,"recipe_ingedients":[{"recipe_ingedients_amount":"87.5","recipe_ingedients_unit":"g","recipe_ingedients_product":"arroz de espelta o arroz integral (grano mediano o redondo para risotto)"},{"recipe_ingedients_amount":"200","recipe_ingedients_unit":"g","recipe_ingedients_product":"d\u00e1tiles o tomates cereza"},{"recipe_ingedients_amount":"0.5","recipe_ingedients_unit":"St\u00fcck","recipe_ingedients_product":"dientes de ajo"},{"recipe_ingedients_amount":"0.5","recipe_ingedients_unit":"St\u00fcck","recipe_ingedients_product":"ramitos de or\u00e9gano"},{"recipe_ingedients_amount":"0.25","recipe_ingedients_unit":"St\u00fcck","recipe_ingedients_product":"ramito de perejil"},{"recipe_ingedients_amount":"0.25","recipe_ingedients_unit":"El","recipe_ingedients_product":"alcaparras"},{"recipe_ingedients_amount":"1","recipe_ingedients_unit":"El","recipe_ingedients_product":"aceite de oliva"},{"recipe_ingedients_amount":"200","recipe_ingedients_unit":"ml","recipe_ingedients_product":"caldo de pollo (caliente)"},{"recipe_ingedients_amount":"0.5","recipe_ingedients_unit":"El","recipe_ingedients_product":"aceite de oliva"},{"recipe_ingedients_amount":"0.5","recipe_ingedients_unit":"El","recipe_ingedients_product":"mantequilla"},{"recipe_ingedients_amount":"0.25","recipe_ingedients_unit":"St\u00fcck","recipe_ingedients_product":""},{"recipe_ingedients_amount":"25","recipe_ingedients_unit":"ml","recipe_ingedients_product":""},{"recipe_ingedients_amount":"25","recipe_ingedients_unit":"g","recipe_ingedients_product":""}],"temporare_zutaten":"350 g de arroz de espelta o arroz integral (grano mediano o redondo para risotto)\r\n800 g de d\u00e1tiles o tomates cereza\r\n2 dientes de ajo\r\n2 ramitos de or\u00e9gano\r\n1 ramito de perejil\r\n1 cucharada de alcaparras\r\n4 cucharadas de aceite de oliva\r\nunos 800 ml de caldo de pollo (caliente)\r\n2 cucharadas de aceite de oliva\r\n2 cucharadas de mantequilla\r\n1 cebolla roja mediana, picada\r\n100 ml vino blanco seco (helado)\r\n100 g de queso suizo Emmentaler AOP (D.O.P.) arom\u00e1tico (rallado grueso)","recipe_preparation":"La noche anterior, pon a remojo en agua fr\u00eda el arroz de espelta o arroz integral y tapa el cuenco con un pa\u00f1o.\r\n\r\nPrecalienta el horno a 200 grados. Mezcla los tomates con el ajo, las hierbas, las alcaparras y el aceite de oliva y esparce la mezcla sobre una bandeja de horno con papel sulfurizado. Mete la bandeja en la mitad del horno durante aprox. 50 minutos, hasta que se tueste ligeramente. Saca la bandeja y mezcla la mitad de los tomates con el caldo de pollo, despu\u00e9s reh\u00f3galos en una sart\u00e9n a fuego lento.\r\n\r\nA continuaci\u00f3n, cuela el arroz de espelta o el arroz integral y esc\u00farrelo bien. Mientras tanto, calienta el aceite de oliva y una cucharada de mantequilla. A\u00f1ade la cebolla y d\u00e9jala estofar durante unos minutos hasta que adquiera un aspecto transparente. Agrega la espelta o el arroz y d\u00e9jalo estofar, removi\u00e9ndolo con el cuchar\u00f3n. A\u00f1ade el caldo con los tomates y d\u00e9jalo rehogar durante 50-60 minutos. Despu\u00e9s echa el resto de la mantequilla, tapa la sart\u00e9n, ret\u00edrala de la hornilla y deja reposar durante 5 minutos. Sirve el risotto con queso Emmentaler AOP (D.O.P.) y el resto de los tomates tostados.\r\n\r\nTe recomendamos: Si utilizas la olla de vapor, el tiempo de cocci\u00f3n del risotto de espelta se reduce unos 20 minutos.","recipe_images":[50976,50981,50986,50991]},"_links":{"self":[{"href":"https:\/\/www.emmentaler.ch\/es\/wp-json\/wp\/v2\/recipes\/50955"}],"collection":[{"href":"https:\/\/www.emmentaler.ch\/es\/wp-json\/wp\/v2\/recipes"}],"about":[{"href":"https:\/\/www.emmentaler.ch\/es\/wp-json\/wp\/v2\/types\/recipes"}],"author":[{"embeddable":true,"href":"https:\/\/www.emmentaler.ch\/es\/wp-json\/wp\/v2\/users\/2"}],"version-history":[{"count":0,"href":"https:\/\/www.emmentaler.ch\/es\/wp-json\/wp\/v2\/recipes\/50955\/revisions"}],"acf:attachment":[{"embeddable":true,"href":"https:\/\/www.emmentaler.ch\/es\/wp-json\/wp\/v2\/media\/50991"},{"embeddable":true,"href":"https:\/\/www.emmentaler.ch\/es\/wp-json\/wp\/v2\/media\/50986"},{"embeddable":true,"href":"https:\/\/www.emmentaler.ch\/es\/wp-json\/wp\/v2\/media\/50981"},{"embeddable":true,"href":"https:\/\/www.emmentaler.ch\/es\/wp-json\/wp\/v2\/media\/50976"}],"acf:term":[{"embeddable":true,"taxonomy":"recipe_saison","href":"https:\/\/www.emmentaler.ch\/es\/wp-json\/wp\/v2\/recipe_saison\/561"},{"embeddable":true,"taxonomy":"recipe_main_ingredient","href":"https:\/\/www.emmentaler.ch\/es\/wp-json\/wp\/v2\/recipe_main_ingredient\/602"},{"embeddable":true,"taxonomy":"recipe_diet_type","href":"https:\/\/www.emmentaler.ch\/es\/wp-json\/wp\/v2\/recipe_diet_type\/570"},{"embeddable":true,"taxonomy":"recipe_difficulty","href":"https:\/\/www.emmentaler.ch\/es\/wp-json\/wp\/v2\/recipe_difficulty\/578"},{"embeddable":true,"taxonomy":"recipe_categories","href":"https:\/\/www.emmentaler.ch\/es\/wp-json\/wp\/v2\/recipe_categories\/619"},{"embeddable":true,"taxonomy":"recipe_preparation_time","href":"https:\/\/www.emmentaler.ch\/es\/wp-json\/wp\/v2\/recipe_preparation_time\/400"}],"acf:post":[{"embeddable":true,"href":"https:\/\/www.emmentaler.ch\/es\/wp-json\/wp\/v2\/pages\/5203"}],"wp:featuredmedia":[{"embeddable":true,"href":"https:\/\/www.emmentaler.ch\/es\/wp-json\/wp\/v2\/media\/50996"}],"wp:attachment":[{"href":"https:\/\/www.emmentaler.ch\/es\/wp-json\/wp\/v2\/media?parent=50955"}],"wp:term":[{"taxonomy":"post_tag","embeddable":true,"href":"https:\/\/www.emmentaler.ch\/es\/wp-json\/wp\/v2\/tags?post=50955"},{"taxonomy":"recipe_categories","embeddable":true,"href":"https:\/\/www.emmentaler.ch\/es\/wp-json\/wp\/v2\/recipe_categories?post=50955"},{"taxonomy":"et_countries","embeddable":true,"href":"https:\/\/www.emmentaler.ch\/es\/wp-json\/wp\/v2\/et_countries?post=50955"},{"taxonomy":"recipe_main_ingredient","embeddable":true,"href":"https:\/\/www.emmentaler.ch\/es\/wp-json\/wp\/v2\/recipe_main_ingredient?post=50955"},{"taxonomy":"recipe_difficulty","embeddable":true,"href":"https:\/\/www.emmentaler.ch\/es\/wp-json\/wp\/v2\/recipe_difficulty?post=50955"},{"taxonomy":"recipe_preparation_time","embeddable":true,"href":"https:\/\/www.emmentaler.ch\/es\/wp-json\/wp\/v2\/recipe_preparation_time?post=50955"},{"taxonomy":"recipe_diet_type","embeddable":true,"href":"https:\/\/www.emmentaler.ch\/es\/wp-json\/wp\/v2\/recipe_diet_type?post=50955"},{"taxonomy":"recipe_saison","embeddable":true,"href":"https:\/\/www.emmentaler.ch\/es\/wp-json\/wp\/v2\/recipe_saison?post=50955"}],"curies":[{"name":"wp","href":"https:\/\/api.w.org\/{rel}","templated":true}]}}

dátiles o tomates cereza

Stück

ramitos de orégano

350 g de arroz de espelta o arroz integral (grano mediano o redondo para risotto)
800 g de dátiles o tomates cereza
2 dientes de ajo
2 ramitos de orégano
1 ramito de perejil
1 cucharada de alcaparras
4 cucharadas de aceite de oliva
unos 800 ml de caldo de pollo (caliente)
2 cucharadas de aceite de oliva
2 cucharadas de mantequilla
1 cebolla roja mediana, picada
100 ml vino blanco seco (helado)
100 g de queso suizo Emmentaler AOP (D.O.P.) aromático (rallado grueso)

La noche anterior, pon a remojo en agua fría el arroz de espelta o arroz integral y tapa el cuenco con un paño.

Precalienta el horno a 200 grados. Mezcla los tomates con el ajo, las hierbas, las alcaparras y el aceite de oliva y esparce la mezcla sobre una bandeja de horno con papel sulfurizado. Mete la bandeja en la mitad del horno durante aprox. 50 minutos, hasta que se tueste ligeramente. Saca la bandeja y mezcla la mitad de los tomates con el caldo de pollo, después rehógalos en una sartén a fuego lento.

A continuación, cuela el arroz de espelta o el arroz integral y escúrrelo bien. Mientras tanto, calienta el aceite de oliva y una cucharada de mantequilla. Añade la cebolla y déjala estofar durante unos minutos hasta que adquiera un aspecto transparente. Agrega la espelta o el arroz y déjalo estofar, removiéndolo con el cucharón. Añade el caldo con los tomates y déjalo rehogar durante 50-60 minutos. Después echa el resto de la mantequilla, tapa la sartén, retírala de la hornilla y deja reposar durante 5 minutos. Sirve el risotto con queso Emmentaler AOP (D.O.P.) y el resto de los tomates tostados.

Te recomendamos: Si utilizas la olla de vapor, el tiempo de cocción del risotto de espelta se reduce unos 20 minutos.
