{"id":51016,"date":"2022-04-27T13:35:02","date_gmt":"2022-04-27T11:35:02","guid":{"rendered":"https:\/\/www.emmentaler.ch\/rezept\/queso-suizo-emmentaler-aop-d-o-p-con-chutney-de-frutas-y-nueces-con-miel"},"modified":"2022-06-27T14:45:20","modified_gmt":"2022-06-27T12:45:20","slug":"queso-suizo-emmentaler-aop-d-o-p-con-chutney-de-frutas-y-nueces-con-miel","status":"publish","type":"recipes","link":"https:\/\/www.emmentaler.ch\/es\/recetas\/queso-suizo-emmentaler-aop-d-o-p-con-chutney-de-frutas-y-nueces-con-miel","title":{"rendered":"Queso suizo Emmentaler DOP con chutney de frutas y nueces con miel"},"author":2,"featured_media":51047,"menu_order":0,"template":"","meta":{"inline_featured_image":false},"tags":[],"recipe_categories":[608],"et_countries":[],"recipe_main_ingredient":[594,602],"recipe_difficulty":[577],"recipe_preparation_time":[372],"recipe_diet_type":[569,570],"recipe_saison":[530,561],"acf":{"recipe_preparation_time":372,"recipe_categories":608,"recipe_time_txt":"20 minutos + 30 minutos al horno","recipe_type":65967,"recipe_difficulty":577,"recipe_diet_type":[569,570],"recipe_main_ingredient":[594,602],"recipe_saison":[530,561],"recipe_count_portions":5,"recipe_ingedients":[{"recipe_ingedients_amount":"","recipe_ingedients_unit":"g","recipe_ingedients_product":""}],"temporare_zutaten":"500 g queso Emmentaler AOP (D.O.P.) curado en cueva\r\nChutney de frutas:\r\n500 g de ruibarbo o frutas de temporada\r\n250 ml cerveza de trigo\r\n150 g de az\u00facar\r\n1 cucharadita de granos de mostaza\r\n200 g de nueces\r\n2 cucharaditas de manteca l\u00edquida para fre\u00edr\r\n3 cucharadas de miel l\u00edquida","recipe_preparation":"Comienza cortando el ruibarbo en trocitos. Despu\u00e9s cuece durante unos minutos la cerveza, el az\u00facar y los granos de mostaza. A\u00f1ade el ruibarbo, sigue coci\u00e9ndolo unos minutos, s\u00e1calo y col\u00f3calo en un plato. Sigue cociendo el caldo hasta que se reduzca a la mitad. Vuelve a a\u00f1adir el ruibarbo y deja cocer a fuego lento unos 10 minutos. Ll\u00e9nalo en vasos lavados en agua hirviendo y t\u00e1palos. Si los guardas bien cerrados en el refrigerador se conservan unas 2-3 semanas.\r\n\r\nSeguidamente, precalienta el horno a 200 grados. Reparte las nueces sobre una bandeja de horno con papel sulfurizado. Salp\u00edcalas con manteca l\u00edquida y miel, y m\u00e9zclalas. M\u00e9telas en la mitad del horno, d\u00e1ndoles la vuelta, para que se tuesten por ambas caras. Despu\u00e9s de 8-10 minutos, s\u00e1calas y deja que se enfr\u00eden.\r\n\r\nSirve el queso Emmentaler AOP (D.O.P.) con chutney de ruibarbo y nueces con miel.","recipe_images":[20711,20716]},"_links":{"self":[{"href":"https:\/\/www.emmentaler.ch\/es\/wp-json\/wp\/v2\/recipes\/51016"}],"collection":[{"href":"https:\/\/www.emmentaler.ch\/es\/wp-json\/wp\/v2\/recipes"}],"about":[{"href":"https:\/\/www.emmentaler.ch\/es\/wp-json\/wp\/v2\/types\/recipes"}],"author":[{"embeddable":true,"href":"https:\/\/www.emmentaler.ch\/es\/wp-json\/wp\/v2\/users\/2"}],"version-history":[{"count":0,"href":"https:\/\/www.emmentaler.ch\/es\/wp-json\/wp\/v2\/recipes\/51016\/revisions"}],"acf:attachment":[{"embeddable":true,"href":"https:\/\/www.emmentaler.ch\/es\/wp-json\/wp\/v2\/media\/20716"},{"embeddable":true,"href":"https:\/\/www.emmentaler.ch\/es\/wp-json\/wp\/v2\/media\/20711"}],"acf:term":[{"embeddable":true,"taxonomy":"recipe_saison","href":"https:\/\/www.emmentaler.ch\/es\/wp-json\/wp\/v2\/recipe_saison\/561"},{"embeddable":true,"taxonomy":"recipe_saison","href":"https:\/\/www.emmentaler.ch\/es\/wp-json\/wp\/v2\/recipe_saison\/530"},{"embeddable":true,"taxonomy":"recipe_main_ingredient","href":"https:\/\/www.emmentaler.ch\/es\/wp-json\/wp\/v2\/recipe_main_ingredient\/602"},{"embeddable":true,"taxonomy":"recipe_main_ingredient","href":"https:\/\/www.emmentaler.ch\/es\/wp-json\/wp\/v2\/recipe_main_ingredient\/594"},{"embeddable":true,"taxonomy":"recipe_diet_type","href":"https:\/\/www.emmentaler.ch\/es\/wp-json\/wp\/v2\/recipe_diet_type\/570"},{"embeddable":true,"taxonomy":"recipe_diet_type","href":"https:\/\/www.emmentaler.ch\/es\/wp-json\/wp\/v2\/recipe_diet_type\/569"},{"embeddable":true,"taxonomy":"recipe_difficulty","href":"https:\/\/www.emmentaler.ch\/es\/wp-json\/wp\/v2\/recipe_difficulty\/577"},{"embeddable":true,"taxonomy":"recipe_categories","href":"https:\/\/www.emmentaler.ch\/es\/wp-json\/wp\/v2\/recipe_categories\/608"},{"embeddable":true,"taxonomy":"recipe_preparation_time","href":"https:\/\/www.emmentaler.ch\/es\/wp-json\/wp\/v2\/recipe_preparation_time\/372"}],"acf:post":[{"embeddable":true,"href":"https:\/\/www.emmentaler.ch\/es\/wp-json\/wp\/v2\/pages\/65967"}],"wp:featuredmedia":[{"embeddable":true,"href":"https:\/\/www.emmentaler.ch\/es\/wp-json\/wp\/v2\/media\/51047"}],"wp:attachment":[{"href":"https:\/\/www.emmentaler.ch\/es\/wp-json\/wp\/v2\/media?parent=51016"}],"wp:term":[{"taxonomy":"post_tag","embeddable":true,"href":"https:\/\/www.emmentaler.ch\/es\/wp-json\/wp\/v2\/tags?post=51016"},{"taxonomy":"recipe_categories","embeddable":true,"href":"https:\/\/www.emmentaler.ch\/es\/wp-json\/wp\/v2\/recipe_categories?post=51016"},{"taxonomy":"et_countries","embeddable":true,"href":"https:\/\/www.emmentaler.ch\/es\/wp-json\/wp\/v2\/et_countries?post=51016"},{"taxonomy":"recipe_main_ingredient","embeddable":true,"href":"https:\/\/www.emmentaler.ch\/es\/wp-json\/wp\/v2\/recipe_main_ingredient?post=51016"},{"taxonomy":"recipe_difficulty","embeddable":true,"href":"https:\/\/www.emmentaler.ch\/es\/wp-json\/wp\/v2\/recipe_difficulty?post=51016"},{"taxonomy":"recipe_preparation_time","embeddable":true,"href":"https:\/\/www.emmentaler.ch\/es\/wp-json\/wp\/v2\/recipe_preparation_time?post=51016"},{"taxonomy":"recipe_diet_type","embeddable":true,"href":"https:\/\/www.emmentaler.ch\/es\/wp-json\/wp\/v2\/recipe_diet_type?post=51016"},{"taxonomy":"recipe_saison","embeddable":true,"href":"https:\/\/www.emmentaler.ch\/es\/wp-json\/wp\/v2\/recipe_saison?post=51016"}],"curies":[{"name":"wp","href":"https:\/\/api.w.org\/{rel}","templated":true}]}}

500 g queso Emmentaler AOP (D.O.P.) curado en cueva
Chutney de frutas:
500 g de ruibarbo o frutas de temporada
250 ml cerveza de trigo
150 g de azúcar
1 cucharadita de granos de mostaza
200 g de nueces
2 cucharaditas de manteca líquida para freír
3 cucharadas de miel líquida

Comienza cortando el ruibarbo en trocitos. Después cuece durante unos minutos la cerveza, el azúcar y los granos de mostaza. Añade el ruibarbo, sigue cociéndolo unos minutos, sácalo y colócalo en un plato. Sigue cociendo el caldo hasta que se reduzca a la mitad. Vuelve a añadir el ruibarbo y deja cocer a fuego lento unos 10 minutos. Llénalo en vasos lavados en agua hirviendo y tápalos. Si los guardas bien cerrados en el refrigerador se conservan unas 2-3 semanas.

Seguidamente, precalienta el horno a 200 grados. Reparte las nueces sobre una bandeja de horno con papel sulfurizado. Salpícalas con manteca líquida y miel, y mézclalas. Mételas en la mitad del horno, dándoles la vuelta, para que se tuesten por ambas caras. Después de 8-10 minutos, sácalas y deja que se enfríen.

Sirve el queso Emmentaler AOP (D.O.P.) con chutney de ruibarbo y nueces con miel.
