{"id":51062,"date":"2022-04-27T13:35:02","date_gmt":"2022-04-27T11:35:02","guid":{"rendered":"https:\/\/www.emmentaler.ch\/rezept\/queso-emmentaler-aop-d-o-p-con-trocitos-de-sandia"},"modified":"2022-06-27T14:50:29","modified_gmt":"2022-06-27T12:50:29","slug":"queso-emmentaler-aop-d-o-p-con-trocitos-de-sandia","status":"publish","type":"recipes","link":"https:\/\/www.emmentaler.ch\/es\/recetas\/queso-emmentaler-aop-d-o-p-con-trocitos-de-sandia","title":{"rendered":"Queso Emmentaler DOP con trocitos de sand\u00eda"},"author":2,"featured_media":51103,"menu_order":0,"template":"","meta":{"inline_featured_image":false},"tags":[],"recipe_categories":[608],"et_countries":[],"recipe_main_ingredient":[594],"recipe_difficulty":[577],"recipe_preparation_time":[372],"recipe_diet_type":[562,569,570],"recipe_saison":[],"acf":{"recipe_preparation_time":372,"recipe_categories":608,"recipe_time_txt":"20 minutos + 30 minutos al horno","recipe_type":65947,"recipe_difficulty":577,"recipe_diet_type":[562,569,570],"recipe_main_ingredient":[594],"recipe_saison":false,"recipe_count_portions":4,"recipe_ingedients":[{"recipe_ingedients_amount":"","recipe_ingedients_unit":"g","recipe_ingedients_product":""}],"temporare_zutaten":"12 dados grandes de queso Emmentaler AOP (D.O.P.) de 2 \u00d7 2 cm\r\nGalletitas saldas o \u201ccrackers\u201d\r\n\u201cPickles\u201d de sand\u00eda:\r\n\u00bc de sand\u00eda\r\n200 ml de vinagre de manzana\r\n200 ml de agua\r\n150 g de az\u00facar\r\n2\u20133 trocitos de jengibre garrapi\u00f1ado\r\n4 cucharaditas de sal marina\r\n1 cucharadita de copos de chile\r\n1 cucharadita de granos de pimienta de Jamaica o pimienta inglesa\r\n1 trocito de an\u00eds estrella","recipe_preparation":"Primero corta la sand\u00eda en rodajas. Corta la c\u00e1scara de la sand\u00eda hasta 5 mm y envuelve los trozos de sand\u00eda en pel\u00edcula transparente y col\u00f3calos en un lugar frio.\r\n\r\nDespu\u00e9s pela la c\u00e1scara con el pelador y c\u00f3rtala en trozos de 2 cm. Cuece el vinagre de manzana, el agua, el az\u00facar, el jengibre, la sal y las especias durante 10 minutos a fuego lento. Retira la sart\u00e9n de la hornilla y deja que se enfr\u00ede durante 30 minutos.\r\n\r\nMete los trozos de c\u00e1scara en vasos lavados en agua hirviendo y vuelve a cocer el caldo. Vierte el caldo hirviendo dentro de los vasos y ci\u00e9rralos bien. Deja que se enfr\u00ede debajo de un pa\u00f1o. Si guardas los vasos bien cerrados en la nevera, se conservan unas 2-3 semanas.\r\n\r\nPica los trocitos de sand\u00eda sobre los dados de queso Emmentaler AOP (D.O.P.) y s\u00edrvelos con galletitas saladas y sand\u00eda fresca.","recipe_images":[20757,20762]},"_links":{"self":[{"href":"https:\/\/www.emmentaler.ch\/es\/wp-json\/wp\/v2\/recipes\/51062"}],"collection":[{"href":"https:\/\/www.emmentaler.ch\/es\/wp-json\/wp\/v2\/recipes"}],"about":[{"href":"https:\/\/www.emmentaler.ch\/es\/wp-json\/wp\/v2\/types\/recipes"}],"author":[{"embeddable":true,"href":"https:\/\/www.emmentaler.ch\/es\/wp-json\/wp\/v2\/users\/2"}],"version-history":[{"count":0,"href":"https:\/\/www.emmentaler.ch\/es\/wp-json\/wp\/v2\/recipes\/51062\/revisions"}],"acf:attachment":[{"embeddable":true,"href":"https:\/\/www.emmentaler.ch\/es\/wp-json\/wp\/v2\/media\/20762"},{"embeddable":true,"href":"https:\/\/www.emmentaler.ch\/es\/wp-json\/wp\/v2\/media\/20757"}],"acf:term":[{"embeddable":true,"taxonomy":"recipe_main_ingredient","href":"https:\/\/www.emmentaler.ch\/es\/wp-json\/wp\/v2\/recipe_main_ingredient\/594"},{"embeddable":true,"taxonomy":"recipe_diet_type","href":"https:\/\/www.emmentaler.ch\/es\/wp-json\/wp\/v2\/recipe_diet_type\/570"},{"embeddable":true,"taxonomy":"recipe_diet_type","href":"https:\/\/www.emmentaler.ch\/es\/wp-json\/wp\/v2\/recipe_diet_type\/569"},{"embeddable":true,"taxonomy":"recipe_diet_type","href":"https:\/\/www.emmentaler.ch\/es\/wp-json\/wp\/v2\/recipe_diet_type\/562"},{"embeddable":true,"taxonomy":"recipe_difficulty","href":"https:\/\/www.emmentaler.ch\/es\/wp-json\/wp\/v2\/recipe_difficulty\/577"},{"embeddable":true,"taxonomy":"recipe_categories","href":"https:\/\/www.emmentaler.ch\/es\/wp-json\/wp\/v2\/recipe_categories\/608"},{"embeddable":true,"taxonomy":"recipe_preparation_time","href":"https:\/\/www.emmentaler.ch\/es\/wp-json\/wp\/v2\/recipe_preparation_time\/372"}],"acf:post":[{"embeddable":true,"href":"https:\/\/www.emmentaler.ch\/es\/wp-json\/wp\/v2\/pages\/65947"}],"wp:featuredmedia":[{"embeddable":true,"href":"https:\/\/www.emmentaler.ch\/es\/wp-json\/wp\/v2\/media\/51103"}],"wp:attachment":[{"href":"https:\/\/www.emmentaler.ch\/es\/wp-json\/wp\/v2\/media?parent=51062"}],"wp:term":[{"taxonomy":"post_tag","embeddable":true,"href":"https:\/\/www.emmentaler.ch\/es\/wp-json\/wp\/v2\/tags?post=51062"},{"taxonomy":"recipe_categories","embeddable":true,"href":"https:\/\/www.emmentaler.ch\/es\/wp-json\/wp\/v2\/recipe_categories?post=51062"},{"taxonomy":"et_countries","embeddable":true,"href":"https:\/\/www.emmentaler.ch\/es\/wp-json\/wp\/v2\/et_countries?post=51062"},{"taxonomy":"recipe_main_ingredient","embeddable":true,"href":"https:\/\/www.emmentaler.ch\/es\/wp-json\/wp\/v2\/recipe_main_ingredient?post=51062"},{"taxonomy":"recipe_difficulty","embeddable":true,"href":"https:\/\/www.emmentaler.ch\/es\/wp-json\/wp\/v2\/recipe_difficulty?post=51062"},{"taxonomy":"recipe_preparation_time","embeddable":true,"href":"https:\/\/www.emmentaler.ch\/es\/wp-json\/wp\/v2\/recipe_preparation_time?post=51062"},{"taxonomy":"recipe_diet_type","embeddable":true,"href":"https:\/\/www.emmentaler.ch\/es\/wp-json\/wp\/v2\/recipe_diet_type?post=51062"},{"taxonomy":"recipe_saison","embeddable":true,"href":"https:\/\/www.emmentaler.ch\/es\/wp-json\/wp\/v2\/recipe_saison?post=51062"}],"curies":[{"name":"wp","href":"https:\/\/api.w.org\/{rel}","templated":true}]}}

Queso Emmentaler DOP con trocitos de sandía

12 dados grandes de queso Emmentaler AOP (D.O.P.) de 2 × 2 cm
Galletitas saldas o “crackers”
“Pickles” de sandía:
¼ de sandía
200 ml de vinagre de manzana
200 ml de agua
150 g de azúcar
2–3 trocitos de jengibre garrapiñado
4 cucharaditas de sal marina
1 cucharadita de copos de chile
1 cucharadita de granos de pimienta de Jamaica o pimienta inglesa
1 trocito de anís estrella

Primero corta la sandía en rodajas. Corta la cáscara de la sandía hasta 5 mm y envuelve los trozos de sandía en película transparente y colócalos en un lugar frio.

Después pela la cáscara con el pelador y córtala en trozos de 2 cm. Cuece el vinagre de manzana, el agua, el azúcar, el jengibre, la sal y las especias durante 10 minutos a fuego lento. Retira la sartén de la hornilla y deja que se enfríe durante 30 minutos.

Mete los trozos de cáscara en vasos lavados en agua hirviendo y vuelve a cocer el caldo. Vierte el caldo hirviendo dentro de los vasos y ciérralos bien. Deja que se enfríe debajo de un paño. Si guardas los vasos bien cerrados en la nevera, se conservan unas 2-3 semanas.

Pica los trocitos de sandía sobre los dados de queso Emmentaler AOP (D.O.P.) y sírvelos con galletitas saladas y sandía fresca.
