{"id":51108,"date":"2022-04-27T13:35:02","date_gmt":"2022-04-27T11:35:02","guid":{"rendered":"https:\/\/www.emmentaler.ch\/rezept\/rebanadas-de-pan-moreno-con-queso-emmentaler-aop-d-o-p-y-compota-de-albaricoque"},"modified":"2022-06-27T15:00:17","modified_gmt":"2022-06-27T13:00:17","slug":"rebanadas-de-pan-moreno-con-queso-emmentaler-aop-d-o-p-y-compota-de-albaricoque","status":"publish","type":"recipes","link":"https:\/\/www.emmentaler.ch\/es\/recetas\/rebanadas-de-pan-moreno-con-queso-emmentaler-aop-d-o-p-y-compota-de-albaricoque","title":{"rendered":"Rebanadas de pan moreno con queso Emmentaler DOP y compota de albaricoque"},"author":2,"featured_media":51164,"menu_order":0,"template":"","meta":{"inline_featured_image":false},"tags":[],"recipe_categories":[608],"et_countries":[],"recipe_main_ingredient":[594],"recipe_difficulty":[578],"recipe_preparation_time":[373],"recipe_diet_type":[570],"recipe_saison":[546],"acf":{"recipe_preparation_time":373,"recipe_categories":608,"recipe_time_txt":"","recipe_type":65947,"recipe_difficulty":578,"recipe_diet_type":[570],"recipe_main_ingredient":[594],"recipe_saison":[546],"recipe_count_portions":2,"recipe_ingedients":[{"recipe_ingedients_amount":"","recipe_ingedients_unit":"g","recipe_ingedients_product":""}],"temporare_zutaten":"500 g de albaricoques maduros\r\n4 cucharadas de agua\r\n2 cucharadas de az\u00facar\r\n2 cucharaditas de zumo de lim\u00f3n\r\n2 - 3 huevos\r\n3 - 4 cucharadas de leche\r\nuna pizca de sal, nuez moscada o pimienta molida\r\n4 rebanadas de pan moreno o pan suizo de St. Gallen\r\n200 g de queso Emmentaler AOP (D.O.P.) rallado grueso\r\nmantequilla para fre\u00edr","recipe_preparation":"Parte los albaricoques por la mitad y deshu\u00e9salos. Cuece el az\u00facar con el zumo de lim\u00f3n, a\u00f1ade los albaricoques, tapa la olla y deja cocer a fuego lento. Retira la olla tapada de la hornilla y espera a que se enfr\u00ede.\r\n\r\nBate los huevos y m\u00e9zclalos con leche, sazona ligeramente con una pizca de sal, nuez moscada y pimienta molida. Antes de servir, reboza las rebanadas de pan por ambas caras en la leche de huevo, de forma que absorban bien el l\u00edquido.\r\n\r\nPrepara una sart\u00e9n de tefl\u00f3n, \u00fantala con manteca para fre\u00edr y cali\u00e9ntala. Por cada rebanada de pan colocas una cuarta parte del queso en la sart\u00e9n, c\u00fabrela con una rebanada de pan, fr\u00edela a fuego medio y roc\u00edala con otra \u00bc parte de queso Emmentaler AOP (D.O.P.). En cuanto est\u00e9 tostada la cara inferior, le das la vuelta y fr\u00edes la otra cara. Sirve las rebanadas de pan tostadas con compota de albaricoque.","recipe_images":[51134,51139,51144]},"_links":{"self":[{"href":"https:\/\/www.emmentaler.ch\/es\/wp-json\/wp\/v2\/recipes\/51108"}],"collection":[{"href":"https:\/\/www.emmentaler.ch\/es\/wp-json\/wp\/v2\/recipes"}],"about":[{"href":"https:\/\/www.emmentaler.ch\/es\/wp-json\/wp\/v2\/types\/recipes"}],"author":[{"embeddable":true,"href":"https:\/\/www.emmentaler.ch\/es\/wp-json\/wp\/v2\/users\/2"}],"version-history":[{"count":0,"href":"https:\/\/www.emmentaler.ch\/es\/wp-json\/wp\/v2\/recipes\/51108\/revisions"}],"acf:attachment":[{"embeddable":true,"href":"https:\/\/www.emmentaler.ch\/es\/wp-json\/wp\/v2\/media\/51144"},{"embeddable":true,"href":"https:\/\/www.emmentaler.ch\/es\/wp-json\/wp\/v2\/media\/51139"},{"embeddable":true,"href":"https:\/\/www.emmentaler.ch\/es\/wp-json\/wp\/v2\/media\/51134"}],"acf:term":[{"embeddable":true,"taxonomy":"recipe_saison","href":"https:\/\/www.emmentaler.ch\/es\/wp-json\/wp\/v2\/recipe_saison\/546"},{"embeddable":true,"taxonomy":"recipe_main_ingredient","href":"https:\/\/www.emmentaler.ch\/es\/wp-json\/wp\/v2\/recipe_main_ingredient\/594"},{"embeddable":true,"taxonomy":"recipe_diet_type","href":"https:\/\/www.emmentaler.ch\/es\/wp-json\/wp\/v2\/recipe_diet_type\/570"},{"embeddable":true,"taxonomy":"recipe_difficulty","href":"https:\/\/www.emmentaler.ch\/es\/wp-json\/wp\/v2\/recipe_difficulty\/578"},{"embeddable":true,"taxonomy":"recipe_categories","href":"https:\/\/www.emmentaler.ch\/es\/wp-json\/wp\/v2\/recipe_categories\/608"},{"embeddable":true,"taxonomy":"recipe_preparation_time","href":"https:\/\/www.emmentaler.ch\/es\/wp-json\/wp\/v2\/recipe_preparation_time\/373"}],"acf:post":[{"embeddable":true,"href":"https:\/\/www.emmentaler.ch\/es\/wp-json\/wp\/v2\/pages\/65947"}],"wp:featuredmedia":[{"embeddable":true,"href":"https:\/\/www.emmentaler.ch\/es\/wp-json\/wp\/v2\/media\/51164"}],"wp:attachment":[{"href":"https:\/\/www.emmentaler.ch\/es\/wp-json\/wp\/v2\/media?parent=51108"}],"wp:term":[{"taxonomy":"post_tag","embeddable":true,"href":"https:\/\/www.emmentaler.ch\/es\/wp-json\/wp\/v2\/tags?post=51108"},{"taxonomy":"recipe_categories","embeddable":true,"href":"https:\/\/www.emmentaler.ch\/es\/wp-json\/wp\/v2\/recipe_categories?post=51108"},{"taxonomy":"et_countries","embeddable":true,"href":"https:\/\/www.emmentaler.ch\/es\/wp-json\/wp\/v2\/et_countries?post=51108"},{"taxonomy":"recipe_main_ingredient","embeddable":true,"href":"https:\/\/www.emmentaler.ch\/es\/wp-json\/wp\/v2\/recipe_main_ingredient?post=51108"},{"taxonomy":"recipe_difficulty","embeddable":true,"href":"https:\/\/www.emmentaler.ch\/es\/wp-json\/wp\/v2\/recipe_difficulty?post=51108"},{"taxonomy":"recipe_preparation_time","embeddable":true,"href":"https:\/\/www.emmentaler.ch\/es\/wp-json\/wp\/v2\/recipe_preparation_time?post=51108"},{"taxonomy":"recipe_diet_type","embeddable":true,"href":"https:\/\/www.emmentaler.ch\/es\/wp-json\/wp\/v2\/recipe_diet_type?post=51108"},{"taxonomy":"recipe_saison","embeddable":true,"href":"https:\/\/www.emmentaler.ch\/es\/wp-json\/wp\/v2\/recipe_saison?post=51108"}],"curies":[{"name":"wp","href":"https:\/\/api.w.org\/{rel}","templated":true}]}}

500 g de albaricoques maduros
4 cucharadas de agua
2 cucharadas de azúcar
2 cucharaditas de zumo de limón
2 - 3 huevos
3 - 4 cucharadas de leche
una pizca de sal, nuez moscada o pimienta molida
4 rebanadas de pan moreno o pan suizo de St. Gallen
200 g de queso Emmentaler AOP (D.O.P.) rallado grueso
mantequilla para freír

Parte los albaricoques por la mitad y deshuésalos. Cuece el azúcar con el zumo de limón, añade los albaricoques, tapa la olla y deja cocer a fuego lento. Retira la olla tapada de la hornilla y espera a que se enfríe.

Bate los huevos y mézclalos con leche, sazona ligeramente con una pizca de sal, nuez moscada y pimienta molida. Antes de servir, reboza las rebanadas de pan por ambas caras en la leche de huevo, de forma que absorban bien el líquido.

Prepara una sartén de teflón, úntala con manteca para freír y caliéntala. Por cada rebanada de pan colocas una cuarta parte del queso en la sartén, cúbrela con una rebanada de pan, fríela a fuego medio y rocíala con otra ¼ parte de queso Emmentaler AOP (D.O.P.). En cuanto esté tostada la cara inferior, le das la vuelta y fríes la otra cara. Sirve las rebanadas de pan tostadas con compota de albaricoque.
