{"id":51215,"date":"2022-04-27T13:35:41","date_gmt":"2022-04-27T11:35:41","guid":{"rendered":"https:\/\/www.emmentaler.ch\/rezept\/enchiladas-con-pollo-aguacate-y-nata-fresca"},"modified":"2022-06-27T12:03:51","modified_gmt":"2022-06-27T10:03:51","slug":"enchiladas-con-pollo-aguacate-y-nata-fresca","status":"publish","type":"recipes","link":"https:\/\/www.emmentaler.ch\/es\/recetas\/enchiladas-con-pollo-aguacate-y-nata-fresca","title":{"rendered":"Enchiladas con pollo, aguacate y nata fresca"},"author":2,"featured_media":51251,"menu_order":0,"template":"","meta":{"inline_featured_image":false},"tags":[],"recipe_categories":[619],"et_countries":[],"recipe_main_ingredient":[601],"recipe_difficulty":[577],"recipe_preparation_time":[382],"recipe_diet_type":[562],"recipe_saison":[529,561],"acf":{"recipe_preparation_time":382,"recipe_categories":619,"recipe_time_txt":"","recipe_type":65932,"recipe_difficulty":577,"recipe_diet_type":[562],"recipe_main_ingredient":[601],"recipe_saison":[529,561],"recipe_count_portions":4,"recipe_ingedients":[{"recipe_ingedients_amount":"","recipe_ingedients_unit":"g","recipe_ingedients_product":""}],"temporare_zutaten":"100 g de queso Emmentaler AOP (D.O.P.), rallado grueso\r\n2 cucharadas de mantequilla para fre\u00edr\r\n400 g de pollo cortado en trocitos\r\nsal y pimienta\r\n2 aguacates\r\n8 tortillas de ma\u00edz\r\n200 g de tomates pelados, picados\r\nsazonador mejicano\r\n1 cebolla chalota\r\n1 chile verde\r\n1 diente de ajo\r\n100 g de nata fresca para cocinar\r\n2 limas o limones verdes","recipe_preparation":"Deshuesa los aguacates y \u00e9chalos en un cuenco junto con el zumo de \u00bd lima, a\u00f1ade \u00bd chalota picada, agrega el chile verde picado y el ajo prensado, sazona con una pizca de sal. Aplasta la masa con un tenedor o con el cortador, hasta que obtengas una crema homog\u00e9nea.\r\n\r\nAntes de rallar el queso Emmentaler AOP (D.O.P.), calienta el horno a 180 grados. Despu\u00e9s calienta la mantequilla en una sart\u00e9n y fr\u00ede los trocitos de pollo durante unos 4 minutos, salpica el pollo con el sazonador mejicano.\r\n\r\nAhora reparte el pollo salteado en las tortillas de ma\u00edz, \u00e9chale un poco de tomates pelados picados y saz\u00f3nalo con sal y pimienta\r\n\r\nEnvuelve las tortillas y col\u00f3calas en una fuente de horno. Roc\u00edalas con queso Emmentaler AOP (D.O.P.) y grat\u00ednalo en el horno unos 10 minutos, hasta que la superficie quede ligeramente dorada.\r\n\r\nSirve las enchiladas con aguacate, nata fresca y cuartos de limas.","recipe_images":[21256,21251]},"_links":{"self":[{"href":"https:\/\/www.emmentaler.ch\/es\/wp-json\/wp\/v2\/recipes\/51215"}],"collection":[{"href":"https:\/\/www.emmentaler.ch\/es\/wp-json\/wp\/v2\/recipes"}],"about":[{"href":"https:\/\/www.emmentaler.ch\/es\/wp-json\/wp\/v2\/types\/recipes"}],"author":[{"embeddable":true,"href":"https:\/\/www.emmentaler.ch\/es\/wp-json\/wp\/v2\/users\/2"}],"version-history":[{"count":0,"href":"https:\/\/www.emmentaler.ch\/es\/wp-json\/wp\/v2\/recipes\/51215\/revisions"}],"acf:attachment":[{"embeddable":true,"href":"https:\/\/www.emmentaler.ch\/es\/wp-json\/wp\/v2\/media\/21251"},{"embeddable":true,"href":"https:\/\/www.emmentaler.ch\/es\/wp-json\/wp\/v2\/media\/21256"}],"acf:term":[{"embeddable":true,"taxonomy":"recipe_saison","href":"https:\/\/www.emmentaler.ch\/es\/wp-json\/wp\/v2\/recipe_saison\/561"},{"embeddable":true,"taxonomy":"recipe_saison","href":"https:\/\/www.emmentaler.ch\/es\/wp-json\/wp\/v2\/recipe_saison\/529"},{"embeddable":true,"taxonomy":"recipe_main_ingredient","href":"https:\/\/www.emmentaler.ch\/es\/wp-json\/wp\/v2\/recipe_main_ingredient\/601"},{"embeddable":true,"taxonomy":"recipe_diet_type","href":"https:\/\/www.emmentaler.ch\/es\/wp-json\/wp\/v2\/recipe_diet_type\/562"},{"embeddable":true,"taxonomy":"recipe_difficulty","href":"https:\/\/www.emmentaler.ch\/es\/wp-json\/wp\/v2\/recipe_difficulty\/577"},{"embeddable":true,"taxonomy":"recipe_categories","href":"https:\/\/www.emmentaler.ch\/es\/wp-json\/wp\/v2\/recipe_categories\/619"},{"embeddable":true,"taxonomy":"recipe_preparation_time","href":"https:\/\/www.emmentaler.ch\/es\/wp-json\/wp\/v2\/recipe_preparation_time\/382"}],"acf:post":[{"embeddable":true,"href":"https:\/\/www.emmentaler.ch\/es\/wp-json\/wp\/v2\/pages\/65932"}],"wp:featuredmedia":[{"embeddable":true,"href":"https:\/\/www.emmentaler.ch\/es\/wp-json\/wp\/v2\/media\/51251"}],"wp:attachment":[{"href":"https:\/\/www.emmentaler.ch\/es\/wp-json\/wp\/v2\/media?parent=51215"}],"wp:term":[{"taxonomy":"post_tag","embeddable":true,"href":"https:\/\/www.emmentaler.ch\/es\/wp-json\/wp\/v2\/tags?post=51215"},{"taxonomy":"recipe_categories","embeddable":true,"href":"https:\/\/www.emmentaler.ch\/es\/wp-json\/wp\/v2\/recipe_categories?post=51215"},{"taxonomy":"et_countries","embeddable":true,"href":"https:\/\/www.emmentaler.ch\/es\/wp-json\/wp\/v2\/et_countries?post=51215"},{"taxonomy":"recipe_main_ingredient","embeddable":true,"href":"https:\/\/www.emmentaler.ch\/es\/wp-json\/wp\/v2\/recipe_main_ingredient?post=51215"},{"taxonomy":"recipe_difficulty","embeddable":true,"href":"https:\/\/www.emmentaler.ch\/es\/wp-json\/wp\/v2\/recipe_difficulty?post=51215"},{"taxonomy":"recipe_preparation_time","embeddable":true,"href":"https:\/\/www.emmentaler.ch\/es\/wp-json\/wp\/v2\/recipe_preparation_time?post=51215"},{"taxonomy":"recipe_diet_type","embeddable":true,"href":"https:\/\/www.emmentaler.ch\/es\/wp-json\/wp\/v2\/recipe_diet_type?post=51215"},{"taxonomy":"recipe_saison","embeddable":true,"href":"https:\/\/www.emmentaler.ch\/es\/wp-json\/wp\/v2\/recipe_saison?post=51215"}],"curies":[{"name":"wp","href":"https:\/\/api.w.org\/{rel}","templated":true}]}}

100 g de queso Emmentaler AOP (D.O.P.), rallado grueso
2 cucharadas de mantequilla para freír
400 g de pollo cortado en trocitos
sal y pimienta
2 aguacates
8 tortillas de maíz
200 g de tomates pelados, picados
sazonador mejicano
1 cebolla chalota
1 chile verde
1 diente de ajo
100 g de nata fresca para cocinar
2 limas o limones verdes

Deshuesa los aguacates y échalos en un cuenco junto con el zumo de ½ lima, añade ½ chalota picada, agrega el chile verde picado y el ajo prensado, sazona con una pizca de sal. Aplasta la masa con un tenedor o con el cortador, hasta que obtengas una crema homogénea.

Antes de rallar el queso Emmentaler AOP (D.O.P.), calienta el horno a 180 grados. Después calienta la mantequilla en una sartén y fríe los trocitos de pollo durante unos 4 minutos, salpica el pollo con el sazonador mejicano.

Ahora reparte el pollo salteado en las tortillas de maíz, échale un poco de tomates pelados picados y sazónalo con sal y pimienta

Envuelve las tortillas y colócalas en una fuente de horno. Rocíalas con queso Emmentaler AOP (D.O.P.) y gratínalo en el horno unos 10 minutos, hasta que la superficie quede ligeramente dorada.

Sirve las enchiladas con aguacate, nata fresca y cuartos de limas.
