{"id":51383,"date":"2022-04-27T13:37:12","date_gmt":"2022-04-27T11:37:12","guid":{"rendered":"https:\/\/www.emmentaler.ch\/rezept\/pizza-vegetariana-baja-en-hidratos-de-carbono"},"modified":"2022-06-27T15:31:53","modified_gmt":"2022-06-27T13:31:53","slug":"pizza-vegetariana-baja-en-hidratos-de-carbono","status":"publish","type":"recipes","link":"https:\/\/www.emmentaler.ch\/es\/recetas\/pizza-vegetariana-baja-en-hidratos-de-carbono","title":{"rendered":"Pizza vegetariana (baja en hidratos de carbono)"},"author":2,"featured_media":21923,"menu_order":0,"template":"","meta":{"inline_featured_image":false},"tags":[],"recipe_categories":[619],"et_countries":[],"recipe_main_ingredient":[593],"recipe_difficulty":[578],"recipe_preparation_time":[384],"recipe_diet_type":[569],"recipe_saison":[561],"acf":{"recipe_preparation_time":384,"recipe_categories":619,"recipe_time_txt":"","recipe_type":65932,"recipe_difficulty":578,"recipe_diet_type":[569],"recipe_main_ingredient":[593],"recipe_saison":[561],"recipe_count_portions":4,"recipe_ingedients":[{"recipe_ingedients_amount":"","recipe_ingedients_unit":"g","recipe_ingedients_product":""}],"temporare_zutaten":"4 calabacines de tama\u00f1o mediano\r\n1 huevo\r\n80 g de queso Emmentaler AOP (D.O.P.), rallado\r\npimienta\r\n30 g de harina\r\n1 cucharadita de sal\r\n1 diente de ajo\r\n1 vaso de tomates secos en aceite, aprox.60 g, escurridos\r\n80 g de queso Emmentaler AOP (D.O.P.), rallado grueso\r\n90 g de jam\u00f3n de Parma\r\n2 cucharadas de salsa de tomate, p.ej. arrabiata o salsa de albahaca\r\nalbahaca","recipe_preparation":"Raspa los calabacines e incorp\u00f3ralos en un cuenco grande, y deja reposar durante 10-15 minutos. Despu\u00e9s retira el agua y escurre los calabacines torci\u00e9ndolos en un pa\u00f1o de cocina, hasta que est\u00e9n bien secos. Mezcla los calabacines con el huevo y el queso Emmentaler AOP (D.O.P.). A\u00f1ade harina, pimienta, sal y ajo, y remu\u00e9velo todo bien, hasta que obtengas una masa firme. Esparce la masa (1 cm de espesor) sobre una bandeja con papel sulfurizado y m\u00e9tela en el horno a 210 grados durante 15-20 minutos. Dale la vuelta y d\u00e9jala cueza en el horno otros 10 minutos m\u00e1s. Por \u00faltimo, dale otra vuelta a la masa.\r\n\r\nEscurre los tomates secos sobre unas hojas de papel de cocina. Corta el jam\u00f3n de Parma en trocitos finos. Una vez que hayas untado la masa de calabac\u00edn con la salsa de tomate, esparces el queso Emmentaler AOP (D.O.P.) rallado, el jam\u00f3n de Parma y los tomates secos. Mete la bandeja al horno y deja que se tueste 8-10 minutos m\u00e1s.\r\n\r\nAntes de servir tu pizza vegetariana, salp\u00edcala con hojas de albahaca.","recipe_images":[51399]},"_links":{"self":[{"href":"https:\/\/www.emmentaler.ch\/es\/wp-json\/wp\/v2\/recipes\/51383"}],"collection":[{"href":"https:\/\/www.emmentaler.ch\/es\/wp-json\/wp\/v2\/recipes"}],"about":[{"href":"https:\/\/www.emmentaler.ch\/es\/wp-json\/wp\/v2\/types\/recipes"}],"author":[{"embeddable":true,"href":"https:\/\/www.emmentaler.ch\/es\/wp-json\/wp\/v2\/users\/2"}],"version-history":[{"count":0,"href":"https:\/\/www.emmentaler.ch\/es\/wp-json\/wp\/v2\/recipes\/51383\/revisions"}],"acf:attachment":[{"embeddable":true,"href":"https:\/\/www.emmentaler.ch\/es\/wp-json\/wp\/v2\/media\/51399"}],"acf:term":[{"embeddable":true,"taxonomy":"recipe_saison","href":"https:\/\/www.emmentaler.ch\/es\/wp-json\/wp\/v2\/recipe_saison\/561"},{"embeddable":true,"taxonomy":"recipe_main_ingredient","href":"https:\/\/www.emmentaler.ch\/es\/wp-json\/wp\/v2\/recipe_main_ingredient\/593"},{"embeddable":true,"taxonomy":"recipe_diet_type","href":"https:\/\/www.emmentaler.ch\/es\/wp-json\/wp\/v2\/recipe_diet_type\/569"},{"embeddable":true,"taxonomy":"recipe_difficulty","href":"https:\/\/www.emmentaler.ch\/es\/wp-json\/wp\/v2\/recipe_difficulty\/578"},{"embeddable":true,"taxonomy":"recipe_categories","href":"https:\/\/www.emmentaler.ch\/es\/wp-json\/wp\/v2\/recipe_categories\/619"},{"embeddable":true,"taxonomy":"recipe_preparation_time","href":"https:\/\/www.emmentaler.ch\/es\/wp-json\/wp\/v2\/recipe_preparation_time\/384"}],"acf:post":[{"embeddable":true,"href":"https:\/\/www.emmentaler.ch\/es\/wp-json\/wp\/v2\/pages\/65932"}],"wp:featuredmedia":[{"embeddable":true,"href":"https:\/\/www.emmentaler.ch\/es\/wp-json\/wp\/v2\/media\/21923"}],"wp:attachment":[{"href":"https:\/\/www.emmentaler.ch\/es\/wp-json\/wp\/v2\/media?parent=51383"}],"wp:term":[{"taxonomy":"post_tag","embeddable":true,"href":"https:\/\/www.emmentaler.ch\/es\/wp-json\/wp\/v2\/tags?post=51383"},{"taxonomy":"recipe_categories","embeddable":true,"href":"https:\/\/www.emmentaler.ch\/es\/wp-json\/wp\/v2\/recipe_categories?post=51383"},{"taxonomy":"et_countries","embeddable":true,"href":"https:\/\/www.emmentaler.ch\/es\/wp-json\/wp\/v2\/et_countries?post=51383"},{"taxonomy":"recipe_main_ingredient","embeddable":true,"href":"https:\/\/www.emmentaler.ch\/es\/wp-json\/wp\/v2\/recipe_main_ingredient?post=51383"},{"taxonomy":"recipe_difficulty","embeddable":true,"href":"https:\/\/www.emmentaler.ch\/es\/wp-json\/wp\/v2\/recipe_difficulty?post=51383"},{"taxonomy":"recipe_preparation_time","embeddable":true,"href":"https:\/\/www.emmentaler.ch\/es\/wp-json\/wp\/v2\/recipe_preparation_time?post=51383"},{"taxonomy":"recipe_diet_type","embeddable":true,"href":"https:\/\/www.emmentaler.ch\/es\/wp-json\/wp\/v2\/recipe_diet_type?post=51383"},{"taxonomy":"recipe_saison","embeddable":true,"href":"https:\/\/www.emmentaler.ch\/es\/wp-json\/wp\/v2\/recipe_saison?post=51383"}],"curies":[{"name":"wp","href":"https:\/\/api.w.org\/{rel}","templated":true}]}}

4 calabacines de tamaño mediano
1 huevo
80 g de queso Emmentaler AOP (D.O.P.), rallado
pimienta
30 g de harina
1 cucharadita de sal
1 diente de ajo
1 vaso de tomates secos en aceite, aprox.60 g, escurridos
80 g de queso Emmentaler AOP (D.O.P.), rallado grueso
90 g de jamón de Parma
2 cucharadas de salsa de tomate, p.ej. arrabiata o salsa de albahaca
albahaca

Raspa los calabacines e incorpóralos en un cuenco grande, y deja reposar durante 10-15 minutos. Después retira el agua y escurre los calabacines torciéndolos en un paño de cocina, hasta que estén bien secos. Mezcla los calabacines con el huevo y el queso Emmentaler AOP (D.O.P.). Añade harina, pimienta, sal y ajo, y remuévelo todo bien, hasta que obtengas una masa firme. Esparce la masa (1 cm de espesor) sobre una bandeja con papel sulfurizado y métela en el horno a 210 grados durante 15-20 minutos. Dale la vuelta y déjala cueza en el horno otros 10 minutos más. Por último, dale otra vuelta a la masa.

Escurre los tomates secos sobre unas hojas de papel de cocina. Corta el jamón de Parma en trocitos finos. Una vez que hayas untado la masa de calabacín con la salsa de tomate, esparces el queso Emmentaler AOP (D.O.P.) rallado, el jamón de Parma y los tomates secos. Mete la bandeja al horno y deja que se tueste 8-10 minutos más.

Antes de servir tu pizza vegetariana, salpícala con hojas de albahaca.
