{"id":51414,"date":"2022-04-27T13:37:12","date_gmt":"2022-04-27T11:37:12","guid":{"rendered":"https:\/\/www.emmentaler.ch\/rezept\/ensalada-verde-con-petalos-de-flores-hierbas-finas-queso-emmentaler-aop-d-o-p-y-fresas"},"modified":"2024-07-25T17:57:21","modified_gmt":"2024-07-25T15:57:21","slug":"ensalada-verde-con-petalos-de-flores-hierbas-finas-queso-emmentaler-dop-y-fresas","status":"publish","type":"recipes","link":"https:\/\/www.emmentaler.ch\/es\/recetas\/ensalada-verde-con-petalos-de-flores-hierbas-finas-queso-emmentaler-dop-y-fresas","title":{"rendered":"Ensalada verde con p\u00e9talos de flores, hierbas finas, queso Emmentaler DOP y fresas"},"author":2,"featured_media":22119,"menu_order":0,"template":"","meta":{"inline_featured_image":false},"tags":[843],"recipe_categories":[620],"et_countries":[],"recipe_main_ingredient":[602],"recipe_difficulty":[577],"recipe_preparation_time":[398],"recipe_diet_type":[562,569,570],"recipe_saison":[546],"acf":{"recipe_preparation_time":398,"recipe_categories":620,"recipe_time_txt":"15 + 10 minutos","recipe_type":65949,"recipe_difficulty":577,"recipe_diet_type":[562,569,570],"recipe_main_ingredient":[602],"recipe_saison":[546],"recipe_count_portions":4,"recipe_ingedients":[{"recipe_ingedients_amount":"","recipe_ingedients_unit":"g","recipe_ingedients_product":""}],"temporare_zutaten":"100 g de hojas de ensalada variada\r\n50 g r\u00facula, Mizuna u otras ensaladas amargas o picantes\r\n1 pu\u00f1ado de p\u00e9talos comestibles, p.ej. capuchina, p\u00e9talos de borraja, cal\u00e9ndula, etc.\r\n1 pu\u00f1ado de hierbas finas, p.ej. perejil, eneldo, toronjil o melisa\r\n100 g de queso Emmentaler AOP (D.O.P.) (reserva)\r\n250 g de fresas\r\nPara la salsa vinagreta:\r\n1 cebolla chalota (picada fina)\r\n1 cucharada de granos de mostaza gruesos\r\n2\u20133 cucharadas de miel l\u00edquida\r\n100 ml de vinagre de vino blanco\r\n100 ml de aceite de oliva\r\nsal y pimienta","recipe_preparation":"Comienza por lavar las hojas de ensalada y escurrirla bien. Antes de servirla, roc\u00edala con los p\u00e9talos de flores comestibles y las hierbas picadas. Raspa el queso Emmentaler AOP (D.O.P.) y corta las fresas en rodajas finas.\r\n\r\nPrepara la salsa vinagreta mezclando la chalota, los granos de mostaza, el vinagre y el aceite de oliva. Ali\u00f1a la ensalada con la salsa de vinagreta, esparce el queso Emmentaler AOP (D.O.P.) rallado y las fresas y s\u00edrvelo enseguida.","recipe_images":[22114,22119]},"_links":{"self":[{"href":"https:\/\/www.emmentaler.ch\/es\/wp-json\/wp\/v2\/recipes\/51414"}],"collection":[{"href":"https:\/\/www.emmentaler.ch\/es\/wp-json\/wp\/v2\/recipes"}],"about":[{"href":"https:\/\/www.emmentaler.ch\/es\/wp-json\/wp\/v2\/types\/recipes"}],"author":[{"embeddable":true,"href":"https:\/\/www.emmentaler.ch\/es\/wp-json\/wp\/v2\/users\/2"}],"version-history":[{"count":1,"href":"https:\/\/www.emmentaler.ch\/es\/wp-json\/wp\/v2\/recipes\/51414\/revisions"}],"predecessor-version":[{"id":137986,"href":"https:\/\/www.emmentaler.ch\/es\/wp-json\/wp\/v2\/recipes\/51414\/revisions\/137986"}],"acf:attachment":[{"embeddable":true,"href":"https:\/\/www.emmentaler.ch\/es\/wp-json\/wp\/v2\/media\/22119"},{"embeddable":true,"href":"https:\/\/www.emmentaler.ch\/es\/wp-json\/wp\/v2\/media\/22114"}],"acf:term":[{"embeddable":true,"taxonomy":"recipe_saison","href":"https:\/\/www.emmentaler.ch\/es\/wp-json\/wp\/v2\/recipe_saison\/546"},{"embeddable":true,"taxonomy":"recipe_main_ingredient","href":"https:\/\/www.emmentaler.ch\/es\/wp-json\/wp\/v2\/recipe_main_ingredient\/602"},{"embeddable":true,"taxonomy":"recipe_diet_type","href":"https:\/\/www.emmentaler.ch\/es\/wp-json\/wp\/v2\/recipe_diet_type\/570"},{"embeddable":true,"taxonomy":"recipe_diet_type","href":"https:\/\/www.emmentaler.ch\/es\/wp-json\/wp\/v2\/recipe_diet_type\/569"},{"embeddable":true,"taxonomy":"recipe_diet_type","href":"https:\/\/www.emmentaler.ch\/es\/wp-json\/wp\/v2\/recipe_diet_type\/562"},{"embeddable":true,"taxonomy":"recipe_difficulty","href":"https:\/\/www.emmentaler.ch\/es\/wp-json\/wp\/v2\/recipe_difficulty\/577"},{"embeddable":true,"taxonomy":"recipe_categories","href":"https:\/\/www.emmentaler.ch\/es\/wp-json\/wp\/v2\/recipe_categories\/620"},{"embeddable":true,"taxonomy":"recipe_preparation_time","href":"https:\/\/www.emmentaler.ch\/es\/wp-json\/wp\/v2\/recipe_preparation_time\/398"}],"acf:post":[{"embeddable":true,"href":"https:\/\/www.emmentaler.ch\/es\/wp-json\/wp\/v2\/pages\/65949"}],"wp:featuredmedia":[{"embeddable":true,"href":"https:\/\/www.emmentaler.ch\/es\/wp-json\/wp\/v2\/media\/22119"}],"wp:attachment":[{"href":"https:\/\/www.emmentaler.ch\/es\/wp-json\/wp\/v2\/media?parent=51414"}],"wp:term":[{"taxonomy":"post_tag","embeddable":true,"href":"https:\/\/www.emmentaler.ch\/es\/wp-json\/wp\/v2\/tags?post=51414"},{"taxonomy":"recipe_categories","embeddable":true,"href":"https:\/\/www.emmentaler.ch\/es\/wp-json\/wp\/v2\/recipe_categories?post=51414"},{"taxonomy":"et_countries","embeddable":true,"href":"https:\/\/www.emmentaler.ch\/es\/wp-json\/wp\/v2\/et_countries?post=51414"},{"taxonomy":"recipe_main_ingredient","embeddable":true,"href":"https:\/\/www.emmentaler.ch\/es\/wp-json\/wp\/v2\/recipe_main_ingredient?post=51414"},{"taxonomy":"recipe_difficulty","embeddable":true,"href":"https:\/\/www.emmentaler.ch\/es\/wp-json\/wp\/v2\/recipe_difficulty?post=51414"},{"taxonomy":"recipe_preparation_time","embeddable":true,"href":"https:\/\/www.emmentaler.ch\/es\/wp-json\/wp\/v2\/recipe_preparation_time?post=51414"},{"taxonomy":"recipe_diet_type","embeddable":true,"href":"https:\/\/www.emmentaler.ch\/es\/wp-json\/wp\/v2\/recipe_diet_type?post=51414"},{"taxonomy":"recipe_saison","embeddable":true,"href":"https:\/\/www.emmentaler.ch\/es\/wp-json\/wp\/v2\/recipe_saison?post=51414"}],"curies":[{"name":"wp","href":"https:\/\/api.w.org\/{rel}","templated":true}]}}

Ensalada verde con pétalos de flores, hierbas finas, queso Emmentaler DOP y fresas

100 g de hojas de ensalada variada
50 g rúcula, Mizuna u otras ensaladas amargas o picantes
1 puñado de pétalos comestibles, p.ej. capuchina, pétalos de borraja, caléndula, etc.
1 puñado de hierbas finas, p.ej. perejil, eneldo, toronjil o melisa
100 g de queso Emmentaler AOP (D.O.P.) (reserva)
250 g de fresas
Para la salsa vinagreta:
1 cebolla chalota (picada fina)
1 cucharada de granos de mostaza gruesos
2–3 cucharadas de miel líquida
100 ml de vinagre de vino blanco
100 ml de aceite de oliva
sal y pimienta

Comienza por lavar las hojas de ensalada y escurrirla bien. Antes de servirla, rocíala con los pétalos de flores comestibles y las hierbas picadas. Raspa el queso Emmentaler AOP (D.O.P.) y corta las fresas en rodajas finas.

Prepara la salsa vinagreta mezclando la chalota, los granos de mostaza, el vinagre y el aceite de oliva. Aliña la ensalada con la salsa de vinagreta, esparce el queso Emmentaler AOP (D.O.P.) rallado y las fresas y sírvelo enseguida.
