{"id":51460,"date":"2022-04-27T13:39:54","date_gmt":"2022-04-27T11:39:54","guid":{"rendered":"https:\/\/www.emmentaler.ch\/rezept\/pita-con-ensalada-de-manzana-y-queso-emmentaler-aop-d-o-p"},"modified":"2024-07-25T17:48:13","modified_gmt":"2024-07-25T15:48:13","slug":"pita-con-ensalada-de-manzana-y-queso-emmentaler-dop","status":"publish","type":"recipes","link":"https:\/\/www.emmentaler.ch\/es\/recetas\/pita-con-ensalada-de-manzana-y-queso-emmentaler-dop","title":{"rendered":"Pita con ensalada de manzana y queso Emmentaler DOP"},"author":2,"featured_media":51486,"menu_order":0,"template":"","meta":{"inline_featured_image":false},"tags":[843],"recipe_categories":[608],"et_countries":[],"recipe_main_ingredient":[594],"recipe_difficulty":[577],"recipe_preparation_time":[703],"recipe_diet_type":[569,570],"recipe_saison":[545,529,561],"acf":{"recipe_preparation_time":703,"recipe_categories":608,"recipe_time_txt":"","recipe_type":68478,"recipe_difficulty":577,"recipe_diet_type":[569,570],"recipe_main_ingredient":[594],"recipe_saison":[529,561,545],"recipe_count_portions":2,"recipe_ingedients":[{"recipe_ingedients_amount":".5","recipe_ingedients_unit":"St\u00fcck","recipe_ingedients_product":"manzana de c\u00e1scara roja"},{"recipe_ingedients_amount":".5","recipe_ingedients_unit":"Tl","recipe_ingedients_product":"de zumo de lim\u00f3n"},{"recipe_ingedients_amount":"1","recipe_ingedients_unit":"Tl","recipe_ingedients_product":"de aceite"},{"recipe_ingedients_amount":"25","recipe_ingedients_unit":"g","recipe_ingedients_product":"de queso Emmentaler DOP, suave (tiras o palitos)"},{"recipe_ingedients_amount":".5","recipe_ingedients_unit":"El","recipe_ingedients_product":"de pi\u00f1ones tostados"},{"recipe_ingedients_amount":"1","recipe_ingedients_unit":"St\u00fcck","recipe_ingedients_product":"panes pita"},{"recipe_ingedients_amount":"","recipe_ingedients_unit":"Bedarf","recipe_ingedients_product":"1 pu\u00f1ado de hojas de espinaca tiernas"}],"temporare_zutaten":"1 manzana de c\u00e1scara roja\r\n1 cucharadita de zumo de lim\u00f3n\r\n2 una cucharadita de aceite\r\n50 g de queso Emmentaler AOP (D.O.P.), suave (tiras o palitos)\r\n1 cucharada de pi\u00f1ones tostados\r\n2\u20133 panes pita\r\n1 pu\u00f1ado de hojas de espinaca tiernas","recipe_preparation":"Parte la manzana por la mitad, s\u00e1cale el coraz\u00f3n y c\u00f3rtala en medias rodajas o en trozos cuadrados. Salpica los trozos de manzana con zumo de lim\u00f3n y aceite, y m\u00e9zclalos con el queso Emmentaler AOP (D.O.P.) y los pi\u00f1ones tostados. Despu\u00e9s tuesta los panes de pita y rell\u00e9nalos con la ensalada de manzana y las hojas de espinacas.","recipe_images":[23546,23551]},"_links":{"self":[{"href":"https:\/\/www.emmentaler.ch\/es\/wp-json\/wp\/v2\/recipes\/51460"}],"collection":[{"href":"https:\/\/www.emmentaler.ch\/es\/wp-json\/wp\/v2\/recipes"}],"about":[{"href":"https:\/\/www.emmentaler.ch\/es\/wp-json\/wp\/v2\/types\/recipes"}],"author":[{"embeddable":true,"href":"https:\/\/www.emmentaler.ch\/es\/wp-json\/wp\/v2\/users\/2"}],"version-history":[{"count":1,"href":"https:\/\/www.emmentaler.ch\/es\/wp-json\/wp\/v2\/recipes\/51460\/revisions"}],"predecessor-version":[{"id":137958,"href":"https:\/\/www.emmentaler.ch\/es\/wp-json\/wp\/v2\/recipes\/51460\/revisions\/137958"}],"acf:attachment":[{"embeddable":true,"href":"https:\/\/www.emmentaler.ch\/es\/wp-json\/wp\/v2\/media\/23551"},{"embeddable":true,"href":"https:\/\/www.emmentaler.ch\/es\/wp-json\/wp\/v2\/media\/23546"}],"acf:term":[{"embeddable":true,"taxonomy":"recipe_saison","href":"https:\/\/www.emmentaler.ch\/es\/wp-json\/wp\/v2\/recipe_saison\/545"},{"embeddable":true,"taxonomy":"recipe_saison","href":"https:\/\/www.emmentaler.ch\/es\/wp-json\/wp\/v2\/recipe_saison\/561"},{"embeddable":true,"taxonomy":"recipe_saison","href":"https:\/\/www.emmentaler.ch\/es\/wp-json\/wp\/v2\/recipe_saison\/529"},{"embeddable":true,"taxonomy":"recipe_main_ingredient","href":"https:\/\/www.emmentaler.ch\/es\/wp-json\/wp\/v2\/recipe_main_ingredient\/594"},{"embeddable":true,"taxonomy":"recipe_diet_type","href":"https:\/\/www.emmentaler.ch\/es\/wp-json\/wp\/v2\/recipe_diet_type\/570"},{"embeddable":true,"taxonomy":"recipe_diet_type","href":"https:\/\/www.emmentaler.ch\/es\/wp-json\/wp\/v2\/recipe_diet_type\/569"},{"embeddable":true,"taxonomy":"recipe_difficulty","href":"https:\/\/www.emmentaler.ch\/es\/wp-json\/wp\/v2\/recipe_difficulty\/577"},{"embeddable":true,"taxonomy":"recipe_categories","href":"https:\/\/www.emmentaler.ch\/es\/wp-json\/wp\/v2\/recipe_categories\/608"},{"embeddable":true,"taxonomy":"recipe_preparation_time","href":"https:\/\/www.emmentaler.ch\/es\/wp-json\/wp\/v2\/recipe_preparation_time\/703"}],"acf:post":[{"embeddable":true,"href":"https:\/\/www.emmentaler.ch\/es\/wp-json\/wp\/v2\/pages\/68478"}],"wp:featuredmedia":[{"embeddable":true,"href":"https:\/\/www.emmentaler.ch\/es\/wp-json\/wp\/v2\/media\/51486"}],"wp:attachment":[{"href":"https:\/\/www.emmentaler.ch\/es\/wp-json\/wp\/v2\/media?parent=51460"}],"wp:term":[{"taxonomy":"post_tag","embeddable":true,"href":"https:\/\/www.emmentaler.ch\/es\/wp-json\/wp\/v2\/tags?post=51460"},{"taxonomy":"recipe_categories","embeddable":true,"href":"https:\/\/www.emmentaler.ch\/es\/wp-json\/wp\/v2\/recipe_categories?post=51460"},{"taxonomy":"et_countries","embeddable":true,"href":"https:\/\/www.emmentaler.ch\/es\/wp-json\/wp\/v2\/et_countries?post=51460"},{"taxonomy":"recipe_main_ingredient","embeddable":true,"href":"https:\/\/www.emmentaler.ch\/es\/wp-json\/wp\/v2\/recipe_main_ingredient?post=51460"},{"taxonomy":"recipe_difficulty","embeddable":true,"href":"https:\/\/www.emmentaler.ch\/es\/wp-json\/wp\/v2\/recipe_difficulty?post=51460"},{"taxonomy":"recipe_preparation_time","embeddable":true,"href":"https:\/\/www.emmentaler.ch\/es\/wp-json\/wp\/v2\/recipe_preparation_time?post=51460"},{"taxonomy":"recipe_diet_type","embeddable":true,"href":"https:\/\/www.emmentaler.ch\/es\/wp-json\/wp\/v2\/recipe_diet_type?post=51460"},{"taxonomy":"recipe_saison","embeddable":true,"href":"https:\/\/www.emmentaler.ch\/es\/wp-json\/wp\/v2\/recipe_saison?post=51460"}],"curies":[{"name":"wp","href":"https:\/\/api.w.org\/{rel}","templated":true}]}}

Stück

manzana de cáscara roja

de zumo de limón

de piñones tostados

1 puñado de hojas de espinaca tiernas

1 manzana de cáscara roja
1 cucharadita de zumo de limón
2 una cucharadita de aceite
50 g de queso Emmentaler AOP (D.O.P.), suave (tiras o palitos)
1 cucharada de piñones tostados
2–3 panes pita
1 puñado de hojas de espinaca tiernas

Parte la manzana por la mitad, sácale el corazón y córtala en medias rodajas o en trozos cuadrados. Salpica los trozos de manzana con zumo de limón y aceite, y mézclalos con el queso Emmentaler AOP (D.O.P.) y los piñones tostados. Después tuesta los panes de pita y rellénalos con la ensalada de manzana y las hojas de espinacas.
