{"id":51846,"date":"2022-04-27T13:45:45","date_gmt":"2022-04-27T11:45:45","guid":{"rendered":"https:\/\/www.emmentaler.ch\/rezept\/sopa-de-verduras-con-lentejas"},"modified":"2022-06-24T14:53:53","modified_gmt":"2022-06-24T12:53:53","slug":"sopa-de-verduras-con-lentejas","status":"publish","type":"recipes","link":"https:\/\/www.emmentaler.ch\/es\/recetas\/sopa-de-verduras-con-lentejas","title":{"rendered":"Sopa de verduras con lentejas"},"author":2,"featured_media":51887,"menu_order":0,"template":"","meta":{"inline_featured_image":false},"tags":[],"recipe_categories":[619],"et_countries":[],"recipe_main_ingredient":[602],"recipe_difficulty":[577],"recipe_preparation_time":[384],"recipe_diet_type":[562,570],"recipe_saison":[554,538],"acf":{"recipe_preparation_time":384,"recipe_categories":619,"recipe_time_txt":"","recipe_type":65982,"recipe_difficulty":577,"recipe_diet_type":[562,570],"recipe_main_ingredient":[602],"recipe_saison":[538,554],"recipe_count_portions":4,"recipe_ingedients":[{"recipe_ingedients_amount":"","recipe_ingedients_unit":"g","recipe_ingedients_product":""}],"temporare_zutaten":"150 g de lentejas marrones\r\n1 hoja de laurel\r\n1 cebolla grande\r\n2 zanahorias, aprox. 200 g\r\n1 chiriv\u00eda, aprox. 150 g\r\n\u00bc de apio, aprox. 150 g\r\n1-2 cucharadas de aceite de colza\r\n1,2 l de caldo de verdura\r\n1 manzana agria\r\nsal y pimienta\r\n1 ramito de perejil\r\n120 g de queso Emmentaler AOP (D.O.P.) arom\u00e1tico","recipe_preparation":"Para empezar, cuece las lentejas a fuego lento, con la hoja de laurel en una olla con abundante agua unos 30-45 minutos, hasta que se queden blandas. Pica la cebolla en trocitos y pela las verduras y c\u00f3rtalas en daditos o en rodajas de 1,5 cm de espesor. Mezcla la cebolla picada con la verdura y hi\u00e9rvelas al vapor en una sart\u00e9n con aceite unos 10 minutos. Agrega el caldo de verdura, tapa la sart\u00e9n y d\u00e9jalo que siga cociendo a fuego lento unos 15 minutos m\u00e1s.\r\n\r\nAhora escurre bien las lentejas, retira la hoja de laurel y a\u00f1\u00e1delas a la sopa de verdura.\r\n\r\nSepara como una parte de la sopa en un recipiente alto y p\u00e1sala por el pasapur\u00e9, despu\u00e9s vuelve a echarla en la sart\u00e9n. Corta la manzana en daditos, a\u00f1\u00e1delos a la sopa y deja cocer a fuego lento unos 2-3 minutos. Sazona la sopa con sal y pimienta, pica el ramito de perejil y esp\u00e1rcelo en la sopa.\r\n\r\nPor \u00faltimo, raspa el queso Emmentaler AOP (D.O.P.) y s\u00edrvelo junto con la sopa de verdura y lentejas.","recipe_images":[25851,25856,25861]},"_links":{"self":[{"href":"https:\/\/www.emmentaler.ch\/es\/wp-json\/wp\/v2\/recipes\/51846"}],"collection":[{"href":"https:\/\/www.emmentaler.ch\/es\/wp-json\/wp\/v2\/recipes"}],"about":[{"href":"https:\/\/www.emmentaler.ch\/es\/wp-json\/wp\/v2\/types\/recipes"}],"author":[{"embeddable":true,"href":"https:\/\/www.emmentaler.ch\/es\/wp-json\/wp\/v2\/users\/2"}],"version-history":[{"count":0,"href":"https:\/\/www.emmentaler.ch\/es\/wp-json\/wp\/v2\/recipes\/51846\/revisions"}],"acf:attachment":[{"embeddable":true,"href":"https:\/\/www.emmentaler.ch\/es\/wp-json\/wp\/v2\/media\/25861"},{"embeddable":true,"href":"https:\/\/www.emmentaler.ch\/es\/wp-json\/wp\/v2\/media\/25856"},{"embeddable":true,"href":"https:\/\/www.emmentaler.ch\/es\/wp-json\/wp\/v2\/media\/25851"}],"acf:term":[{"embeddable":true,"taxonomy":"recipe_saison","href":"https:\/\/www.emmentaler.ch\/es\/wp-json\/wp\/v2\/recipe_saison\/554"},{"embeddable":true,"taxonomy":"recipe_saison","href":"https:\/\/www.emmentaler.ch\/es\/wp-json\/wp\/v2\/recipe_saison\/538"},{"embeddable":true,"taxonomy":"recipe_main_ingredient","href":"https:\/\/www.emmentaler.ch\/es\/wp-json\/wp\/v2\/recipe_main_ingredient\/602"},{"embeddable":true,"taxonomy":"recipe_diet_type","href":"https:\/\/www.emmentaler.ch\/es\/wp-json\/wp\/v2\/recipe_diet_type\/570"},{"embeddable":true,"taxonomy":"recipe_diet_type","href":"https:\/\/www.emmentaler.ch\/es\/wp-json\/wp\/v2\/recipe_diet_type\/562"},{"embeddable":true,"taxonomy":"recipe_difficulty","href":"https:\/\/www.emmentaler.ch\/es\/wp-json\/wp\/v2\/recipe_difficulty\/577"},{"embeddable":true,"taxonomy":"recipe_categories","href":"https:\/\/www.emmentaler.ch\/es\/wp-json\/wp\/v2\/recipe_categories\/619"},{"embeddable":true,"taxonomy":"recipe_preparation_time","href":"https:\/\/www.emmentaler.ch\/es\/wp-json\/wp\/v2\/recipe_preparation_time\/384"}],"acf:post":[{"embeddable":true,"href":"https:\/\/www.emmentaler.ch\/es\/wp-json\/wp\/v2\/pages\/65982"}],"wp:featuredmedia":[{"embeddable":true,"href":"https:\/\/www.emmentaler.ch\/es\/wp-json\/wp\/v2\/media\/51887"}],"wp:attachment":[{"href":"https:\/\/www.emmentaler.ch\/es\/wp-json\/wp\/v2\/media?parent=51846"}],"wp:term":[{"taxonomy":"post_tag","embeddable":true,"href":"https:\/\/www.emmentaler.ch\/es\/wp-json\/wp\/v2\/tags?post=51846"},{"taxonomy":"recipe_categories","embeddable":true,"href":"https:\/\/www.emmentaler.ch\/es\/wp-json\/wp\/v2\/recipe_categories?post=51846"},{"taxonomy":"et_countries","embeddable":true,"href":"https:\/\/www.emmentaler.ch\/es\/wp-json\/wp\/v2\/et_countries?post=51846"},{"taxonomy":"recipe_main_ingredient","embeddable":true,"href":"https:\/\/www.emmentaler.ch\/es\/wp-json\/wp\/v2\/recipe_main_ingredient?post=51846"},{"taxonomy":"recipe_difficulty","embeddable":true,"href":"https:\/\/www.emmentaler.ch\/es\/wp-json\/wp\/v2\/recipe_difficulty?post=51846"},{"taxonomy":"recipe_preparation_time","embeddable":true,"href":"https:\/\/www.emmentaler.ch\/es\/wp-json\/wp\/v2\/recipe_preparation_time?post=51846"},{"taxonomy":"recipe_diet_type","embeddable":true,"href":"https:\/\/www.emmentaler.ch\/es\/wp-json\/wp\/v2\/recipe_diet_type?post=51846"},{"taxonomy":"recipe_saison","embeddable":true,"href":"https:\/\/www.emmentaler.ch\/es\/wp-json\/wp\/v2\/recipe_saison?post=51846"}],"curies":[{"name":"wp","href":"https:\/\/api.w.org\/{rel}","templated":true}]}}

150 g de lentejas marrones
1 hoja de laurel
1 cebolla grande
2 zanahorias, aprox. 200 g
1 chirivía, aprox. 150 g
¼ de apio, aprox. 150 g
1-2 cucharadas de aceite de colza
1,2 l de caldo de verdura
1 manzana agria
sal y pimienta
1 ramito de perejil
120 g de queso Emmentaler AOP (D.O.P.) aromático

Para empezar, cuece las lentejas a fuego lento, con la hoja de laurel en una olla con abundante agua unos 30-45 minutos, hasta que se queden blandas. Pica la cebolla en trocitos y pela las verduras y córtalas en daditos o en rodajas de 1,5 cm de espesor. Mezcla la cebolla picada con la verdura y hiérvelas al vapor en una sartén con aceite unos 10 minutos. Agrega el caldo de verdura, tapa la sartén y déjalo que siga cociendo a fuego lento unos 15 minutos más.

Ahora escurre bien las lentejas, retira la hoja de laurel y añádelas a la sopa de verdura.

Separa como una parte de la sopa en un recipiente alto y pásala por el pasapuré, después vuelve a echarla en la sartén. Corta la manzana en daditos, añádelos a la sopa y deja cocer a fuego lento unos 2-3 minutos. Sazona la sopa con sal y pimienta, pica el ramito de perejil y espárcelo en la sopa.

Por último, raspa el queso Emmentaler AOP (D.O.P.) y sírvelo junto con la sopa de verdura y lentejas.
