{"id":51907,"date":"2022-04-27T13:45:45","date_gmt":"2022-04-27T11:45:45","guid":{"rendered":"https:\/\/www.emmentaler.ch\/rezept\/tortillas-con-salchichas-de-viena-y-chucrut"},"modified":"2022-06-24T15:02:11","modified_gmt":"2022-06-24T13:02:11","slug":"tortillas-con-salchichas-de-viena-y-chucrut","status":"publish","type":"recipes","link":"https:\/\/www.emmentaler.ch\/es\/recetas\/tortillas-con-salchichas-de-viena-y-chucrut","title":{"rendered":"Tortillas con salchichas de Viena y chucrut"},"author":2,"featured_media":51948,"menu_order":0,"template":"","meta":{"inline_featured_image":false},"tags":[],"recipe_categories":[619],"et_countries":[],"recipe_main_ingredient":[593],"recipe_difficulty":[577],"recipe_preparation_time":[388],"recipe_diet_type":[569],"recipe_saison":[529,561],"acf":{"recipe_preparation_time":388,"recipe_categories":619,"recipe_time_txt":"15 minutos y 20 minutos al horno","recipe_type":65975,"recipe_difficulty":577,"recipe_diet_type":[569],"recipe_main_ingredient":[593],"recipe_saison":[529,561],"recipe_count_portions":4,"recipe_ingedients":[{"recipe_ingedients_amount":"","recipe_ingedients_unit":"g","recipe_ingedients_product":""}],"temporare_zutaten":"1 lata de tomates triturados, 800 g\r\nsal y pimienta\r\n750 g de chucrut cocido\r\n1 cucharadita de piment\u00f3n dulce\r\n8 tortillas de harina de trigo\r\n8 salchichas de Viena\r\n150 g de queso Emmentaler AOP arom\u00e1tico\r\n1 manojo de cebollino","recipe_preparation":"Echa los tomates triturados en una fuente para horno engrasada y saz\u00f3nalos con sal y pimienta. Despu\u00e9s, escurre un poco el chucrut y al\u00ed\u00f1alo con piment\u00f3n dulce. Reparte el chucrut sobre las tortillas de harina y coloca una salchicha en cada una, enrolla las tortillas y col\u00f3calas sobre el tomate triturado.\r\n\r\nRalla el queso Emmentaler AOP con un rallador grueso y esp\u00e1rcelo sobre las tortillas. Incorpora la fuente con las tortillas en el nivel medio del horno a 200 grados (horno cl\u00e1sico) y deja que se tueste unos 20 minutos.\r\n\r\nAntes de servir el plato, pica el cebollino en aros peque\u00f1itos y esp\u00e1rcelo sobre las tortillas gratinadas.","recipe_images":[26034,26029,26039]},"_links":{"self":[{"href":"https:\/\/www.emmentaler.ch\/es\/wp-json\/wp\/v2\/recipes\/51907"}],"collection":[{"href":"https:\/\/www.emmentaler.ch\/es\/wp-json\/wp\/v2\/recipes"}],"about":[{"href":"https:\/\/www.emmentaler.ch\/es\/wp-json\/wp\/v2\/types\/recipes"}],"author":[{"embeddable":true,"href":"https:\/\/www.emmentaler.ch\/es\/wp-json\/wp\/v2\/users\/2"}],"version-history":[{"count":0,"href":"https:\/\/www.emmentaler.ch\/es\/wp-json\/wp\/v2\/recipes\/51907\/revisions"}],"acf:attachment":[{"embeddable":true,"href":"https:\/\/www.emmentaler.ch\/es\/wp-json\/wp\/v2\/media\/26039"},{"embeddable":true,"href":"https:\/\/www.emmentaler.ch\/es\/wp-json\/wp\/v2\/media\/26029"},{"embeddable":true,"href":"https:\/\/www.emmentaler.ch\/es\/wp-json\/wp\/v2\/media\/26034"}],"acf:term":[{"embeddable":true,"taxonomy":"recipe_saison","href":"https:\/\/www.emmentaler.ch\/es\/wp-json\/wp\/v2\/recipe_saison\/561"},{"embeddable":true,"taxonomy":"recipe_saison","href":"https:\/\/www.emmentaler.ch\/es\/wp-json\/wp\/v2\/recipe_saison\/529"},{"embeddable":true,"taxonomy":"recipe_main_ingredient","href":"https:\/\/www.emmentaler.ch\/es\/wp-json\/wp\/v2\/recipe_main_ingredient\/593"},{"embeddable":true,"taxonomy":"recipe_diet_type","href":"https:\/\/www.emmentaler.ch\/es\/wp-json\/wp\/v2\/recipe_diet_type\/569"},{"embeddable":true,"taxonomy":"recipe_difficulty","href":"https:\/\/www.emmentaler.ch\/es\/wp-json\/wp\/v2\/recipe_difficulty\/577"},{"embeddable":true,"taxonomy":"recipe_categories","href":"https:\/\/www.emmentaler.ch\/es\/wp-json\/wp\/v2\/recipe_categories\/619"},{"embeddable":true,"taxonomy":"recipe_preparation_time","href":"https:\/\/www.emmentaler.ch\/es\/wp-json\/wp\/v2\/recipe_preparation_time\/388"}],"acf:post":[{"embeddable":true,"href":"https:\/\/www.emmentaler.ch\/es\/wp-json\/wp\/v2\/pages\/65975"}],"wp:featuredmedia":[{"embeddable":true,"href":"https:\/\/www.emmentaler.ch\/es\/wp-json\/wp\/v2\/media\/51948"}],"wp:attachment":[{"href":"https:\/\/www.emmentaler.ch\/es\/wp-json\/wp\/v2\/media?parent=51907"}],"wp:term":[{"taxonomy":"post_tag","embeddable":true,"href":"https:\/\/www.emmentaler.ch\/es\/wp-json\/wp\/v2\/tags?post=51907"},{"taxonomy":"recipe_categories","embeddable":true,"href":"https:\/\/www.emmentaler.ch\/es\/wp-json\/wp\/v2\/recipe_categories?post=51907"},{"taxonomy":"et_countries","embeddable":true,"href":"https:\/\/www.emmentaler.ch\/es\/wp-json\/wp\/v2\/et_countries?post=51907"},{"taxonomy":"recipe_main_ingredient","embeddable":true,"href":"https:\/\/www.emmentaler.ch\/es\/wp-json\/wp\/v2\/recipe_main_ingredient?post=51907"},{"taxonomy":"recipe_difficulty","embeddable":true,"href":"https:\/\/www.emmentaler.ch\/es\/wp-json\/wp\/v2\/recipe_difficulty?post=51907"},{"taxonomy":"recipe_preparation_time","embeddable":true,"href":"https:\/\/www.emmentaler.ch\/es\/wp-json\/wp\/v2\/recipe_preparation_time?post=51907"},{"taxonomy":"recipe_diet_type","embeddable":true,"href":"https:\/\/www.emmentaler.ch\/es\/wp-json\/wp\/v2\/recipe_diet_type?post=51907"},{"taxonomy":"recipe_saison","embeddable":true,"href":"https:\/\/www.emmentaler.ch\/es\/wp-json\/wp\/v2\/recipe_saison?post=51907"}],"curies":[{"name":"wp","href":"https:\/\/api.w.org\/{rel}","templated":true}]}}

1 lata de tomates triturados, 800 g
sal y pimienta
750 g de chucrut cocido
1 cucharadita de pimentón dulce
8 tortillas de harina de trigo
8 salchichas de Viena
150 g de queso Emmentaler AOP aromático
1 manojo de cebollino

Echa los tomates triturados en una fuente para horno engrasada y sazónalos con sal y pimienta. Después, escurre un poco el chucrut y alíñalo con pimentón dulce. Reparte el chucrut sobre las tortillas de harina y coloca una salchicha en cada una, enrolla las tortillas y colócalas sobre el tomate triturado.

Ralla el queso Emmentaler AOP con un rallador grueso y espárcelo sobre las tortillas. Incorpora la fuente con las tortillas en el nivel medio del horno a 200 grados (horno clásico) y deja que se tueste unos 20 minutos.

Antes de servir el plato, pica el cebollino en aros pequeñitos y espárcelo sobre las tortillas gratinadas.
