{"id":51968,"date":"2022-04-27T13:36:19","date_gmt":"2022-04-27T11:36:19","guid":{"rendered":"https:\/\/www.emmentaler.ch\/rezept\/gratinado-de-primavera-con-corteza-de-nueces-y-queso"},"modified":"2022-05-23T17:52:53","modified_gmt":"2022-05-23T15:52:53","slug":"gratinado-de-primavera-con-corteza-de-nueces-y-queso","status":"publish","type":"recipes","link":"https:\/\/www.emmentaler.ch\/es\/recetas\/gratinado-de-primavera-con-corteza-de-nueces-y-queso","title":{"rendered":"Gratinado de primavera con corteza de nueces y queso"},"author":2,"featured_media":51989,"menu_order":0,"template":"","meta":{"inline_featured_image":false},"tags":[],"recipe_categories":[619],"et_countries":[],"recipe_main_ingredient":[602],"recipe_difficulty":[578],"recipe_preparation_time":[396],"recipe_diet_type":[570],"recipe_saison":[530],"acf":{"recipe_preparation_time":396,"recipe_categories":619,"recipe_time_txt":"30 minutos, m\u00e1s 25 minutos para hornear","recipe_type":5195,"recipe_difficulty":578,"recipe_diet_type":[570],"recipe_main_ingredient":[602],"recipe_saison":[530],"recipe_count_portions":4,"recipe_ingedients":[{"recipe_ingedients_amount":"125","recipe_ingedients_unit":"g","recipe_ingedients_product":"esp\u00e1rrago verde"},{"recipe_ingedients_amount":"0.5","recipe_ingedients_unit":"St\u00fcck","recipe_ingedients_product":"colinabos"},{"recipe_ingedients_amount":"150","recipe_ingedients_unit":"g","recipe_ingedients_product":"patatas"},{"recipe_ingedients_amount":"62.5","recipe_ingedients_unit":"g","recipe_ingedients_product":"zanahorias"},{"recipe_ingedients_amount":"75","recipe_ingedients_unit":"ml","recipe_ingedients_product":"leche"},{"recipe_ingedients_amount":"50","recipe_ingedients_unit":"ml","recipe_ingedients_product":"nata"},{"recipe_ingedients_amount":"37.5","recipe_ingedients_unit":"g","recipe_ingedients_product":"Emmentaler AOP rallado"},{"recipe_ingedients_amount":".25","recipe_ingedients_unit":"Bd","recipe_ingedients_product":"perejil"},{"recipe_ingedients_amount":"7.5","recipe_ingedients_unit":"g","recipe_ingedients_product":"avellanas"},{"recipe_ingedients_amount":"0.5","recipe_ingedients_unit":"El","recipe_ingedients_product":"pan rallado"},{"recipe_ingedients_amount":".25","recipe_ingedients_unit":"El","recipe_ingedients_product":""},{"recipe_ingedients_amount":"","recipe_ingedients_unit":"Bedarf","recipe_ingedients_product":""}],"temporare_zutaten":"500 g de esp\u00e1rrago verde\r\n2 colinabos\r\n600 g de patatas\r\n250 g de zanahorias\r\n3 dl de leche\r\n2 dl de nata\r\nSal, pimienta\r\n150 g de queso Emmentaler AOP rallado\r\n1 manojo de perejil\r\n30 g de avellanas\r\n2 cucharadas de pan rallado\r\n1 cucharada de aceite","recipe_preparation":"Quitar cortando la parte inferior le\u00f1osa de los esp\u00e1rragos. Cortar el esp\u00e1rrago en trozos de 3 cm de largo. Pelar los colinabos, las patatas y las zanahorias. Cortar los colinabos en forma de barritas, las patatas en rodajas y las zanahorias en ruedecillas.\r\n\r\nHervir leche, nata, sal y pimienta. Agregar la verdura y las patatas y cocer a fuego lento tapado durante unos 10 minutos, revolviendo de vez en cuando. Mezclar 100 g de Emmentaler AOP con la verdura y verter todo en un molde de gratinado. Hornear en un horno a 180 grados durante 10 minutos aproximadamente.\r\n\r\nPicar bien el perejil. Trocear las avellanas. Mezclar todo con el resto del queso, con el pan rallado y el aceite. Esparcir encima del gratinado y hornear durante otros 10-15 minutos.","recipe_images":[51979,51984]},"_links":{"self":[{"href":"https:\/\/www.emmentaler.ch\/es\/wp-json\/wp\/v2\/recipes\/51968"}],"collection":[{"href":"https:\/\/www.emmentaler.ch\/es\/wp-json\/wp\/v2\/recipes"}],"about":[{"href":"https:\/\/www.emmentaler.ch\/es\/wp-json\/wp\/v2\/types\/recipes"}],"author":[{"embeddable":true,"href":"https:\/\/www.emmentaler.ch\/es\/wp-json\/wp\/v2\/users\/2"}],"version-history":[{"count":0,"href":"https:\/\/www.emmentaler.ch\/es\/wp-json\/wp\/v2\/recipes\/51968\/revisions"}],"acf:attachment":[{"embeddable":true,"href":"https:\/\/www.emmentaler.ch\/es\/wp-json\/wp\/v2\/media\/51984"},{"embeddable":true,"href":"https:\/\/www.emmentaler.ch\/es\/wp-json\/wp\/v2\/media\/51979"}],"acf:term":[{"embeddable":true,"taxonomy":"recipe_saison","href":"https:\/\/www.emmentaler.ch\/es\/wp-json\/wp\/v2\/recipe_saison\/530"},{"embeddable":true,"taxonomy":"recipe_main_ingredient","href":"https:\/\/www.emmentaler.ch\/es\/wp-json\/wp\/v2\/recipe_main_ingredient\/602"},{"embeddable":true,"taxonomy":"recipe_diet_type","href":"https:\/\/www.emmentaler.ch\/es\/wp-json\/wp\/v2\/recipe_diet_type\/570"},{"embeddable":true,"taxonomy":"recipe_difficulty","href":"https:\/\/www.emmentaler.ch\/es\/wp-json\/wp\/v2\/recipe_difficulty\/578"},{"embeddable":true,"taxonomy":"recipe_categories","href":"https:\/\/www.emmentaler.ch\/es\/wp-json\/wp\/v2\/recipe_categories\/619"},{"embeddable":true,"taxonomy":"recipe_preparation_time","href":"https:\/\/www.emmentaler.ch\/es\/wp-json\/wp\/v2\/recipe_preparation_time\/396"}],"acf:post":[{"embeddable":true,"href":"https:\/\/www.emmentaler.ch\/es\/wp-json\/wp\/v2\/pages\/5195"}],"wp:featuredmedia":[{"embeddable":true,"href":"https:\/\/www.emmentaler.ch\/es\/wp-json\/wp\/v2\/media\/51989"}],"wp:attachment":[{"href":"https:\/\/www.emmentaler.ch\/es\/wp-json\/wp\/v2\/media?parent=51968"}],"wp:term":[{"taxonomy":"post_tag","embeddable":true,"href":"https:\/\/www.emmentaler.ch\/es\/wp-json\/wp\/v2\/tags?post=51968"},{"taxonomy":"recipe_categories","embeddable":true,"href":"https:\/\/www.emmentaler.ch\/es\/wp-json\/wp\/v2\/recipe_categories?post=51968"},{"taxonomy":"et_countries","embeddable":true,"href":"https:\/\/www.emmentaler.ch\/es\/wp-json\/wp\/v2\/et_countries?post=51968"},{"taxonomy":"recipe_main_ingredient","embeddable":true,"href":"https:\/\/www.emmentaler.ch\/es\/wp-json\/wp\/v2\/recipe_main_ingredient?post=51968"},{"taxonomy":"recipe_difficulty","embeddable":true,"href":"https:\/\/www.emmentaler.ch\/es\/wp-json\/wp\/v2\/recipe_difficulty?post=51968"},{"taxonomy":"recipe_preparation_time","embeddable":true,"href":"https:\/\/www.emmentaler.ch\/es\/wp-json\/wp\/v2\/recipe_preparation_time?post=51968"},{"taxonomy":"recipe_diet_type","embeddable":true,"href":"https:\/\/www.emmentaler.ch\/es\/wp-json\/wp\/v2\/recipe_diet_type?post=51968"},{"taxonomy":"recipe_saison","embeddable":true,"href":"https:\/\/www.emmentaler.ch\/es\/wp-json\/wp\/v2\/recipe_saison?post=51968"}],"curies":[{"name":"wp","href":"https:\/\/api.w.org\/{rel}","templated":true}]}}

30 minutos, más 25 minutos para hornear

espárrago verde

Stück

500 g de espárrago verde
2 colinabos
600 g de patatas
250 g de zanahorias
3 dl de leche
2 dl de nata
Sal, pimienta
150 g de queso Emmentaler AOP rallado
1 manojo de perejil
30 g de avellanas
2 cucharadas de pan rallado
1 cucharada de aceite

Quitar cortando la parte inferior leñosa de los espárragos. Cortar el espárrago en trozos de 3 cm de largo. Pelar los colinabos, las patatas y las zanahorias. Cortar los colinabos en forma de barritas, las patatas en rodajas y las zanahorias en ruedecillas.

Hervir leche, nata, sal y pimienta. Agregar la verdura y las patatas y cocer a fuego lento tapado durante unos 10 minutos, revolviendo de vez en cuando. Mezclar 100 g de Emmentaler AOP con la verdura y verter todo en un molde de gratinado. Hornear en un horno a 180 grados durante 10 minutos aproximadamente.

Picar bien el perejil. Trocear las avellanas. Mezclar todo con el resto del queso, con el pan rallado y el aceite. Esparcir encima del gratinado y hornear durante otros 10-15 minutos.
