{"id":52030,"date":"2022-04-27T13:41:56","date_gmt":"2022-04-27T11:41:56","guid":{"rendered":"https:\/\/www.emmentaler.ch\/rezept\/pan-de-pita-con-calabacin"},"modified":"2024-07-25T17:40:10","modified_gmt":"2024-07-25T15:40:10","slug":"pan-de-pita-con-calabacin","status":"publish","type":"recipes","link":"https:\/\/www.emmentaler.ch\/es\/recetas\/pan-de-pita-con-calabacin","title":{"rendered":"Pan de pita con calabac\u00edn"},"author":2,"featured_media":52056,"menu_order":0,"template":"","meta":{"inline_featured_image":false},"tags":[843],"recipe_categories":[608],"et_countries":[],"recipe_main_ingredient":[602],"recipe_difficulty":[577],"recipe_preparation_time":[627],"recipe_diet_type":[569,570],"recipe_saison":[538,530,546],"acf":{"recipe_preparation_time":627,"recipe_categories":608,"recipe_time_txt":"","recipe_type":65947,"recipe_difficulty":577,"recipe_diet_type":[569,570],"recipe_main_ingredient":[602],"recipe_saison":[530,538,546],"recipe_count_portions":3,"recipe_ingedients":[{"recipe_ingedients_amount":"","recipe_ingedients_unit":"g","recipe_ingedients_product":""}],"temporare_zutaten":"2 cucharadas de pi\u00f1ones\r\n125 g de calabac\u00edn\r\n125 g de zanahoria\r\n250 g de Emmentaler AOC\r\n1 manojo de or\u00e9gano\r\n1 diente de ajo\r\nSal, pimienta\r\n6 panes de pita\r\n3 cucharadas de pesto rojo (pesto de tomate)","recipe_preparation":"<span style=\"font-weight: 400;\">Tuesta ligeramente los pi\u00f1ones en una sart\u00e9n sin aceite. Ralla los calabacines, las zanahorias y el Emmentaler AOC con el rallador de r\u00f6sti. Pica fino el or\u00e9gano y el ajo. M\u00e9zclalo todo y condimenta con sal y pimienta.<\/span>\r\n\r\n<span style=\"font-weight: 400;\">Humedece el pan de pita con un poco de agua. Corta con cuidado el borde a lo largo aprox. 1\u00a0cm y separa las mitades. Unta 6 mitades del pan de pita con pesto rojo. Reparte la mezcla de queso y calabac\u00edn por encima y col\u00f3calas en una bandeja de horno. M\u00e9telas en el horno precalentado a 220\u00ba durante 5\u00a0minutos. Coloca la tapa del pan de pita y presiona bien. Hornea otros 2-3\u00a0minutos. Servir caliente.<\/span>","recipe_images":[24726]},"_links":{"self":[{"href":"https:\/\/www.emmentaler.ch\/es\/wp-json\/wp\/v2\/recipes\/52030"}],"collection":[{"href":"https:\/\/www.emmentaler.ch\/es\/wp-json\/wp\/v2\/recipes"}],"about":[{"href":"https:\/\/www.emmentaler.ch\/es\/wp-json\/wp\/v2\/types\/recipes"}],"author":[{"embeddable":true,"href":"https:\/\/www.emmentaler.ch\/es\/wp-json\/wp\/v2\/users\/2"}],"version-history":[{"count":1,"href":"https:\/\/www.emmentaler.ch\/es\/wp-json\/wp\/v2\/recipes\/52030\/revisions"}],"predecessor-version":[{"id":137926,"href":"https:\/\/www.emmentaler.ch\/es\/wp-json\/wp\/v2\/recipes\/52030\/revisions\/137926"}],"acf:attachment":[{"embeddable":true,"href":"https:\/\/www.emmentaler.ch\/es\/wp-json\/wp\/v2\/media\/24726"}],"acf:term":[{"embeddable":true,"taxonomy":"recipe_saison","href":"https:\/\/www.emmentaler.ch\/es\/wp-json\/wp\/v2\/recipe_saison\/546"},{"embeddable":true,"taxonomy":"recipe_saison","href":"https:\/\/www.emmentaler.ch\/es\/wp-json\/wp\/v2\/recipe_saison\/538"},{"embeddable":true,"taxonomy":"recipe_saison","href":"https:\/\/www.emmentaler.ch\/es\/wp-json\/wp\/v2\/recipe_saison\/530"},{"embeddable":true,"taxonomy":"recipe_main_ingredient","href":"https:\/\/www.emmentaler.ch\/es\/wp-json\/wp\/v2\/recipe_main_ingredient\/602"},{"embeddable":true,"taxonomy":"recipe_diet_type","href":"https:\/\/www.emmentaler.ch\/es\/wp-json\/wp\/v2\/recipe_diet_type\/570"},{"embeddable":true,"taxonomy":"recipe_diet_type","href":"https:\/\/www.emmentaler.ch\/es\/wp-json\/wp\/v2\/recipe_diet_type\/569"},{"embeddable":true,"taxonomy":"recipe_difficulty","href":"https:\/\/www.emmentaler.ch\/es\/wp-json\/wp\/v2\/recipe_difficulty\/577"},{"embeddable":true,"taxonomy":"recipe_categories","href":"https:\/\/www.emmentaler.ch\/es\/wp-json\/wp\/v2\/recipe_categories\/608"},{"embeddable":true,"taxonomy":"recipe_preparation_time","href":"https:\/\/www.emmentaler.ch\/es\/wp-json\/wp\/v2\/recipe_preparation_time\/627"}],"acf:post":[{"embeddable":true,"href":"https:\/\/www.emmentaler.ch\/es\/wp-json\/wp\/v2\/pages\/65947"}],"wp:featuredmedia":[{"embeddable":true,"href":"https:\/\/www.emmentaler.ch\/es\/wp-json\/wp\/v2\/media\/52056"}],"wp:attachment":[{"href":"https:\/\/www.emmentaler.ch\/es\/wp-json\/wp\/v2\/media?parent=52030"}],"wp:term":[{"taxonomy":"post_tag","embeddable":true,"href":"https:\/\/www.emmentaler.ch\/es\/wp-json\/wp\/v2\/tags?post=52030"},{"taxonomy":"recipe_categories","embeddable":true,"href":"https:\/\/www.emmentaler.ch\/es\/wp-json\/wp\/v2\/recipe_categories?post=52030"},{"taxonomy":"et_countries","embeddable":true,"href":"https:\/\/www.emmentaler.ch\/es\/wp-json\/wp\/v2\/et_countries?post=52030"},{"taxonomy":"recipe_main_ingredient","embeddable":true,"href":"https:\/\/www.emmentaler.ch\/es\/wp-json\/wp\/v2\/recipe_main_ingredient?post=52030"},{"taxonomy":"recipe_difficulty","embeddable":true,"href":"https:\/\/www.emmentaler.ch\/es\/wp-json\/wp\/v2\/recipe_difficulty?post=52030"},{"taxonomy":"recipe_preparation_time","embeddable":true,"href":"https:\/\/www.emmentaler.ch\/es\/wp-json\/wp\/v2\/recipe_preparation_time?post=52030"},{"taxonomy":"recipe_diet_type","embeddable":true,"href":"https:\/\/www.emmentaler.ch\/es\/wp-json\/wp\/v2\/recipe_diet_type?post=52030"},{"taxonomy":"recipe_saison","embeddable":true,"href":"https:\/\/www.emmentaler.ch\/es\/wp-json\/wp\/v2\/recipe_saison?post=52030"}],"curies":[{"name":"wp","href":"https:\/\/api.w.org\/{rel}","templated":true}]}}

Pan de pita con calabacín

2 cucharadas de piñones
125 g de calabacín
125 g de zanahoria
250 g de Emmentaler AOC
1 manojo de orégano
1 diente de ajo
Sal, pimienta
6 panes de pita
3 cucharadas de pesto rojo (pesto de tomate)

<span style="font-weight: 400;">Tuesta ligeramente los piñones en una sartén sin aceite. Ralla los calabacines, las zanahorias y el Emmentaler AOC con el rallador de rösti. Pica fino el orégano y el ajo. Mézclalo todo y condimenta con sal y pimienta.</span>

<span style="font-weight: 400;">Humedece el pan de pita con un poco de agua. Corta con cuidado el borde a lo largo aprox. 1 cm y separa las mitades. Unta 6 mitades del pan de pita con pesto rojo. Reparte la mezcla de queso y calabacín por encima y colócalas en una bandeja de horno. Mételas en el horno precalentado a 220º durante 5 minutos. Coloca la tapa del pan de pita y presiona bien. Hornea otros 2-3 minutos. Servir caliente.</span>
