{"id":52061,"date":"2022-04-27T13:41:56","date_gmt":"2022-04-27T11:41:56","guid":{"rendered":"https:\/\/www.emmentaler.ch\/rezept\/tortilla-de-calabacin"},"modified":"2022-06-27T14:24:35","modified_gmt":"2022-06-27T12:24:35","slug":"tortilla-de-calabacin","status":"publish","type":"recipes","link":"https:\/\/www.emmentaler.ch\/es\/recetas\/tortilla-de-calabacin","title":{"rendered":"Tortilla de calabac\u00edn"},"author":2,"featured_media":52087,"menu_order":0,"template":"","meta":{"inline_featured_image":false},"tags":[],"recipe_categories":[619],"et_countries":[],"recipe_main_ingredient":[602],"recipe_difficulty":[577],"recipe_preparation_time":[372],"recipe_diet_type":[562,570],"recipe_saison":[538,530,546],"acf":{"recipe_preparation_time":372,"recipe_categories":619,"recipe_time_txt":"30 minutos m\u00e1s 20 minutos en el horno","recipe_type":65947,"recipe_difficulty":577,"recipe_diet_type":[562,570],"recipe_main_ingredient":[602],"recipe_saison":[530,538,546],"recipe_count_portions":4,"recipe_ingedients":[{"recipe_ingedients_amount":"","recipe_ingedients_unit":"g","recipe_ingedients_product":""}],"temporare_zutaten":"400 g de patatas cocidas\r\n500 g de calabac\u00edn\r\n1 cebolla\r\n1 manojo de perejil\r\n3 cucharadas de aceite de oliva\r\nSal, pimienta\r\n1 diente de ajo\r\n150 g de tomates cherry\r\n6 huevos\r\n0,5 dl de leche\r\n175 g de Emmentaler AOP Bio","recipe_preparation":"<span style=\"font-weight: 400;\">Pela las patatas y c\u00f3rtalas en dados grandes de 1-2\u00a0cm. Corta el calabac\u00edn en rodajas gruesas de aprox. 7\u00a0mm. Pica fino el perejil y la cebolla. Calienta aceite en una sart\u00e9n grande y apta para horno, y fr\u00ede las patatas. A\u00f1ade la cebolla, el perejil y el calabac\u00edn, condimenta con sal y pimienta, y sigue friendo unos 10\u00a0minutos removiendo de vez en cuando. Despu\u00e9s, a\u00f1ade el ajo prensado. Corta los tomates por la mitad y a\u00f1\u00e1delos tambi\u00e9n.<\/span>\r\n\r\n<span style=\"font-weight: 400;\">Bate los huevos con la leche y saz\u00f3nalos. Corta el Emmentaler AOP Bio en dados peque\u00f1os. A\u00f1ade el queso y la mezcla a la verdura. Mete la sart\u00e9n en el horno a 200\u00ba en la altura media y hornea durante 15-20 minutos. Puedes servir la tortilla caliente o fr\u00eda.<\/span>","recipe_images":[24695]},"_links":{"self":[{"href":"https:\/\/www.emmentaler.ch\/es\/wp-json\/wp\/v2\/recipes\/52061"}],"collection":[{"href":"https:\/\/www.emmentaler.ch\/es\/wp-json\/wp\/v2\/recipes"}],"about":[{"href":"https:\/\/www.emmentaler.ch\/es\/wp-json\/wp\/v2\/types\/recipes"}],"author":[{"embeddable":true,"href":"https:\/\/www.emmentaler.ch\/es\/wp-json\/wp\/v2\/users\/2"}],"version-history":[{"count":0,"href":"https:\/\/www.emmentaler.ch\/es\/wp-json\/wp\/v2\/recipes\/52061\/revisions"}],"acf:attachment":[{"embeddable":true,"href":"https:\/\/www.emmentaler.ch\/es\/wp-json\/wp\/v2\/media\/24695"}],"acf:term":[{"embeddable":true,"taxonomy":"recipe_saison","href":"https:\/\/www.emmentaler.ch\/es\/wp-json\/wp\/v2\/recipe_saison\/546"},{"embeddable":true,"taxonomy":"recipe_saison","href":"https:\/\/www.emmentaler.ch\/es\/wp-json\/wp\/v2\/recipe_saison\/538"},{"embeddable":true,"taxonomy":"recipe_saison","href":"https:\/\/www.emmentaler.ch\/es\/wp-json\/wp\/v2\/recipe_saison\/530"},{"embeddable":true,"taxonomy":"recipe_main_ingredient","href":"https:\/\/www.emmentaler.ch\/es\/wp-json\/wp\/v2\/recipe_main_ingredient\/602"},{"embeddable":true,"taxonomy":"recipe_diet_type","href":"https:\/\/www.emmentaler.ch\/es\/wp-json\/wp\/v2\/recipe_diet_type\/570"},{"embeddable":true,"taxonomy":"recipe_diet_type","href":"https:\/\/www.emmentaler.ch\/es\/wp-json\/wp\/v2\/recipe_diet_type\/562"},{"embeddable":true,"taxonomy":"recipe_difficulty","href":"https:\/\/www.emmentaler.ch\/es\/wp-json\/wp\/v2\/recipe_difficulty\/577"},{"embeddable":true,"taxonomy":"recipe_categories","href":"https:\/\/www.emmentaler.ch\/es\/wp-json\/wp\/v2\/recipe_categories\/619"},{"embeddable":true,"taxonomy":"recipe_preparation_time","href":"https:\/\/www.emmentaler.ch\/es\/wp-json\/wp\/v2\/recipe_preparation_time\/372"}],"acf:post":[{"embeddable":true,"href":"https:\/\/www.emmentaler.ch\/es\/wp-json\/wp\/v2\/pages\/65947"}],"wp:featuredmedia":[{"embeddable":true,"href":"https:\/\/www.emmentaler.ch\/es\/wp-json\/wp\/v2\/media\/52087"}],"wp:attachment":[{"href":"https:\/\/www.emmentaler.ch\/es\/wp-json\/wp\/v2\/media?parent=52061"}],"wp:term":[{"taxonomy":"post_tag","embeddable":true,"href":"https:\/\/www.emmentaler.ch\/es\/wp-json\/wp\/v2\/tags?post=52061"},{"taxonomy":"recipe_categories","embeddable":true,"href":"https:\/\/www.emmentaler.ch\/es\/wp-json\/wp\/v2\/recipe_categories?post=52061"},{"taxonomy":"et_countries","embeddable":true,"href":"https:\/\/www.emmentaler.ch\/es\/wp-json\/wp\/v2\/et_countries?post=52061"},{"taxonomy":"recipe_main_ingredient","embeddable":true,"href":"https:\/\/www.emmentaler.ch\/es\/wp-json\/wp\/v2\/recipe_main_ingredient?post=52061"},{"taxonomy":"recipe_difficulty","embeddable":true,"href":"https:\/\/www.emmentaler.ch\/es\/wp-json\/wp\/v2\/recipe_difficulty?post=52061"},{"taxonomy":"recipe_preparation_time","embeddable":true,"href":"https:\/\/www.emmentaler.ch\/es\/wp-json\/wp\/v2\/recipe_preparation_time?post=52061"},{"taxonomy":"recipe_diet_type","embeddable":true,"href":"https:\/\/www.emmentaler.ch\/es\/wp-json\/wp\/v2\/recipe_diet_type?post=52061"},{"taxonomy":"recipe_saison","embeddable":true,"href":"https:\/\/www.emmentaler.ch\/es\/wp-json\/wp\/v2\/recipe_saison?post=52061"}],"curies":[{"name":"wp","href":"https:\/\/api.w.org\/{rel}","templated":true}]}}

Tortilla de calabacín

30 minutos más 20 minutos en el horno

400 g de patatas cocidas
500 g de calabacín
1 cebolla
1 manojo de perejil
3 cucharadas de aceite de oliva
Sal, pimienta
1 diente de ajo
150 g de tomates cherry
6 huevos
0,5 dl de leche
175 g de Emmentaler AOP Bio

<span style="font-weight: 400;">Pela las patatas y córtalas en dados grandes de 1-2 cm. Corta el calabacín en rodajas gruesas de aprox. 7 mm. Pica fino el perejil y la cebolla. Calienta aceite en una sartén grande y apta para horno, y fríe las patatas. Añade la cebolla, el perejil y el calabacín, condimenta con sal y pimienta, y sigue friendo unos 10 minutos removiendo de vez en cuando. Después, añade el ajo prensado. Corta los tomates por la mitad y añádelos también.</span>

<span style="font-weight: 400;">Bate los huevos con la leche y sazónalos. Corta el Emmentaler AOP Bio en dados pequeños. Añade el queso y la mezcla a la verdura. Mete la sartén en el horno a 200º en la altura media y hornea durante 15-20 minutos. Puedes servir la tortilla caliente o fría.</span>
