{"id":52092,"date":"2022-04-27T13:41:56","date_gmt":"2022-04-27T11:41:56","guid":{"rendered":"https:\/\/www.emmentaler.ch\/rezept\/torta-con-verduras-y-emmentaler-aop"},"modified":"2022-06-28T11:43:37","modified_gmt":"2022-06-28T09:43:37","slug":"torta-con-verduras","status":"publish","type":"recipes","link":"https:\/\/www.emmentaler.ch\/es\/recetas\/torta-con-verduras","title":{"rendered":"Torta con verduras"},"author":2,"featured_media":52108,"menu_order":0,"template":"","meta":{"inline_featured_image":false},"tags":[],"recipe_categories":[611],"et_countries":[],"recipe_main_ingredient":[602],"recipe_difficulty":[578],"recipe_preparation_time":[372],"recipe_diet_type":[570],"recipe_saison":[529,530,561],"acf":{"recipe_preparation_time":372,"recipe_categories":611,"recipe_time_txt":"20 minutos m\u00e1s 30 minutos en el horno","recipe_type":65932,"recipe_difficulty":578,"recipe_diet_type":[570],"recipe_main_ingredient":[602],"recipe_saison":[529,530,561],"recipe_count_portions":4,"recipe_ingedients":[{"recipe_ingedients_amount":"","recipe_ingedients_unit":"g","recipe_ingedients_product":""}],"temporare_zutaten":"3 cebolletas\r\n200 g de calabacines\r\n2 cucharadas de aceite de oliva\r\n100 g de guisantes, frescos o congelados\r\n100 g de tirabeques, frescos o congelados\r\nSal, pimienta\r\n175 g de Emmentaler AOP\r\n1 masa de hojaldre rectangular, aprox. 300 g\r\n100 g de crema agria\r\n1 pu\u00f1ado de r\u00facula","recipe_preparation":"<span style=\"font-weight: 400;\">Corta las cebolletas en trozos longitudinales de unos 3 cm. Parte los bulbos de las cebolletas por la mitad. Parte los calabacines por la mitad y c\u00f3rtalos en rodajas finas de 5 mm. Calienta aceite en una sart\u00e9n. Fr\u00ede el calabac\u00edn, las cebolletas, los guisantes y los tirabeques a fuego fuerte 5 minutos. Dale vueltas de vez en cuando, condimenta con sal y pimienta y deja enfriar un poco.<\/span>\r\n\r\n<span style=\"font-weight: 400;\">Ralla el Emmentaler AOP. Coloca la masa de hojaldre en una bandeja y p\u00ednchala varias veces con un tenedor. Extiende la crema agria por la masa, reparte la verdura y espolvorea el Emmentaler AOP.<\/span>\r\n\r\n<span style=\"font-weight: 400;\">Hornea a 220\u00ba durante 20-30 minutos en la rendija inferior del horno precalentado.<\/span>\r\n\r\n<span style=\"font-weight: 400;\">Reparte la r\u00facula sobre la torta, c\u00f3rtala en trozos y s\u00edrvela.<\/span>","recipe_images":[52108]},"_links":{"self":[{"href":"https:\/\/www.emmentaler.ch\/es\/wp-json\/wp\/v2\/recipes\/52092"}],"collection":[{"href":"https:\/\/www.emmentaler.ch\/es\/wp-json\/wp\/v2\/recipes"}],"about":[{"href":"https:\/\/www.emmentaler.ch\/es\/wp-json\/wp\/v2\/types\/recipes"}],"author":[{"embeddable":true,"href":"https:\/\/www.emmentaler.ch\/es\/wp-json\/wp\/v2\/users\/2"}],"version-history":[{"count":0,"href":"https:\/\/www.emmentaler.ch\/es\/wp-json\/wp\/v2\/recipes\/52092\/revisions"}],"acf:attachment":[{"embeddable":true,"href":"https:\/\/www.emmentaler.ch\/es\/wp-json\/wp\/v2\/media\/52108"}],"acf:term":[{"embeddable":true,"taxonomy":"recipe_saison","href":"https:\/\/www.emmentaler.ch\/es\/wp-json\/wp\/v2\/recipe_saison\/561"},{"embeddable":true,"taxonomy":"recipe_saison","href":"https:\/\/www.emmentaler.ch\/es\/wp-json\/wp\/v2\/recipe_saison\/530"},{"embeddable":true,"taxonomy":"recipe_saison","href":"https:\/\/www.emmentaler.ch\/es\/wp-json\/wp\/v2\/recipe_saison\/529"},{"embeddable":true,"taxonomy":"recipe_main_ingredient","href":"https:\/\/www.emmentaler.ch\/es\/wp-json\/wp\/v2\/recipe_main_ingredient\/602"},{"embeddable":true,"taxonomy":"recipe_diet_type","href":"https:\/\/www.emmentaler.ch\/es\/wp-json\/wp\/v2\/recipe_diet_type\/570"},{"embeddable":true,"taxonomy":"recipe_difficulty","href":"https:\/\/www.emmentaler.ch\/es\/wp-json\/wp\/v2\/recipe_difficulty\/578"},{"embeddable":true,"taxonomy":"recipe_categories","href":"https:\/\/www.emmentaler.ch\/es\/wp-json\/wp\/v2\/recipe_categories\/611"},{"embeddable":true,"taxonomy":"recipe_preparation_time","href":"https:\/\/www.emmentaler.ch\/es\/wp-json\/wp\/v2\/recipe_preparation_time\/372"}],"acf:post":[{"embeddable":true,"href":"https:\/\/www.emmentaler.ch\/es\/wp-json\/wp\/v2\/pages\/65932"}],"wp:featuredmedia":[{"embeddable":true,"href":"https:\/\/www.emmentaler.ch\/es\/wp-json\/wp\/v2\/media\/52108"}],"wp:attachment":[{"href":"https:\/\/www.emmentaler.ch\/es\/wp-json\/wp\/v2\/media?parent=52092"}],"wp:term":[{"taxonomy":"post_tag","embeddable":true,"href":"https:\/\/www.emmentaler.ch\/es\/wp-json\/wp\/v2\/tags?post=52092"},{"taxonomy":"recipe_categories","embeddable":true,"href":"https:\/\/www.emmentaler.ch\/es\/wp-json\/wp\/v2\/recipe_categories?post=52092"},{"taxonomy":"et_countries","embeddable":true,"href":"https:\/\/www.emmentaler.ch\/es\/wp-json\/wp\/v2\/et_countries?post=52092"},{"taxonomy":"recipe_main_ingredient","embeddable":true,"href":"https:\/\/www.emmentaler.ch\/es\/wp-json\/wp\/v2\/recipe_main_ingredient?post=52092"},{"taxonomy":"recipe_difficulty","embeddable":true,"href":"https:\/\/www.emmentaler.ch\/es\/wp-json\/wp\/v2\/recipe_difficulty?post=52092"},{"taxonomy":"recipe_preparation_time","embeddable":true,"href":"https:\/\/www.emmentaler.ch\/es\/wp-json\/wp\/v2\/recipe_preparation_time?post=52092"},{"taxonomy":"recipe_diet_type","embeddable":true,"href":"https:\/\/www.emmentaler.ch\/es\/wp-json\/wp\/v2\/recipe_diet_type?post=52092"},{"taxonomy":"recipe_saison","embeddable":true,"href":"https:\/\/www.emmentaler.ch\/es\/wp-json\/wp\/v2\/recipe_saison?post=52092"}],"curies":[{"name":"wp","href":"https:\/\/api.w.org\/{rel}","templated":true}]}}

20 minutos más 30 minutos en el horno

3 cebolletas
200 g de calabacines
2 cucharadas de aceite de oliva
100 g de guisantes, frescos o congelados
100 g de tirabeques, frescos o congelados
Sal, pimienta
175 g de Emmentaler AOP
1 masa de hojaldre rectangular, aprox. 300 g
100 g de crema agria
1 puñado de rúcula

<span style="font-weight: 400;">Corta las cebolletas en trozos longitudinales de unos 3 cm. Parte los bulbos de las cebolletas por la mitad. Parte los calabacines por la mitad y córtalos en rodajas finas de 5 mm. Calienta aceite en una sartén. Fríe el calabacín, las cebolletas, los guisantes y los tirabeques a fuego fuerte 5 minutos. Dale vueltas de vez en cuando, condimenta con sal y pimienta y deja enfriar un poco.</span>

<span style="font-weight: 400;">Ralla el Emmentaler AOP. Coloca la masa de hojaldre en una bandeja y pínchala varias veces con un tenedor. Extiende la crema agria por la masa, reparte la verdura y espolvorea el Emmentaler AOP.</span>

<span style="font-weight: 400;">Hornea a 220º durante 20-30 minutos en la rendija inferior del horno precalentado.</span>

<span style="font-weight: 400;">Reparte la rúcula sobre la torta, córtala en trozos y sírvela.</span>
