{"id":52123,"date":"2022-04-27T13:41:56","date_gmt":"2022-04-27T11:41:56","guid":{"rendered":"https:\/\/www.emmentaler.ch\/rezept\/pastel-de-espinacas"},"modified":"2022-06-28T11:40:46","modified_gmt":"2022-06-28T09:40:46","slug":"pastel-de-espinacas","status":"publish","type":"recipes","link":"https:\/\/www.emmentaler.ch\/es\/recetas\/pastel-de-espinacas","title":{"rendered":"Pastel de espinacas"},"author":2,"featured_media":24633,"menu_order":0,"template":"","meta":{"inline_featured_image":false},"tags":[],"recipe_categories":[611],"et_countries":[],"recipe_main_ingredient":[602],"recipe_difficulty":[578],"recipe_preparation_time":[375],"recipe_diet_type":[570],"recipe_saison":[529,530,561],"acf":{"recipe_preparation_time":375,"recipe_categories":611,"recipe_time_txt":"40 minutos m\u00e1s 50 minutos en el horno","recipe_type":65932,"recipe_difficulty":578,"recipe_diet_type":[570],"recipe_main_ingredient":[602],"recipe_saison":[529,530,561],"recipe_count_portions":5,"recipe_ingedients":[{"recipe_ingedients_amount":"","recipe_ingedients_unit":"g","recipe_ingedients_product":""}],"temporare_zutaten":"Bandeja o molde de 24-26 cm de di\u00e1metro\r\n750 g de espinacas\r\nSal\r\n50 g de pi\u00f1ones\r\n3 huevos\r\n150 g de Emmentaler AOP rallado\r\n250 g de queso quark semidesnatado\r\n2 dientes de ajo\r\n1 cucharadita de tomillo\r\nPimienta\r\n50 g de tomates secos conservados en aceite\r\n1 paquetito de pasta filo, 120 g\r\n3 cucharadas de aceite de oliva\r\n2 cucharadas de pan rallado","recipe_preparation":"<span style=\"font-weight: 400;\">Echa las espinacas en abundante agua hirviendo con sal y d\u00e9jalas cocer. Luego, \u00e9chalas en un escurridor y dales un golpe de agua fr\u00eda. Estr\u00fajalas y c\u00f3rtalas en trozos grandes. Tuesta un poco los pi\u00f1ones en una sart\u00e9n sin aceite. Bate los huevos y m\u00e9zclalos con el Emmentaler AOP y el queso quark. Prensa el ajo y condimenta con tomillo, sal y pimienta. Corta los tomates en trocitos peque\u00f1os y \u00e9chalos a la mezcla con las espinacas y los pi\u00f1ones. M\u00e9zclalo bien.\u00a0<\/span>\r\n\r\n<span style=\"font-weight: 400;\">Engrasa un poco la bandeja para el horno. Pinta una hoja de masa con aceite y col\u00f3cala en la bandeja. Consecutivamente, pinta todas las hojas con aceite y col\u00f3calas ligeramente desplazadas. Espolvorea la base con pan rallado. Rellena con la masa de espinacas. Tapa las espinacas con la masa que queda colgando, sin presionar.\u00a0<\/span>\r\n\r\n<span style=\"font-weight: 400;\">Hornea el pastel de espinacas en la parte inferior del horno a 200\u00ba durante 40-50 minutos.<\/span>","recipe_images":[52139]},"_links":{"self":[{"href":"https:\/\/www.emmentaler.ch\/es\/wp-json\/wp\/v2\/recipes\/52123"}],"collection":[{"href":"https:\/\/www.emmentaler.ch\/es\/wp-json\/wp\/v2\/recipes"}],"about":[{"href":"https:\/\/www.emmentaler.ch\/es\/wp-json\/wp\/v2\/types\/recipes"}],"author":[{"embeddable":true,"href":"https:\/\/www.emmentaler.ch\/es\/wp-json\/wp\/v2\/users\/2"}],"version-history":[{"count":0,"href":"https:\/\/www.emmentaler.ch\/es\/wp-json\/wp\/v2\/recipes\/52123\/revisions"}],"acf:attachment":[{"embeddable":true,"href":"https:\/\/www.emmentaler.ch\/es\/wp-json\/wp\/v2\/media\/52139"}],"acf:term":[{"embeddable":true,"taxonomy":"recipe_saison","href":"https:\/\/www.emmentaler.ch\/es\/wp-json\/wp\/v2\/recipe_saison\/561"},{"embeddable":true,"taxonomy":"recipe_saison","href":"https:\/\/www.emmentaler.ch\/es\/wp-json\/wp\/v2\/recipe_saison\/530"},{"embeddable":true,"taxonomy":"recipe_saison","href":"https:\/\/www.emmentaler.ch\/es\/wp-json\/wp\/v2\/recipe_saison\/529"},{"embeddable":true,"taxonomy":"recipe_main_ingredient","href":"https:\/\/www.emmentaler.ch\/es\/wp-json\/wp\/v2\/recipe_main_ingredient\/602"},{"embeddable":true,"taxonomy":"recipe_diet_type","href":"https:\/\/www.emmentaler.ch\/es\/wp-json\/wp\/v2\/recipe_diet_type\/570"},{"embeddable":true,"taxonomy":"recipe_difficulty","href":"https:\/\/www.emmentaler.ch\/es\/wp-json\/wp\/v2\/recipe_difficulty\/578"},{"embeddable":true,"taxonomy":"recipe_categories","href":"https:\/\/www.emmentaler.ch\/es\/wp-json\/wp\/v2\/recipe_categories\/611"},{"embeddable":true,"taxonomy":"recipe_preparation_time","href":"https:\/\/www.emmentaler.ch\/es\/wp-json\/wp\/v2\/recipe_preparation_time\/375"}],"acf:post":[{"embeddable":true,"href":"https:\/\/www.emmentaler.ch\/es\/wp-json\/wp\/v2\/pages\/65932"}],"wp:featuredmedia":[{"embeddable":true,"href":"https:\/\/www.emmentaler.ch\/es\/wp-json\/wp\/v2\/media\/24633"}],"wp:attachment":[{"href":"https:\/\/www.emmentaler.ch\/es\/wp-json\/wp\/v2\/media?parent=52123"}],"wp:term":[{"taxonomy":"post_tag","embeddable":true,"href":"https:\/\/www.emmentaler.ch\/es\/wp-json\/wp\/v2\/tags?post=52123"},{"taxonomy":"recipe_categories","embeddable":true,"href":"https:\/\/www.emmentaler.ch\/es\/wp-json\/wp\/v2\/recipe_categories?post=52123"},{"taxonomy":"et_countries","embeddable":true,"href":"https:\/\/www.emmentaler.ch\/es\/wp-json\/wp\/v2\/et_countries?post=52123"},{"taxonomy":"recipe_main_ingredient","embeddable":true,"href":"https:\/\/www.emmentaler.ch\/es\/wp-json\/wp\/v2\/recipe_main_ingredient?post=52123"},{"taxonomy":"recipe_difficulty","embeddable":true,"href":"https:\/\/www.emmentaler.ch\/es\/wp-json\/wp\/v2\/recipe_difficulty?post=52123"},{"taxonomy":"recipe_preparation_time","embeddable":true,"href":"https:\/\/www.emmentaler.ch\/es\/wp-json\/wp\/v2\/recipe_preparation_time?post=52123"},{"taxonomy":"recipe_diet_type","embeddable":true,"href":"https:\/\/www.emmentaler.ch\/es\/wp-json\/wp\/v2\/recipe_diet_type?post=52123"},{"taxonomy":"recipe_saison","embeddable":true,"href":"https:\/\/www.emmentaler.ch\/es\/wp-json\/wp\/v2\/recipe_saison?post=52123"}],"curies":[{"name":"wp","href":"https:\/\/api.w.org\/{rel}","templated":true}]}}

40 minutos más 50 minutos en el horno

Bandeja o molde de 24-26 cm de diámetro
750 g de espinacas
Sal
50 g de piñones
3 huevos
150 g de Emmentaler AOP rallado
250 g de queso quark semidesnatado
2 dientes de ajo
1 cucharadita de tomillo
Pimienta
50 g de tomates secos conservados en aceite
1 paquetito de pasta filo, 120 g
3 cucharadas de aceite de oliva
2 cucharadas de pan rallado

<span style="font-weight: 400;">Echa las espinacas en abundante agua hirviendo con sal y déjalas cocer. Luego, échalas en un escurridor y dales un golpe de agua fría. Estrújalas y córtalas en trozos grandes. Tuesta un poco los piñones en una sartén sin aceite. Bate los huevos y mézclalos con el Emmentaler AOP y el queso quark. Prensa el ajo y condimenta con tomillo, sal y pimienta. Corta los tomates en trocitos pequeños y échalos a la mezcla con las espinacas y los piñones. Mézclalo bien. </span>

<span style="font-weight: 400;">Engrasa un poco la bandeja para el horno. Pinta una hoja de masa con aceite y colócala en la bandeja. Consecutivamente, pinta todas las hojas con aceite y colócalas ligeramente desplazadas. Espolvorea la base con pan rallado. Rellena con la masa de espinacas. Tapa las espinacas con la masa que queda colgando, sin presionar. </span>

<span style="font-weight: 400;">Hornea el pastel de espinacas en la parte inferior del horno a 200º durante 40-50 minutos.</span>
