{"id":52216,"date":"2022-04-27T13:41:19","date_gmt":"2022-04-27T11:41:19","guid":{"rendered":"https:\/\/www.emmentaler.ch\/rezept\/esparragos-gratinados-con-albahaca"},"modified":"2022-06-27T16:02:41","modified_gmt":"2022-06-27T14:02:41","slug":"esparragos-gratinados-con-albahaca","status":"publish","type":"recipes","link":"https:\/\/www.emmentaler.ch\/es\/recetas\/esparragos-gratinados-con-albahaca","title":{"rendered":"Esp\u00e1rragos gratinados con albahaca"},"author":2,"featured_media":24448,"menu_order":0,"template":"","meta":{"inline_featured_image":false},"tags":[],"recipe_categories":[619],"et_countries":[],"recipe_main_ingredient":[593,602],"recipe_difficulty":[577],"recipe_preparation_time":[384],"recipe_diet_type":[562],"recipe_saison":[530],"acf":{"recipe_preparation_time":384,"recipe_categories":619,"recipe_time_txt":"30 minutos m\u00e1s 15 minutos en el horno","recipe_type":65982,"recipe_difficulty":577,"recipe_diet_type":[562],"recipe_main_ingredient":[593,602],"recipe_saison":[530],"recipe_count_portions":4,"recipe_ingedients":[{"recipe_ingedients_amount":"","recipe_ingedients_unit":"g","recipe_ingedients_product":""}],"temporare_zutaten":"1 kg de esp\u00e1rragos verdes\r\n150 g de lonchas de jam\u00f3n\r\n200 g de queso Eidgenoss\r\n1 manojo de albahaca\r\n2 dl de nata\r\n2 yemas de huevo\r\nSal, pimienta","recipe_preparation":"<span style=\"font-weight: 400;\">Corta los esp\u00e1rragos frescos y pela el tercio inferior. Cu\u00e9celos al vapor o en agua con sal unos 5 minutos hasta que queden crujientes. Corta a lo largo las lonchas de jam\u00f3n por la mitad. Envuelve 2 o 3 esp\u00e1rragos con las lonchas de jam\u00f3n y ponlos unos al lado de otros en una bandeja para gratinar untada con mantequilla.<\/span>\r\n\r\n<span style=\"font-weight: 400;\">Ralla fino el Eidgenoss. Trocea un poco las hojas de albahaca y haz un pur\u00e9 con el queso, la albahaca y la nata. A\u00f1ade la yema de huevo sin dejar de remover. Condimenta con sal y pimienta.<\/span>\r\n\r\n<span style=\"font-weight: 400;\">Vierte la mezcla sobre los esp\u00e1rragos. Grat\u00ednalos hasta que se doren a 220\u00ba en la altura media del horno, durante aprox. 15 minutos.<\/span>\r\n\r\n<span style=\"font-weight: 400;\">Acomp\u00e1\u00f1alos con patatas o arroz.<\/span>","recipe_images":[24448]},"_links":{"self":[{"href":"https:\/\/www.emmentaler.ch\/es\/wp-json\/wp\/v2\/recipes\/52216"}],"collection":[{"href":"https:\/\/www.emmentaler.ch\/es\/wp-json\/wp\/v2\/recipes"}],"about":[{"href":"https:\/\/www.emmentaler.ch\/es\/wp-json\/wp\/v2\/types\/recipes"}],"author":[{"embeddable":true,"href":"https:\/\/www.emmentaler.ch\/es\/wp-json\/wp\/v2\/users\/2"}],"version-history":[{"count":0,"href":"https:\/\/www.emmentaler.ch\/es\/wp-json\/wp\/v2\/recipes\/52216\/revisions"}],"acf:attachment":[{"embeddable":true,"href":"https:\/\/www.emmentaler.ch\/es\/wp-json\/wp\/v2\/media\/24448"}],"acf:term":[{"embeddable":true,"taxonomy":"recipe_saison","href":"https:\/\/www.emmentaler.ch\/es\/wp-json\/wp\/v2\/recipe_saison\/530"},{"embeddable":true,"taxonomy":"recipe_main_ingredient","href":"https:\/\/www.emmentaler.ch\/es\/wp-json\/wp\/v2\/recipe_main_ingredient\/602"},{"embeddable":true,"taxonomy":"recipe_main_ingredient","href":"https:\/\/www.emmentaler.ch\/es\/wp-json\/wp\/v2\/recipe_main_ingredient\/593"},{"embeddable":true,"taxonomy":"recipe_diet_type","href":"https:\/\/www.emmentaler.ch\/es\/wp-json\/wp\/v2\/recipe_diet_type\/562"},{"embeddable":true,"taxonomy":"recipe_difficulty","href":"https:\/\/www.emmentaler.ch\/es\/wp-json\/wp\/v2\/recipe_difficulty\/577"},{"embeddable":true,"taxonomy":"recipe_categories","href":"https:\/\/www.emmentaler.ch\/es\/wp-json\/wp\/v2\/recipe_categories\/619"},{"embeddable":true,"taxonomy":"recipe_preparation_time","href":"https:\/\/www.emmentaler.ch\/es\/wp-json\/wp\/v2\/recipe_preparation_time\/384"}],"acf:post":[{"embeddable":true,"href":"https:\/\/www.emmentaler.ch\/es\/wp-json\/wp\/v2\/pages\/65982"}],"wp:featuredmedia":[{"embeddable":true,"href":"https:\/\/www.emmentaler.ch\/es\/wp-json\/wp\/v2\/media\/24448"}],"wp:attachment":[{"href":"https:\/\/www.emmentaler.ch\/es\/wp-json\/wp\/v2\/media?parent=52216"}],"wp:term":[{"taxonomy":"post_tag","embeddable":true,"href":"https:\/\/www.emmentaler.ch\/es\/wp-json\/wp\/v2\/tags?post=52216"},{"taxonomy":"recipe_categories","embeddable":true,"href":"https:\/\/www.emmentaler.ch\/es\/wp-json\/wp\/v2\/recipe_categories?post=52216"},{"taxonomy":"et_countries","embeddable":true,"href":"https:\/\/www.emmentaler.ch\/es\/wp-json\/wp\/v2\/et_countries?post=52216"},{"taxonomy":"recipe_main_ingredient","embeddable":true,"href":"https:\/\/www.emmentaler.ch\/es\/wp-json\/wp\/v2\/recipe_main_ingredient?post=52216"},{"taxonomy":"recipe_difficulty","embeddable":true,"href":"https:\/\/www.emmentaler.ch\/es\/wp-json\/wp\/v2\/recipe_difficulty?post=52216"},{"taxonomy":"recipe_preparation_time","embeddable":true,"href":"https:\/\/www.emmentaler.ch\/es\/wp-json\/wp\/v2\/recipe_preparation_time?post=52216"},{"taxonomy":"recipe_diet_type","embeddable":true,"href":"https:\/\/www.emmentaler.ch\/es\/wp-json\/wp\/v2\/recipe_diet_type?post=52216"},{"taxonomy":"recipe_saison","embeddable":true,"href":"https:\/\/www.emmentaler.ch\/es\/wp-json\/wp\/v2\/recipe_saison?post=52216"}],"curies":[{"name":"wp","href":"https:\/\/api.w.org\/{rel}","templated":true}]}}

Espárragos gratinados con albahaca

30 minutos más 15 minutos en el horno

1 kg de espárragos verdes
150 g de lonchas de jamón
200 g de queso Eidgenoss
1 manojo de albahaca
2 dl de nata
2 yemas de huevo
Sal, pimienta

<span style="font-weight: 400;">Corta los espárragos frescos y pela el tercio inferior. Cuécelos al vapor o en agua con sal unos 5 minutos hasta que queden crujientes. Corta a lo largo las lonchas de jamón por la mitad. Envuelve 2 o 3 espárragos con las lonchas de jamón y ponlos unos al lado de otros en una bandeja para gratinar untada con mantequilla.</span>

<span style="font-weight: 400;">Ralla fino el Eidgenoss. Trocea un poco las hojas de albahaca y haz un puré con el queso, la albahaca y la nata. Añade la yema de huevo sin dejar de remover. Condimenta con sal y pimienta.</span>

<span style="font-weight: 400;">Vierte la mezcla sobre los espárragos. Gratínalos hasta que se doren a 220º en la altura media del horno, durante aprox. 15 minutos.</span>

<span style="font-weight: 400;">Acompáñalos con patatas o arroz.</span>
