{"id":52247,"date":"2022-04-27T13:41:19","date_gmt":"2022-04-27T11:41:19","guid":{"rendered":"https:\/\/www.emmentaler.ch\/rezept\/espaguetis-a-la-carbonara-con-hierbas-aromaticas"},"modified":"2022-06-29T17:05:15","modified_gmt":"2022-06-29T15:05:15","slug":"espaguetis-a-la-carbonara-con-hierbas-aromaticas","status":"publish","type":"recipes","link":"https:\/\/www.emmentaler.ch\/es\/recetas\/espaguetis-a-la-carbonara-con-hierbas-aromaticas","title":{"rendered":"Espaguetis a la carbonara con hierbas arom\u00e1ticas"},"author":2,"featured_media":24417,"menu_order":0,"template":"","meta":{"inline_featured_image":false},"tags":[],"recipe_categories":[619],"et_countries":[],"recipe_main_ingredient":[593],"recipe_difficulty":[578],"recipe_preparation_time":[373],"recipe_diet_type":[],"recipe_saison":[561],"acf":{"recipe_preparation_time":373,"recipe_categories":619,"recipe_time_txt":"","recipe_type":65975,"recipe_difficulty":578,"recipe_diet_type":false,"recipe_main_ingredient":[593],"recipe_saison":[561],"recipe_count_portions":4,"recipe_ingedients":[{"recipe_ingedients_amount":"","recipe_ingedients_unit":"g","recipe_ingedients_product":""}],"temporare_zutaten":"125 g de Emmentaler AOC curado\r\n50 g de berro\r\n1 manojo de perejil\r\n1 manojos de cebollino\r\n1 manojo de albahaca\r\n1 manojo de perifollo\r\n1,5 dl de nata semidesnatada\r\n3 huevos\r\n1 diente de ajo\r\nSal, pimienta\r\n500 g de espaguetis\r\n125 g de taquitos de jam\u00f3n","recipe_preparation":"<span style=\"font-weight: 400;\">Ralla fino el Emmentaler AOC. Pica fino el ajo y las hierbas arom\u00e1ticas. Echa la nata semidesnatada, los huevos, las hierbas arom\u00e1ticas y un poco m\u00e1s de la mitad del Emmentaler AOC en un recipiente alto para batir. A\u00f1ade el ajo prensado y haz un pur\u00e9 fino con la batidora. Condimenta con sal y pimienta.<\/span>\r\n\r\n<span style=\"font-weight: 400;\">Cuece los espaguetis al dente en agua hirviendo con sal, esc\u00farrelos y vuelve a echarlos en la olla. Echa los taquitos de jam\u00f3n y la mezcla. A fuego lento, remu\u00e9velo todo hasta que la salsa quede ligeramente cremosa.<\/span>\r\n\r\n<span style=\"font-weight: 400;\">Sirve los espaguetis con el resto de Emmentaler AOC.<\/span>","recipe_images":[52263]},"_links":{"self":[{"href":"https:\/\/www.emmentaler.ch\/es\/wp-json\/wp\/v2\/recipes\/52247"}],"collection":[{"href":"https:\/\/www.emmentaler.ch\/es\/wp-json\/wp\/v2\/recipes"}],"about":[{"href":"https:\/\/www.emmentaler.ch\/es\/wp-json\/wp\/v2\/types\/recipes"}],"author":[{"embeddable":true,"href":"https:\/\/www.emmentaler.ch\/es\/wp-json\/wp\/v2\/users\/2"}],"version-history":[{"count":0,"href":"https:\/\/www.emmentaler.ch\/es\/wp-json\/wp\/v2\/recipes\/52247\/revisions"}],"acf:attachment":[{"embeddable":true,"href":"https:\/\/www.emmentaler.ch\/es\/wp-json\/wp\/v2\/media\/52263"}],"acf:term":[{"embeddable":true,"taxonomy":"recipe_saison","href":"https:\/\/www.emmentaler.ch\/es\/wp-json\/wp\/v2\/recipe_saison\/561"},{"embeddable":true,"taxonomy":"recipe_main_ingredient","href":"https:\/\/www.emmentaler.ch\/es\/wp-json\/wp\/v2\/recipe_main_ingredient\/593"},{"embeddable":true,"taxonomy":"recipe_difficulty","href":"https:\/\/www.emmentaler.ch\/es\/wp-json\/wp\/v2\/recipe_difficulty\/578"},{"embeddable":true,"taxonomy":"recipe_categories","href":"https:\/\/www.emmentaler.ch\/es\/wp-json\/wp\/v2\/recipe_categories\/619"},{"embeddable":true,"taxonomy":"recipe_preparation_time","href":"https:\/\/www.emmentaler.ch\/es\/wp-json\/wp\/v2\/recipe_preparation_time\/373"}],"acf:post":[{"embeddable":true,"href":"https:\/\/www.emmentaler.ch\/es\/wp-json\/wp\/v2\/pages\/65975"}],"wp:featuredmedia":[{"embeddable":true,"href":"https:\/\/www.emmentaler.ch\/es\/wp-json\/wp\/v2\/media\/24417"}],"wp:attachment":[{"href":"https:\/\/www.emmentaler.ch\/es\/wp-json\/wp\/v2\/media?parent=52247"}],"wp:term":[{"taxonomy":"post_tag","embeddable":true,"href":"https:\/\/www.emmentaler.ch\/es\/wp-json\/wp\/v2\/tags?post=52247"},{"taxonomy":"recipe_categories","embeddable":true,"href":"https:\/\/www.emmentaler.ch\/es\/wp-json\/wp\/v2\/recipe_categories?post=52247"},{"taxonomy":"et_countries","embeddable":true,"href":"https:\/\/www.emmentaler.ch\/es\/wp-json\/wp\/v2\/et_countries?post=52247"},{"taxonomy":"recipe_main_ingredient","embeddable":true,"href":"https:\/\/www.emmentaler.ch\/es\/wp-json\/wp\/v2\/recipe_main_ingredient?post=52247"},{"taxonomy":"recipe_difficulty","embeddable":true,"href":"https:\/\/www.emmentaler.ch\/es\/wp-json\/wp\/v2\/recipe_difficulty?post=52247"},{"taxonomy":"recipe_preparation_time","embeddable":true,"href":"https:\/\/www.emmentaler.ch\/es\/wp-json\/wp\/v2\/recipe_preparation_time?post=52247"},{"taxonomy":"recipe_diet_type","embeddable":true,"href":"https:\/\/www.emmentaler.ch\/es\/wp-json\/wp\/v2\/recipe_diet_type?post=52247"},{"taxonomy":"recipe_saison","embeddable":true,"href":"https:\/\/www.emmentaler.ch\/es\/wp-json\/wp\/v2\/recipe_saison?post=52247"}],"curies":[{"name":"wp","href":"https:\/\/api.w.org\/{rel}","templated":true}]}}

Espaguetis a la carbonara con hierbas aromáticas

125 g de Emmentaler AOC curado
50 g de berro
1 manojo de perejil
1 manojos de cebollino
1 manojo de albahaca
1 manojo de perifollo
1,5 dl de nata semidesnatada
3 huevos
1 diente de ajo
Sal, pimienta
500 g de espaguetis
125 g de taquitos de jamón

<span style="font-weight: 400;">Ralla fino el Emmentaler AOC. Pica fino el ajo y las hierbas aromáticas. Echa la nata semidesnatada, los huevos, las hierbas aromáticas y un poco más de la mitad del Emmentaler AOC en un recipiente alto para batir. Añade el ajo prensado y haz un puré fino con la batidora. Condimenta con sal y pimienta.</span>

<span style="font-weight: 400;">Cuece los espaguetis al dente en agua hirviendo con sal, escúrrelos y vuelve a echarlos en la olla. Echa los taquitos de jamón y la mezcla. A fuego lento, remuévelo todo hasta que la salsa quede ligeramente cremosa.</span>

<span style="font-weight: 400;">Sirve los espaguetis con el resto de Emmentaler AOC.</span>
