{"id":52280,"date":"2022-04-27T13:41:19","date_gmt":"2022-04-27T11:41:19","guid":{"rendered":"https:\/\/www.emmentaler.ch\/rezept\/canelones-con-chucrut"},"modified":"2022-06-27T15:39:42","modified_gmt":"2022-06-27T13:39:42","slug":"canelones-con-chucrut","status":"publish","type":"recipes","link":"https:\/\/www.emmentaler.ch\/es\/recetas\/canelones-con-chucrut","title":{"rendered":"Canelones con chucrut"},"author":2,"featured_media":24386,"menu_order":0,"template":"","meta":{"inline_featured_image":false},"tags":[],"recipe_categories":[619],"et_countries":[],"recipe_main_ingredient":[593,602],"recipe_difficulty":[578],"recipe_preparation_time":[384],"recipe_diet_type":[],"recipe_saison":[561],"acf":{"recipe_preparation_time":384,"recipe_categories":619,"recipe_time_txt":"25 minutos m\u00e1s 20 minutos en el horno","recipe_type":65947,"recipe_difficulty":578,"recipe_diet_type":false,"recipe_main_ingredient":[593,602],"recipe_saison":[561],"recipe_count_portions":4,"recipe_ingedients":[{"recipe_ingedients_amount":"","recipe_ingedients_unit":"g","recipe_ingedients_product":""}],"temporare_zutaten":"750 g de chucrut cocido\r\n100 g de salchicha landj\u00e4ger (tipo de longaniza)\r\n1 manojo de perejil\r\n2 huevos\r\n250 g de reques\u00f3n\r\n1 cucharada de piment\u00f3n dulce\r\nSal, pimienta\r\n250 g de pasta fresca (2 rollos)\r\n200 g de Emmentaler AOC suave\r\n2,5 dl de nata","recipe_preparation":"<span style=\"font-weight: 400;\">Deja escurrir el chucrut y estr\u00fajalo bien. Corta la salchicha landj\u00e4ger en dados peque\u00f1os. Pica fino el perejil y bate los huevos. Mezcla todos los ingredientes con el reques\u00f3n. Condimenta con piment\u00f3n, sal y pimienta.\u00a0<\/span>\r\n\r\n<span style=\"font-weight: 400;\">Desenrolla la pasta y c\u00f3rtala en 6 trozos. Distribuye el relleno por encima y, luego, enr\u00f3llala en forma de canelones. Coloca los canelones en una bandeja para gratinar con la parte de uni\u00f3n hacia abajo.\u00a0<\/span>\r\n\r\n<span style=\"font-weight: 400;\">Ralla fino el Emmentaler AOC, m\u00e9zclalo con la nata y \u00e9chalo por encima de los canelones. Espolvorea con pimienta y grat\u00ednalos a 200\u00ba en el horno precalentado durante aprox. 20 minutos.<\/span>","recipe_images":[52296]},"_links":{"self":[{"href":"https:\/\/www.emmentaler.ch\/es\/wp-json\/wp\/v2\/recipes\/52280"}],"collection":[{"href":"https:\/\/www.emmentaler.ch\/es\/wp-json\/wp\/v2\/recipes"}],"about":[{"href":"https:\/\/www.emmentaler.ch\/es\/wp-json\/wp\/v2\/types\/recipes"}],"author":[{"embeddable":true,"href":"https:\/\/www.emmentaler.ch\/es\/wp-json\/wp\/v2\/users\/2"}],"version-history":[{"count":0,"href":"https:\/\/www.emmentaler.ch\/es\/wp-json\/wp\/v2\/recipes\/52280\/revisions"}],"acf:attachment":[{"embeddable":true,"href":"https:\/\/www.emmentaler.ch\/es\/wp-json\/wp\/v2\/media\/52296"}],"acf:term":[{"embeddable":true,"taxonomy":"recipe_saison","href":"https:\/\/www.emmentaler.ch\/es\/wp-json\/wp\/v2\/recipe_saison\/561"},{"embeddable":true,"taxonomy":"recipe_main_ingredient","href":"https:\/\/www.emmentaler.ch\/es\/wp-json\/wp\/v2\/recipe_main_ingredient\/602"},{"embeddable":true,"taxonomy":"recipe_main_ingredient","href":"https:\/\/www.emmentaler.ch\/es\/wp-json\/wp\/v2\/recipe_main_ingredient\/593"},{"embeddable":true,"taxonomy":"recipe_difficulty","href":"https:\/\/www.emmentaler.ch\/es\/wp-json\/wp\/v2\/recipe_difficulty\/578"},{"embeddable":true,"taxonomy":"recipe_categories","href":"https:\/\/www.emmentaler.ch\/es\/wp-json\/wp\/v2\/recipe_categories\/619"},{"embeddable":true,"taxonomy":"recipe_preparation_time","href":"https:\/\/www.emmentaler.ch\/es\/wp-json\/wp\/v2\/recipe_preparation_time\/384"}],"acf:post":[{"embeddable":true,"href":"https:\/\/www.emmentaler.ch\/es\/wp-json\/wp\/v2\/pages\/65947"}],"wp:featuredmedia":[{"embeddable":true,"href":"https:\/\/www.emmentaler.ch\/es\/wp-json\/wp\/v2\/media\/24386"}],"wp:attachment":[{"href":"https:\/\/www.emmentaler.ch\/es\/wp-json\/wp\/v2\/media?parent=52280"}],"wp:term":[{"taxonomy":"post_tag","embeddable":true,"href":"https:\/\/www.emmentaler.ch\/es\/wp-json\/wp\/v2\/tags?post=52280"},{"taxonomy":"recipe_categories","embeddable":true,"href":"https:\/\/www.emmentaler.ch\/es\/wp-json\/wp\/v2\/recipe_categories?post=52280"},{"taxonomy":"et_countries","embeddable":true,"href":"https:\/\/www.emmentaler.ch\/es\/wp-json\/wp\/v2\/et_countries?post=52280"},{"taxonomy":"recipe_main_ingredient","embeddable":true,"href":"https:\/\/www.emmentaler.ch\/es\/wp-json\/wp\/v2\/recipe_main_ingredient?post=52280"},{"taxonomy":"recipe_difficulty","embeddable":true,"href":"https:\/\/www.emmentaler.ch\/es\/wp-json\/wp\/v2\/recipe_difficulty?post=52280"},{"taxonomy":"recipe_preparation_time","embeddable":true,"href":"https:\/\/www.emmentaler.ch\/es\/wp-json\/wp\/v2\/recipe_preparation_time?post=52280"},{"taxonomy":"recipe_diet_type","embeddable":true,"href":"https:\/\/www.emmentaler.ch\/es\/wp-json\/wp\/v2\/recipe_diet_type?post=52280"},{"taxonomy":"recipe_saison","embeddable":true,"href":"https:\/\/www.emmentaler.ch\/es\/wp-json\/wp\/v2\/recipe_saison?post=52280"}],"curies":[{"name":"wp","href":"https:\/\/api.w.org\/{rel}","templated":true}]}}

25 minutos más 20 minutos en el horno

750 g de chucrut cocido
100 g de salchicha landjäger (tipo de longaniza)
1 manojo de perejil
2 huevos
250 g de requesón
1 cucharada de pimentón dulce
Sal, pimienta
250 g de pasta fresca (2 rollos)
200 g de Emmentaler AOC suave
2,5 dl de nata

<span style="font-weight: 400;">Deja escurrir el chucrut y estrújalo bien. Corta la salchicha landjäger en dados pequeños. Pica fino el perejil y bate los huevos. Mezcla todos los ingredientes con el requesón. Condimenta con pimentón, sal y pimienta. </span>

<span style="font-weight: 400;">Desenrolla la pasta y córtala en 6 trozos. Distribuye el relleno por encima y, luego, enróllala en forma de canelones. Coloca los canelones en una bandeja para gratinar con la parte de unión hacia abajo. </span>

<span style="font-weight: 400;">Ralla fino el Emmentaler AOC, mézclalo con la nata y échalo por encima de los canelones. Espolvorea con pimienta y gratínalos a 200º en el horno precalentado durante aprox. 20 minutos.</span>
