{"id":52312,"date":"2022-04-27T13:41:19","date_gmt":"2022-04-27T11:41:19","guid":{"rendered":"https:\/\/www.emmentaler.ch\/rezept\/tallarines-al-azafran-con-salsa-de-calabacin-y-emmentaler-aop"},"modified":"2022-06-28T10:07:44","modified_gmt":"2022-06-28T08:07:44","slug":"tallarines-al-azafran-con-salsa-de-calabacin","status":"publish","type":"recipes","link":"https:\/\/www.emmentaler.ch\/es\/recetas\/tallarines-al-azafran-con-salsa-de-calabacin","title":{"rendered":"Tallarines al azafr\u00e1n con salsa de calabac\u00edn"},"author":2,"featured_media":52328,"menu_order":0,"template":"","meta":{"inline_featured_image":false},"tags":[],"recipe_categories":[619],"et_countries":[],"recipe_main_ingredient":[602],"recipe_difficulty":[577],"recipe_preparation_time":[382],"recipe_diet_type":[569,570],"recipe_saison":[538,530,546],"acf":{"recipe_preparation_time":382,"recipe_categories":619,"recipe_time_txt":"","recipe_type":65988,"recipe_difficulty":577,"recipe_diet_type":[569,570],"recipe_main_ingredient":[602],"recipe_saison":[530,538,546],"recipe_count_portions":4,"recipe_ingedients":[{"recipe_ingedients_amount":"","recipe_ingedients_unit":"g","recipe_ingedients_product":""}],"temporare_zutaten":"500 g de calabac\u00edn\r\n1 cebolla\r\n2 dientes de ajo\r\n3 cucharadas de aceite de oliva\r\n1 dl de caldo de verduras\r\n250 g de tomates cherry\r\n150 g de Emmentaler AOP\r\n1 manojo de perejil plano\r\n1 manojo de albahaca\r\nSal, pimienta\r\n300 g de tallarines al azafr\u00e1n o normales","recipe_preparation":"<span style=\"font-weight: 400;\">Corta los calabacines en dados. Corta la cebolla y los dientes de ajo muy fino. Calienta 2 cucharadas de aceite en una olla y rehoga los calabacines, las cebollas y el ajo unos 3 minutos. Echa el caldo, tapa la olla y deja cocer durante 7-10 minutos hasta que se ablanden.<\/span>\r\n\r\n<span style=\"font-weight: 400;\">Parte los tomates. Corta en virutas con un pelador unos 50\u00a0g de Emmentaler AOP. El resto r\u00e1llalo fino. Reserva algunas hojitas de perejil para adornar el plato. Pica fino el resto del perejil y la albahaca. Echa las hierbas arom\u00e1ticas y los calabacines y haz un pur\u00e9. Si es necesario, a\u00f1ade un poco de agua. A\u00f1ade el Emmentaler AOP rallado y condimenta con sal y pimienta.\u00a0<\/span>\r\n\r\n<span style=\"font-weight: 400;\">Cuece los tallarines al azafr\u00e1n tal y como indique en el envase. Calienta los tomates en el resto de aceite. Sirve los tallarines despu\u00e9s de escurrirlos con la salsa y los tomates. Espolvorea las virutas de queso.<\/span>","recipe_images":[24355]},"_links":{"self":[{"href":"https:\/\/www.emmentaler.ch\/es\/wp-json\/wp\/v2\/recipes\/52312"}],"collection":[{"href":"https:\/\/www.emmentaler.ch\/es\/wp-json\/wp\/v2\/recipes"}],"about":[{"href":"https:\/\/www.emmentaler.ch\/es\/wp-json\/wp\/v2\/types\/recipes"}],"author":[{"embeddable":true,"href":"https:\/\/www.emmentaler.ch\/es\/wp-json\/wp\/v2\/users\/2"}],"version-history":[{"count":0,"href":"https:\/\/www.emmentaler.ch\/es\/wp-json\/wp\/v2\/recipes\/52312\/revisions"}],"acf:attachment":[{"embeddable":true,"href":"https:\/\/www.emmentaler.ch\/es\/wp-json\/wp\/v2\/media\/24355"}],"acf:term":[{"embeddable":true,"taxonomy":"recipe_saison","href":"https:\/\/www.emmentaler.ch\/es\/wp-json\/wp\/v2\/recipe_saison\/546"},{"embeddable":true,"taxonomy":"recipe_saison","href":"https:\/\/www.emmentaler.ch\/es\/wp-json\/wp\/v2\/recipe_saison\/538"},{"embeddable":true,"taxonomy":"recipe_saison","href":"https:\/\/www.emmentaler.ch\/es\/wp-json\/wp\/v2\/recipe_saison\/530"},{"embeddable":true,"taxonomy":"recipe_main_ingredient","href":"https:\/\/www.emmentaler.ch\/es\/wp-json\/wp\/v2\/recipe_main_ingredient\/602"},{"embeddable":true,"taxonomy":"recipe_diet_type","href":"https:\/\/www.emmentaler.ch\/es\/wp-json\/wp\/v2\/recipe_diet_type\/570"},{"embeddable":true,"taxonomy":"recipe_diet_type","href":"https:\/\/www.emmentaler.ch\/es\/wp-json\/wp\/v2\/recipe_diet_type\/569"},{"embeddable":true,"taxonomy":"recipe_difficulty","href":"https:\/\/www.emmentaler.ch\/es\/wp-json\/wp\/v2\/recipe_difficulty\/577"},{"embeddable":true,"taxonomy":"recipe_categories","href":"https:\/\/www.emmentaler.ch\/es\/wp-json\/wp\/v2\/recipe_categories\/619"},{"embeddable":true,"taxonomy":"recipe_preparation_time","href":"https:\/\/www.emmentaler.ch\/es\/wp-json\/wp\/v2\/recipe_preparation_time\/382"}],"acf:post":[{"embeddable":true,"href":"https:\/\/www.emmentaler.ch\/es\/wp-json\/wp\/v2\/pages\/65988"}],"wp:featuredmedia":[{"embeddable":true,"href":"https:\/\/www.emmentaler.ch\/es\/wp-json\/wp\/v2\/media\/52328"}],"wp:attachment":[{"href":"https:\/\/www.emmentaler.ch\/es\/wp-json\/wp\/v2\/media?parent=52312"}],"wp:term":[{"taxonomy":"post_tag","embeddable":true,"href":"https:\/\/www.emmentaler.ch\/es\/wp-json\/wp\/v2\/tags?post=52312"},{"taxonomy":"recipe_categories","embeddable":true,"href":"https:\/\/www.emmentaler.ch\/es\/wp-json\/wp\/v2\/recipe_categories?post=52312"},{"taxonomy":"et_countries","embeddable":true,"href":"https:\/\/www.emmentaler.ch\/es\/wp-json\/wp\/v2\/et_countries?post=52312"},{"taxonomy":"recipe_main_ingredient","embeddable":true,"href":"https:\/\/www.emmentaler.ch\/es\/wp-json\/wp\/v2\/recipe_main_ingredient?post=52312"},{"taxonomy":"recipe_difficulty","embeddable":true,"href":"https:\/\/www.emmentaler.ch\/es\/wp-json\/wp\/v2\/recipe_difficulty?post=52312"},{"taxonomy":"recipe_preparation_time","embeddable":true,"href":"https:\/\/www.emmentaler.ch\/es\/wp-json\/wp\/v2\/recipe_preparation_time?post=52312"},{"taxonomy":"recipe_diet_type","embeddable":true,"href":"https:\/\/www.emmentaler.ch\/es\/wp-json\/wp\/v2\/recipe_diet_type?post=52312"},{"taxonomy":"recipe_saison","embeddable":true,"href":"https:\/\/www.emmentaler.ch\/es\/wp-json\/wp\/v2\/recipe_saison?post=52312"}],"curies":[{"name":"wp","href":"https:\/\/api.w.org\/{rel}","templated":true}]}}

Tallarines al azafrán con salsa de calabacín

500 g de calabacín
1 cebolla
2 dientes de ajo
3 cucharadas de aceite de oliva
1 dl de caldo de verduras
250 g de tomates cherry
150 g de Emmentaler AOP
1 manojo de perejil plano
1 manojo de albahaca
Sal, pimienta
300 g de tallarines al azafrán o normales

<span style="font-weight: 400;">Corta los calabacines en dados. Corta la cebolla y los dientes de ajo muy fino. Calienta 2 cucharadas de aceite en una olla y rehoga los calabacines, las cebollas y el ajo unos 3 minutos. Echa el caldo, tapa la olla y deja cocer durante 7-10 minutos hasta que se ablanden.</span>

<span style="font-weight: 400;">Parte los tomates. Corta en virutas con un pelador unos 50 g de Emmentaler AOP. El resto rállalo fino. Reserva algunas hojitas de perejil para adornar el plato. Pica fino el resto del perejil y la albahaca. Echa las hierbas aromáticas y los calabacines y haz un puré. Si es necesario, añade un poco de agua. Añade el Emmentaler AOP rallado y condimenta con sal y pimienta. </span>

<span style="font-weight: 400;">Cuece los tallarines al azafrán tal y como indique en el envase. Calienta los tomates en el resto de aceite. Sirve los tallarines después de escurrirlos con la salsa y los tomates. Espolvorea las virutas de queso.</span>
