{"id":52343,"date":"2022-04-27T13:41:19","date_gmt":"2022-04-27T11:41:19","guid":{"rendered":"https:\/\/www.emmentaler.ch\/rezept\/tallarines-al-azafran-con-espinacas-y-salsa-de-vino-blanco-y-emmentaler-aoc"},"modified":"2022-05-24T09:19:43","modified_gmt":"2022-05-24T07:19:43","slug":"tallarines-al-azafran-con-espinacas-y-salsa-de-vino-blanco-y-emmentaler-aoc","status":"publish","type":"recipes","link":"https:\/\/www.emmentaler.ch\/es\/recetas\/tallarines-al-azafran-con-espinacas-y-salsa-de-vino-blanco-y-emmentaler-aoc","title":{"rendered":"Tallarines al azafr\u00e1n con espinacas y salsa de vino blanco y Emmentaler AOC"},"author":2,"featured_media":52364,"menu_order":0,"template":"","meta":{"inline_featured_image":false},"tags":[843],"recipe_categories":[619],"et_countries":[],"recipe_main_ingredient":[602],"recipe_difficulty":[577],"recipe_preparation_time":[627],"recipe_diet_type":[570],"recipe_saison":[561],"acf":{"recipe_preparation_time":627,"recipe_categories":619,"recipe_time_txt":"","recipe_type":65949,"recipe_difficulty":577,"recipe_diet_type":[570],"recipe_main_ingredient":[602],"recipe_saison":[561],"recipe_count_portions":4,"recipe_ingedients":[{"recipe_ingedients_amount":"50","recipe_ingedients_unit":"g","recipe_ingedients_product":"tomates cherry"},{"recipe_ingedients_amount":"37.5","recipe_ingedients_unit":"g","recipe_ingedients_product":"Emmentaler DOP"},{"recipe_ingedients_amount":"50","recipe_ingedients_unit":"ml","recipe_ingedients_product":"vino blanco"},{"recipe_ingedients_amount":"25","recipe_ingedients_unit":"ml","recipe_ingedients_product":"caldo de verduras"},{"recipe_ingedients_amount":"0.5","recipe_ingedients_unit":"El","recipe_ingedients_product":"crema"},{"recipe_ingedients_amount":"0.25","recipe_ingedients_unit":"El","recipe_ingedients_product":"harina de ma\u00edz, por ejemplo"},{"recipe_ingedients_amount":"87.5","recipe_ingedients_unit":"g","recipe_ingedients_product":"fideos al azafr\u00e1n"},{"recipe_ingedients_amount":"125","recipe_ingedients_unit":"g","recipe_ingedients_product":"espinacas de hoja tierna"},{"recipe_ingedients_amount":"0.25","recipe_ingedients_unit":"El","recipe_ingedients_product":"ralladura de lim\u00f3n"},{"recipe_ingedients_amount":"","recipe_ingedients_unit":"Bedarf","recipe_ingedients_product":"seg\u00fan necesidad: pimienta rosa"}],"temporare_zutaten":"200 g de tomates cherry\r\n150 g de Emmentaler AOC\r\n2 dl de vino blanco\r\n1 dl de caldo de verduras\r\n2 cucharadas de nata\r\n1 cucharada de almid\u00f3n, p. ej., maicena\r\nSal, pimienta\r\n350 g de tallarines al azafr\u00e1n\r\n500 g de brotes tiernos de espinacas\r\n1 cucharada de c\u00e1scara de lim\u00f3n\r\n\u00bd cucharadita de pimienta rosa","recipe_preparation":"<span style=\"font-weight: 400;\">Parte los tomates por la mitad. Ralla fino el Emmentaler AOC. Mezcla y lleva a ebullici\u00f3n el vino blanco, el caldo, la nata y el almid\u00f3n. Echa el queso en la salsa poco antes de servir y remueve hasta que se funda. Sazona con sal y pimienta.\u00a0<\/span>\r\n\r\n<span style=\"font-weight: 400;\">Pon a hervir agua con sal en una olla. Echa los tallarines y cu\u00e9celos al dente. A\u00f1ade las espinacas cuando queden 2-3 minutos y cu\u00e9celas tambi\u00e9n. Esc\u00farrelo todo bien. En la misma olla, calienta un poco los tomates, y \u00e9chalos con los tallarines y las espinacas en un recipiente. Vierte la salsa de queso por encima, m\u00e9zclalo todo y espolvorea la c\u00e1scara de lim\u00f3n y la pimienta rosa. Sirve inmediatamente.<\/span>\r\n\r\n<span style=\"font-weight: 400;\">Si no tienes una olla lo suficientemente grande, haz los tallarines y las espinacas por separado.<\/span>","recipe_images":[24324]},"_links":{"self":[{"href":"https:\/\/www.emmentaler.ch\/es\/wp-json\/wp\/v2\/recipes\/52343"}],"collection":[{"href":"https:\/\/www.emmentaler.ch\/es\/wp-json\/wp\/v2\/recipes"}],"about":[{"href":"https:\/\/www.emmentaler.ch\/es\/wp-json\/wp\/v2\/types\/recipes"}],"author":[{"embeddable":true,"href":"https:\/\/www.emmentaler.ch\/es\/wp-json\/wp\/v2\/users\/2"}],"version-history":[{"count":0,"href":"https:\/\/www.emmentaler.ch\/es\/wp-json\/wp\/v2\/recipes\/52343\/revisions"}],"acf:attachment":[{"embeddable":true,"href":"https:\/\/www.emmentaler.ch\/es\/wp-json\/wp\/v2\/media\/24324"}],"acf:term":[{"embeddable":true,"taxonomy":"recipe_saison","href":"https:\/\/www.emmentaler.ch\/es\/wp-json\/wp\/v2\/recipe_saison\/561"},{"embeddable":true,"taxonomy":"recipe_main_ingredient","href":"https:\/\/www.emmentaler.ch\/es\/wp-json\/wp\/v2\/recipe_main_ingredient\/602"},{"embeddable":true,"taxonomy":"recipe_diet_type","href":"https:\/\/www.emmentaler.ch\/es\/wp-json\/wp\/v2\/recipe_diet_type\/570"},{"embeddable":true,"taxonomy":"recipe_difficulty","href":"https:\/\/www.emmentaler.ch\/es\/wp-json\/wp\/v2\/recipe_difficulty\/577"},{"embeddable":true,"taxonomy":"recipe_categories","href":"https:\/\/www.emmentaler.ch\/es\/wp-json\/wp\/v2\/recipe_categories\/619"},{"embeddable":true,"taxonomy":"recipe_preparation_time","href":"https:\/\/www.emmentaler.ch\/es\/wp-json\/wp\/v2\/recipe_preparation_time\/627"}],"acf:post":[{"embeddable":true,"href":"https:\/\/www.emmentaler.ch\/es\/wp-json\/wp\/v2\/pages\/65949"}],"wp:featuredmedia":[{"embeddable":true,"href":"https:\/\/www.emmentaler.ch\/es\/wp-json\/wp\/v2\/media\/52364"}],"wp:attachment":[{"href":"https:\/\/www.emmentaler.ch\/es\/wp-json\/wp\/v2\/media?parent=52343"}],"wp:term":[{"taxonomy":"post_tag","embeddable":true,"href":"https:\/\/www.emmentaler.ch\/es\/wp-json\/wp\/v2\/tags?post=52343"},{"taxonomy":"recipe_categories","embeddable":true,"href":"https:\/\/www.emmentaler.ch\/es\/wp-json\/wp\/v2\/recipe_categories?post=52343"},{"taxonomy":"et_countries","embeddable":true,"href":"https:\/\/www.emmentaler.ch\/es\/wp-json\/wp\/v2\/et_countries?post=52343"},{"taxonomy":"recipe_main_ingredient","embeddable":true,"href":"https:\/\/www.emmentaler.ch\/es\/wp-json\/wp\/v2\/recipe_main_ingredient?post=52343"},{"taxonomy":"recipe_difficulty","embeddable":true,"href":"https:\/\/www.emmentaler.ch\/es\/wp-json\/wp\/v2\/recipe_difficulty?post=52343"},{"taxonomy":"recipe_preparation_time","embeddable":true,"href":"https:\/\/www.emmentaler.ch\/es\/wp-json\/wp\/v2\/recipe_preparation_time?post=52343"},{"taxonomy":"recipe_diet_type","embeddable":true,"href":"https:\/\/www.emmentaler.ch\/es\/wp-json\/wp\/v2\/recipe_diet_type?post=52343"},{"taxonomy":"recipe_saison","embeddable":true,"href":"https:\/\/www.emmentaler.ch\/es\/wp-json\/wp\/v2\/recipe_saison?post=52343"}],"curies":[{"name":"wp","href":"https:\/\/api.w.org\/{rel}","templated":true}]}}

Tallarines al azafrán con espinacas y salsa de vino blanco y Emmentaler AOC

harina de maíz, por ejemplo

fideos al azafrán

ralladura de limón

según necesidad: pimienta rosa

200 g de tomates cherry
150 g de Emmentaler AOC
2 dl de vino blanco
1 dl de caldo de verduras
2 cucharadas de nata
1 cucharada de almidón, p. ej., maicena
Sal, pimienta
350 g de tallarines al azafrán
500 g de brotes tiernos de espinacas
1 cucharada de cáscara de limón
½ cucharadita de pimienta rosa

<span style="font-weight: 400;">Parte los tomates por la mitad. Ralla fino el Emmentaler AOC. Mezcla y lleva a ebullición el vino blanco, el caldo, la nata y el almidón. Echa el queso en la salsa poco antes de servir y remueve hasta que se funda. Sazona con sal y pimienta. </span>

<span style="font-weight: 400;">Pon a hervir agua con sal en una olla. Echa los tallarines y cuécelos al dente. Añade las espinacas cuando queden 2-3 minutos y cuécelas también. Escúrrelo todo bien. En la misma olla, calienta un poco los tomates, y échalos con los tallarines y las espinacas en un recipiente. Vierte la salsa de queso por encima, mézclalo todo y espolvorea la cáscara de limón y la pimienta rosa. Sirve inmediatamente.</span>

<span style="font-weight: 400;">Si no tienes una olla lo suficientemente grande, haz los tallarines y las espinacas por separado.</span>
