{"id":52374,"date":"2022-04-27T13:41:19","date_gmt":"2022-04-27T11:41:19","guid":{"rendered":"https:\/\/www.emmentaler.ch\/rezept\/risotto-al-vino-tinto-con-radicchio"},"modified":"2022-06-27T15:36:20","modified_gmt":"2022-06-27T13:36:20","slug":"risotto-al-vino-tinto-con-radicchio","status":"publish","type":"recipes","link":"https:\/\/www.emmentaler.ch\/es\/recetas\/risotto-al-vino-tinto-con-radicchio","title":{"rendered":"Risotto al vino tinto con radicchio"},"author":2,"featured_media":35149,"menu_order":0,"template":"","meta":{"inline_featured_image":false},"tags":[],"recipe_categories":[619],"et_countries":[],"recipe_main_ingredient":[602],"recipe_difficulty":[578],"recipe_preparation_time":[373],"recipe_diet_type":[562,569,570],"recipe_saison":[538,530],"acf":{"recipe_preparation_time":373,"recipe_categories":619,"recipe_time_txt":"","recipe_type":65947,"recipe_difficulty":578,"recipe_diet_type":[562,569,570],"recipe_main_ingredient":[602],"recipe_saison":[530,538],"recipe_count_portions":4,"recipe_ingedients":[{"recipe_ingedients_amount":"","recipe_ingedients_unit":"g","recipe_ingedients_product":""}],"temporare_zutaten":"1 chalota\r\n1 diente de ajo\r\n3 apios\r\n3 cucharadas de aceite de oliva\r\n400 g de arroz para risotto\r\n3 dl de vino tinto\r\n6 dl de caldo de verduras caliente\r\n150 g de Emmentaler AOC\r\n400 g de radicchio\r\n1 cucharada de az\u00facar\r\n3 cucharadas de zumo de lim\u00f3n\r\nSal, pimienta","recipe_preparation":"<span style=\"font-weight: 400;\">Corta la chalota y el ajo muy fino. Luego, corta el apio en rodajas finas de 5\u00a0mm. Calienta el aceite y rehoga la chalota y el ajo a fuego lento. A\u00f1ade el arroz y reh\u00f3galo hasta que tenga un aspecto vidrioso. Vierte el vino tinto y deja que se haga a fuego lento. Ve a\u00f1adiendo el caldo sin dejar de remover y dejar hervir otros 20\u00a0minutos. A\u00f1ade los apios cuando queden 5 minutos.<\/span>\r\n\r\n<span style=\"font-weight: 400;\">Corta el Emmentaler AOC en peque\u00f1os dados de unos 7\u00a0mm. Divide el radicchio en cuatro partes, qu\u00edtale el tallo y c\u00f3rtalo en tiras. Carameliza el az\u00facar en una sart\u00e9n. A\u00f1ade el zumo de lim\u00f3n y aprox. 0,5\u00a0dl de agua. Deja cocer a fuego lento hasta que se disuelva el caramelo. A\u00f1ade el radicchio y dale unas cuantas vueltas hasta que desmorone un poco.<\/span>\r\n\r\n<span style=\"font-weight: 400;\">Mezcla los dados de queso y el radicchio con el risotto y sazona con sal y pimienta.<\/span>","recipe_images":[52390]},"_links":{"self":[{"href":"https:\/\/www.emmentaler.ch\/es\/wp-json\/wp\/v2\/recipes\/52374"}],"collection":[{"href":"https:\/\/www.emmentaler.ch\/es\/wp-json\/wp\/v2\/recipes"}],"about":[{"href":"https:\/\/www.emmentaler.ch\/es\/wp-json\/wp\/v2\/types\/recipes"}],"author":[{"embeddable":true,"href":"https:\/\/www.emmentaler.ch\/es\/wp-json\/wp\/v2\/users\/2"}],"version-history":[{"count":0,"href":"https:\/\/www.emmentaler.ch\/es\/wp-json\/wp\/v2\/recipes\/52374\/revisions"}],"acf:attachment":[{"embeddable":true,"href":"https:\/\/www.emmentaler.ch\/es\/wp-json\/wp\/v2\/media\/52390"}],"acf:term":[{"embeddable":true,"taxonomy":"recipe_saison","href":"https:\/\/www.emmentaler.ch\/es\/wp-json\/wp\/v2\/recipe_saison\/538"},{"embeddable":true,"taxonomy":"recipe_saison","href":"https:\/\/www.emmentaler.ch\/es\/wp-json\/wp\/v2\/recipe_saison\/530"},{"embeddable":true,"taxonomy":"recipe_main_ingredient","href":"https:\/\/www.emmentaler.ch\/es\/wp-json\/wp\/v2\/recipe_main_ingredient\/602"},{"embeddable":true,"taxonomy":"recipe_diet_type","href":"https:\/\/www.emmentaler.ch\/es\/wp-json\/wp\/v2\/recipe_diet_type\/570"},{"embeddable":true,"taxonomy":"recipe_diet_type","href":"https:\/\/www.emmentaler.ch\/es\/wp-json\/wp\/v2\/recipe_diet_type\/569"},{"embeddable":true,"taxonomy":"recipe_diet_type","href":"https:\/\/www.emmentaler.ch\/es\/wp-json\/wp\/v2\/recipe_diet_type\/562"},{"embeddable":true,"taxonomy":"recipe_difficulty","href":"https:\/\/www.emmentaler.ch\/es\/wp-json\/wp\/v2\/recipe_difficulty\/578"},{"embeddable":true,"taxonomy":"recipe_categories","href":"https:\/\/www.emmentaler.ch\/es\/wp-json\/wp\/v2\/recipe_categories\/619"},{"embeddable":true,"taxonomy":"recipe_preparation_time","href":"https:\/\/www.emmentaler.ch\/es\/wp-json\/wp\/v2\/recipe_preparation_time\/373"}],"acf:post":[{"embeddable":true,"href":"https:\/\/www.emmentaler.ch\/es\/wp-json\/wp\/v2\/pages\/65947"}],"wp:featuredmedia":[{"embeddable":true,"href":"https:\/\/www.emmentaler.ch\/es\/wp-json\/wp\/v2\/media\/35149"}],"wp:attachment":[{"href":"https:\/\/www.emmentaler.ch\/es\/wp-json\/wp\/v2\/media?parent=52374"}],"wp:term":[{"taxonomy":"post_tag","embeddable":true,"href":"https:\/\/www.emmentaler.ch\/es\/wp-json\/wp\/v2\/tags?post=52374"},{"taxonomy":"recipe_categories","embeddable":true,"href":"https:\/\/www.emmentaler.ch\/es\/wp-json\/wp\/v2\/recipe_categories?post=52374"},{"taxonomy":"et_countries","embeddable":true,"href":"https:\/\/www.emmentaler.ch\/es\/wp-json\/wp\/v2\/et_countries?post=52374"},{"taxonomy":"recipe_main_ingredient","embeddable":true,"href":"https:\/\/www.emmentaler.ch\/es\/wp-json\/wp\/v2\/recipe_main_ingredient?post=52374"},{"taxonomy":"recipe_difficulty","embeddable":true,"href":"https:\/\/www.emmentaler.ch\/es\/wp-json\/wp\/v2\/recipe_difficulty?post=52374"},{"taxonomy":"recipe_preparation_time","embeddable":true,"href":"https:\/\/www.emmentaler.ch\/es\/wp-json\/wp\/v2\/recipe_preparation_time?post=52374"},{"taxonomy":"recipe_diet_type","embeddable":true,"href":"https:\/\/www.emmentaler.ch\/es\/wp-json\/wp\/v2\/recipe_diet_type?post=52374"},{"taxonomy":"recipe_saison","embeddable":true,"href":"https:\/\/www.emmentaler.ch\/es\/wp-json\/wp\/v2\/recipe_saison?post=52374"}],"curies":[{"name":"wp","href":"https:\/\/api.w.org\/{rel}","templated":true}]}}

1 chalota
1 diente de ajo
3 apios
3 cucharadas de aceite de oliva
400 g de arroz para risotto
3 dl de vino tinto
6 dl de caldo de verduras caliente
150 g de Emmentaler AOC
400 g de radicchio
1 cucharada de azúcar
3 cucharadas de zumo de limón
Sal, pimienta

<span style="font-weight: 400;">Corta la chalota y el ajo muy fino. Luego, corta el apio en rodajas finas de 5 mm. Calienta el aceite y rehoga la chalota y el ajo a fuego lento. Añade el arroz y rehógalo hasta que tenga un aspecto vidrioso. Vierte el vino tinto y deja que se haga a fuego lento. Ve añadiendo el caldo sin dejar de remover y dejar hervir otros 20 minutos. Añade los apios cuando queden 5 minutos.</span>

<span style="font-weight: 400;">Corta el Emmentaler AOC en pequeños dados de unos 7 mm. Divide el radicchio en cuatro partes, quítale el tallo y córtalo en tiras. Carameliza el azúcar en una sartén. Añade el zumo de limón y aprox. 0,5 dl de agua. Deja cocer a fuego lento hasta que se disuelva el caramelo. Añade el radicchio y dale unas cuantas vueltas hasta que desmorone un poco.</span>

<span style="font-weight: 400;">Mezcla los dados de queso y el radicchio con el risotto y sazona con sal y pimienta.</span>
