{"id":52436,"date":"2022-04-27T13:33:36","date_gmt":"2022-04-27T11:33:36","guid":{"rendered":"https:\/\/www.emmentaler.ch\/rezept\/triangulos-de-hojaldre-con-queso-emmentaler-aop"},"modified":"2022-08-18T16:02:23","modified_gmt":"2022-08-18T14:02:23","slug":"triangulos-de-hojaldre-con-queso-emmentaler-dop","status":"publish","type":"recipes","link":"https:\/\/www.emmentaler.ch\/es\/recetas\/triangulos-de-hojaldre-con-queso-emmentaler-dop","title":{"rendered":"Tri\u00e1ngulos de hojaldre con queso Emmentaler DOP"},"author":2,"featured_media":19908,"menu_order":0,"template":"","meta":{"inline_featured_image":false},"tags":[],"recipe_categories":[608],"et_countries":[],"recipe_main_ingredient":[594],"recipe_difficulty":[577],"recipe_preparation_time":[372],"recipe_diet_type":[569,570],"recipe_saison":[537,529,554,538,546],"acf":{"recipe_preparation_time":372,"recipe_categories":608,"recipe_time_txt":"30 minutos m\u00e1s 20 minutos en el horno","recipe_type":65949,"recipe_difficulty":577,"recipe_diet_type":[569,570],"recipe_main_ingredient":[594],"recipe_saison":[529,537,538,546,554],"recipe_count_portions":4,"recipe_ingedients":[{"recipe_ingedients_amount":"12.5","recipe_ingedients_unit":"g","recipe_ingedients_product":"de puerro"},{"recipe_ingedients_amount":".125","recipe_ingedients_unit":"St\u00fcck","recipe_ingedients_product":"pera"},{"recipe_ingedients_amount":"31.25","recipe_ingedients_unit":"g","recipe_ingedients_product":"de queso Emmentaler DOP"},{"recipe_ingedients_amount":"1","recipe_ingedients_unit":"St\u00fcck","recipe_ingedients_product":"ramitas de mejorana"},{"recipe_ingedients_amount":".25","recipe_ingedients_unit":"El","recipe_ingedients_product":"de mostaza granulada"},{"recipe_ingedients_amount":".25","recipe_ingedients_unit":"St\u00fcck","recipe_ingedients_product":"huevo"},{"recipe_ingedients_amount":".25","recipe_ingedients_unit":"St\u00fcck","recipe_ingedients_product":"masa de hojaldre rectangular, aprox. 300 g"}],"temporare_zutaten":"50 g de puerro\r\n\u00bd pera\r\n125 g de queso Emmentaler AOP\r\n3-5 ramitas de mejorana\r\n1 cucharada de mostaza granulada\r\n1 huevo\r\n1 masa de hojaldre rectangular, aprox. 300 g","recipe_preparation":"Corta el puerro en aros finos de 2-3 mm, cu\u00e9celo al vapor durante 3 minutos y deja que se enfr\u00ede. Pela las peras, qu\u00edtale las pepitas y c\u00f3rtalas en dados peque\u00f1os de 5 mm. A continuaci\u00f3n, ralla grueso el Emmentaler AOP. Separa las hojitas de mejorana de los tallos. Echa el puerro, la pera, el Emmentaler AOP y la mejorana en un recipiente, y m\u00e9zclalo todo con la mostaza. Presiona un poco el relleno.\r\n\r\nSepara la yema y la clara del huevo. A continuaci\u00f3n, corta la masa de hojaldre en 8 cuadrados del mismo tama\u00f1o. Con un pincel, pinta los bordes de la masa aprox. 1 cm con clara de huevo. Distribuye el relleno en el centro de la masa. Dobla los lados en diagonal para formar un tri\u00e1ngulo y presiona bien los bordes. Bate la yema del huevo y pinta los tri\u00e1ngulos de hojaldre.\r\n\r\nLuego, col\u00f3calos en una bandeja con papel de horno. M\u00e9telos en el horno precalentado a 200\u00ba en la altura media, unos 20 minutos. S\u00edrvelos calientes con una ensalada.\r\n\r\nConsejo: se pueden hacer tri\u00e1ngulos m\u00e1s peque\u00f1os para servirlos calientes o fr\u00edos en el aperitivo.","recipe_images":[19908]},"_links":{"self":[{"href":"https:\/\/www.emmentaler.ch\/es\/wp-json\/wp\/v2\/recipes\/52436"}],"collection":[{"href":"https:\/\/www.emmentaler.ch\/es\/wp-json\/wp\/v2\/recipes"}],"about":[{"href":"https:\/\/www.emmentaler.ch\/es\/wp-json\/wp\/v2\/types\/recipes"}],"author":[{"embeddable":true,"href":"https:\/\/www.emmentaler.ch\/es\/wp-json\/wp\/v2\/users\/2"}],"version-history":[{"count":0,"href":"https:\/\/www.emmentaler.ch\/es\/wp-json\/wp\/v2\/recipes\/52436\/revisions"}],"acf:attachment":[{"embeddable":true,"href":"https:\/\/www.emmentaler.ch\/es\/wp-json\/wp\/v2\/media\/19908"}],"acf:term":[{"embeddable":true,"taxonomy":"recipe_saison","href":"https:\/\/www.emmentaler.ch\/es\/wp-json\/wp\/v2\/recipe_saison\/554"},{"embeddable":true,"taxonomy":"recipe_saison","href":"https:\/\/www.emmentaler.ch\/es\/wp-json\/wp\/v2\/recipe_saison\/546"},{"embeddable":true,"taxonomy":"recipe_saison","href":"https:\/\/www.emmentaler.ch\/es\/wp-json\/wp\/v2\/recipe_saison\/538"},{"embeddable":true,"taxonomy":"recipe_saison","href":"https:\/\/www.emmentaler.ch\/es\/wp-json\/wp\/v2\/recipe_saison\/537"},{"embeddable":true,"taxonomy":"recipe_saison","href":"https:\/\/www.emmentaler.ch\/es\/wp-json\/wp\/v2\/recipe_saison\/529"},{"embeddable":true,"taxonomy":"recipe_main_ingredient","href":"https:\/\/www.emmentaler.ch\/es\/wp-json\/wp\/v2\/recipe_main_ingredient\/594"},{"embeddable":true,"taxonomy":"recipe_diet_type","href":"https:\/\/www.emmentaler.ch\/es\/wp-json\/wp\/v2\/recipe_diet_type\/570"},{"embeddable":true,"taxonomy":"recipe_diet_type","href":"https:\/\/www.emmentaler.ch\/es\/wp-json\/wp\/v2\/recipe_diet_type\/569"},{"embeddable":true,"taxonomy":"recipe_difficulty","href":"https:\/\/www.emmentaler.ch\/es\/wp-json\/wp\/v2\/recipe_difficulty\/577"},{"embeddable":true,"taxonomy":"recipe_categories","href":"https:\/\/www.emmentaler.ch\/es\/wp-json\/wp\/v2\/recipe_categories\/608"},{"embeddable":true,"taxonomy":"recipe_preparation_time","href":"https:\/\/www.emmentaler.ch\/es\/wp-json\/wp\/v2\/recipe_preparation_time\/372"}],"acf:post":[{"embeddable":true,"href":"https:\/\/www.emmentaler.ch\/es\/wp-json\/wp\/v2\/pages\/65949"}],"wp:featuredmedia":[{"embeddable":true,"href":"https:\/\/www.emmentaler.ch\/es\/wp-json\/wp\/v2\/media\/19908"}],"wp:attachment":[{"href":"https:\/\/www.emmentaler.ch\/es\/wp-json\/wp\/v2\/media?parent=52436"}],"wp:term":[{"taxonomy":"post_tag","embeddable":true,"href":"https:\/\/www.emmentaler.ch\/es\/wp-json\/wp\/v2\/tags?post=52436"},{"taxonomy":"recipe_categories","embeddable":true,"href":"https:\/\/www.emmentaler.ch\/es\/wp-json\/wp\/v2\/recipe_categories?post=52436"},{"taxonomy":"et_countries","embeddable":true,"href":"https:\/\/www.emmentaler.ch\/es\/wp-json\/wp\/v2\/et_countries?post=52436"},{"taxonomy":"recipe_main_ingredient","embeddable":true,"href":"https:\/\/www.emmentaler.ch\/es\/wp-json\/wp\/v2\/recipe_main_ingredient?post=52436"},{"taxonomy":"recipe_difficulty","embeddable":true,"href":"https:\/\/www.emmentaler.ch\/es\/wp-json\/wp\/v2\/recipe_difficulty?post=52436"},{"taxonomy":"recipe_preparation_time","embeddable":true,"href":"https:\/\/www.emmentaler.ch\/es\/wp-json\/wp\/v2\/recipe_preparation_time?post=52436"},{"taxonomy":"recipe_diet_type","embeddable":true,"href":"https:\/\/www.emmentaler.ch\/es\/wp-json\/wp\/v2\/recipe_diet_type?post=52436"},{"taxonomy":"recipe_saison","embeddable":true,"href":"https:\/\/www.emmentaler.ch\/es\/wp-json\/wp\/v2\/recipe_saison?post=52436"}],"curies":[{"name":"wp","href":"https:\/\/api.w.org\/{rel}","templated":true}]}}

Triángulos de hojaldre con queso Emmentaler DOP

30 minutos más 20 minutos en el horno

Stück

Corta el puerro en aros finos de 2-3 mm, cuécelo al vapor durante 3 minutos y deja que se enfríe. Pela las peras, quítale las pepitas y córtalas en dados pequeños de 5 mm. A continuación, ralla grueso el Emmentaler AOP. Separa las hojitas de mejorana de los tallos. Echa el puerro, la pera, el Emmentaler AOP y la mejorana en un recipiente, y mézclalo todo con la mostaza. Presiona un poco el relleno.

Separa la yema y la clara del huevo. A continuación, corta la masa de hojaldre en 8 cuadrados del mismo tamaño. Con un pincel, pinta los bordes de la masa aprox. 1 cm con clara de huevo. Distribuye el relleno en el centro de la masa. Dobla los lados en diagonal para formar un triángulo y presiona bien los bordes. Bate la yema del huevo y pinta los triángulos de hojaldre.

Luego, colócalos en una bandeja con papel de horno. Mételos en el horno precalentado a 200º en la altura media, unos 20 minutos. Sírvelos calientes con una ensalada.

Consejo: se pueden hacer triángulos más pequeños para servirlos calientes o fríos en el aperitivo.
