{"id":52467,"date":"2022-04-27T13:33:36","date_gmt":"2022-04-27T11:33:36","guid":{"rendered":"https:\/\/www.emmentaler.ch\/rezept\/sandwich-de-aguacate"},"modified":"2024-07-25T18:08:42","modified_gmt":"2024-07-25T16:08:42","slug":"sandwich-de-aguacate","status":"publish","type":"recipes","link":"https:\/\/www.emmentaler.ch\/es\/recetas\/sandwich-de-aguacate","title":{"rendered":"S\u00e1ndwich de aguacate"},"author":2,"featured_media":52488,"menu_order":0,"template":"","meta":{"inline_featured_image":false},"tags":[843],"recipe_categories":[608],"et_countries":[],"recipe_main_ingredient":[602],"recipe_difficulty":[577],"recipe_preparation_time":[380],"recipe_diet_type":[569,570],"recipe_saison":[554,546],"acf":{"recipe_preparation_time":380,"recipe_categories":608,"recipe_time_txt":"","recipe_type":65949,"recipe_difficulty":577,"recipe_diet_type":[569,570],"recipe_main_ingredient":[602],"recipe_saison":[546,554],"recipe_count_portions":4,"recipe_ingedients":[{"recipe_ingedients_amount":"2","recipe_ingedients_unit":"Scheibe","recipe_ingedients_product":"pan tostado integral"},{"recipe_ingedients_amount":".5","recipe_ingedients_unit":"St\u00fcck","recipe_ingedients_product":"aguacates"},{"recipe_ingedients_amount":".25","recipe_ingedients_unit":"El","recipe_ingedients_product":"zumo de lim\u00f3n"},{"recipe_ingedients_amount":".5","recipe_ingedients_unit":"Tl","recipe_ingedients_product":"aceto bals\u00e1mico"},{"recipe_ingedients_amount":"0.375","recipe_ingedients_unit":"El","recipe_ingedients_product":"aceite de oliva"},{"recipe_ingedients_amount":".125","recipe_ingedients_unit":"St\u00fcck","recipe_ingedients_product":"cicorino rosso"},{"recipe_ingedients_amount":"30","recipe_ingedients_unit":"g","recipe_ingedients_product":"Emmentaler DOP"},{"recipe_ingedients_amount":".5","recipe_ingedients_unit":"El","recipe_ingedients_product":"mostaza"},{"recipe_ingedients_amount":"","recipe_ingedients_unit":"Bedarf","recipe_ingedients_product":"seg\u00fan sea necesario: sal, pimienta"}],"temporare_zutaten":"8 tostadas integrales\r\n2 aguacates\r\n1 cucharada de zumo de lim\u00f3n\r\nSal, pimienta\r\n2 cucharaditas de vinagre bals\u00e1mico\r\n1 \u00bd cucharada de aceite de oliva\r\n\u00bd cicorino rojo\r\n120 g de Emmentaler AOC\r\n2 cucharadas de mostaza","recipe_preparation":"<span style=\"font-weight: 400;\">Tuesta el pan en una parrilla o una tostadora.<\/span>\r\n\r\n<span style=\"font-weight: 400;\">Parte los aguacates, qu\u00edtales el hueso y separa la pulpa de la piel. Tritura los aguacates con el zumo de lim\u00f3n y condimenta con sal y pimienta. Mezcla el vinagre bals\u00e1mico, el aceite, la sal y la pimienta. Corta el radicchio en tiras y m\u00e9zclalo con la salsa. Luego, corta el queso en lonchas finas.<\/span>\r\n\r\n<span style=\"font-weight: 400;\">Unta las tostadas con mostaza. Pon el pur\u00e9 de aguacate, el cicorino y el queso sobre 4 tostas. T\u00e1palas con las otras tostas y presiona un poco. Por \u00faltimo, corta el s\u00e1ndwich en dos tri\u00e1ngulos con un cuchillo afilado.\u00a0<\/span>","recipe_images":[19841,19846]},"_links":{"self":[{"href":"https:\/\/www.emmentaler.ch\/es\/wp-json\/wp\/v2\/recipes\/52467"}],"collection":[{"href":"https:\/\/www.emmentaler.ch\/es\/wp-json\/wp\/v2\/recipes"}],"about":[{"href":"https:\/\/www.emmentaler.ch\/es\/wp-json\/wp\/v2\/types\/recipes"}],"author":[{"embeddable":true,"href":"https:\/\/www.emmentaler.ch\/es\/wp-json\/wp\/v2\/users\/2"}],"version-history":[{"count":1,"href":"https:\/\/www.emmentaler.ch\/es\/wp-json\/wp\/v2\/recipes\/52467\/revisions"}],"predecessor-version":[{"id":138026,"href":"https:\/\/www.emmentaler.ch\/es\/wp-json\/wp\/v2\/recipes\/52467\/revisions\/138026"}],"acf:attachment":[{"embeddable":true,"href":"https:\/\/www.emmentaler.ch\/es\/wp-json\/wp\/v2\/media\/19846"},{"embeddable":true,"href":"https:\/\/www.emmentaler.ch\/es\/wp-json\/wp\/v2\/media\/19841"}],"acf:term":[{"embeddable":true,"taxonomy":"recipe_saison","href":"https:\/\/www.emmentaler.ch\/es\/wp-json\/wp\/v2\/recipe_saison\/554"},{"embeddable":true,"taxonomy":"recipe_saison","href":"https:\/\/www.emmentaler.ch\/es\/wp-json\/wp\/v2\/recipe_saison\/546"},{"embeddable":true,"taxonomy":"recipe_main_ingredient","href":"https:\/\/www.emmentaler.ch\/es\/wp-json\/wp\/v2\/recipe_main_ingredient\/602"},{"embeddable":true,"taxonomy":"recipe_diet_type","href":"https:\/\/www.emmentaler.ch\/es\/wp-json\/wp\/v2\/recipe_diet_type\/570"},{"embeddable":true,"taxonomy":"recipe_diet_type","href":"https:\/\/www.emmentaler.ch\/es\/wp-json\/wp\/v2\/recipe_diet_type\/569"},{"embeddable":true,"taxonomy":"recipe_difficulty","href":"https:\/\/www.emmentaler.ch\/es\/wp-json\/wp\/v2\/recipe_difficulty\/577"},{"embeddable":true,"taxonomy":"recipe_categories","href":"https:\/\/www.emmentaler.ch\/es\/wp-json\/wp\/v2\/recipe_categories\/608"},{"embeddable":true,"taxonomy":"recipe_preparation_time","href":"https:\/\/www.emmentaler.ch\/es\/wp-json\/wp\/v2\/recipe_preparation_time\/380"}],"acf:post":[{"embeddable":true,"href":"https:\/\/www.emmentaler.ch\/es\/wp-json\/wp\/v2\/pages\/65949"}],"wp:featuredmedia":[{"embeddable":true,"href":"https:\/\/www.emmentaler.ch\/es\/wp-json\/wp\/v2\/media\/52488"}],"wp:attachment":[{"href":"https:\/\/www.emmentaler.ch\/es\/wp-json\/wp\/v2\/media?parent=52467"}],"wp:term":[{"taxonomy":"post_tag","embeddable":true,"href":"https:\/\/www.emmentaler.ch\/es\/wp-json\/wp\/v2\/tags?post=52467"},{"taxonomy":"recipe_categories","embeddable":true,"href":"https:\/\/www.emmentaler.ch\/es\/wp-json\/wp\/v2\/recipe_categories?post=52467"},{"taxonomy":"et_countries","embeddable":true,"href":"https:\/\/www.emmentaler.ch\/es\/wp-json\/wp\/v2\/et_countries?post=52467"},{"taxonomy":"recipe_main_ingredient","embeddable":true,"href":"https:\/\/www.emmentaler.ch\/es\/wp-json\/wp\/v2\/recipe_main_ingredient?post=52467"},{"taxonomy":"recipe_difficulty","embeddable":true,"href":"https:\/\/www.emmentaler.ch\/es\/wp-json\/wp\/v2\/recipe_difficulty?post=52467"},{"taxonomy":"recipe_preparation_time","embeddable":true,"href":"https:\/\/www.emmentaler.ch\/es\/wp-json\/wp\/v2\/recipe_preparation_time?post=52467"},{"taxonomy":"recipe_diet_type","embeddable":true,"href":"https:\/\/www.emmentaler.ch\/es\/wp-json\/wp\/v2\/recipe_diet_type?post=52467"},{"taxonomy":"recipe_saison","embeddable":true,"href":"https:\/\/www.emmentaler.ch\/es\/wp-json\/wp\/v2\/recipe_saison?post=52467"}],"curies":[{"name":"wp","href":"https:\/\/api.w.org\/{rel}","templated":true}]}}

Sándwich de aguacate

Stück

zumo de limón

aceto balsámico

según sea necesario: sal, pimienta

8 tostadas integrales
2 aguacates
1 cucharada de zumo de limón
Sal, pimienta
2 cucharaditas de vinagre balsámico
1 ½ cucharada de aceite de oliva
½ cicorino rojo
120 g de Emmentaler AOC
2 cucharadas de mostaza

<span style="font-weight: 400;">Tuesta el pan en una parrilla o una tostadora.</span>

<span style="font-weight: 400;">Parte los aguacates, quítales el hueso y separa la pulpa de la piel. Tritura los aguacates con el zumo de limón y condimenta con sal y pimienta. Mezcla el vinagre balsámico, el aceite, la sal y la pimienta. Corta el radicchio en tiras y mézclalo con la salsa. Luego, corta el queso en lonchas finas.</span>

<span style="font-weight: 400;">Unta las tostadas con mostaza. Pon el puré de aguacate, el cicorino y el queso sobre 4 tostas. Tápalas con las otras tostas y presiona un poco. Por último, corta el sándwich en dos triángulos con un cuchillo afilado. </span>
