{"id":52560,"date":"2022-04-27T13:39:54","date_gmt":"2022-04-27T11:39:54","guid":{"rendered":"https:\/\/www.emmentaler.ch\/rezept\/polenta-de-maiz-fresco-con-peperonata"},"modified":"2022-06-28T11:01:36","modified_gmt":"2022-06-28T09:01:36","slug":"polenta-de-maiz-fresco-con-peperonata","status":"publish","type":"recipes","link":"https:\/\/www.emmentaler.ch\/es\/recetas\/polenta-de-maiz-fresco-con-peperonata","title":{"rendered":"Polenta de ma\u00edz fresco con peperonata"},"author":2,"featured_media":23740,"menu_order":0,"template":"","meta":{"inline_featured_image":false},"tags":[],"recipe_categories":[619],"et_countries":[],"recipe_main_ingredient":[602],"recipe_difficulty":[577],"recipe_preparation_time":[384],"recipe_diet_type":[562,569,570],"recipe_saison":[561],"acf":{"recipe_preparation_time":384,"recipe_categories":619,"recipe_time_txt":"","recipe_type":65932,"recipe_difficulty":577,"recipe_diet_type":[562,569,570],"recipe_main_ingredient":[602],"recipe_saison":[561],"recipe_count_portions":4,"recipe_ingedients":[{"recipe_ingedients_amount":"","recipe_ingedients_unit":"g","recipe_ingedients_product":""}],"temporare_zutaten":"4 mazorcas de ma\u00edz dulce\r\n7,5 dl de caldo de verduras\r\n50 g de polenta fina\r\n175 g de Emmentaler AOP rallado\r\nSal, pimienta\r\n750 g de pimientos variados\r\n1 cebolla roja\r\n2 dientes de ajo\r\n2 cucharadas de aceite de oliva\r\n2 tomates\r\n2 cucharadas de vinagre bals\u00e1mico\r\n\u00bd manojo de perejil plano","recipe_preparation":"<span style=\"font-weight: 400;\">Quita las hojas y los pelos de las mazorcas. Saca los granos de la mazorca con un cuchillo, tendr\u00e1s aprox. 500\u00a0g de granos de ma\u00edz. Lleva a ebullici\u00f3n el caldo con los granos de ma\u00edz, y deja a fuego lento 20 minutos. Tritura todo lo m\u00e1s fino posible. A\u00f1ade la polenta y deja a fuego lento 10 minutos m\u00e1s. Remueve con frecuencia. A\u00f1ade el Emmentaler AOP rallado y condimenta con sal y pimienta.<\/span>\r\n\r\n<span style=\"font-weight: 400;\">Mientras se hace la polenta, parte los pimientos por la mitad, qu\u00edtales las pepitas y c\u00f3rtalos en tiras de aprox. 1\u00a0cm de ancho. Corta la cebolla por la mitad y troc\u00e9ala en juliana. Pica el ajo muy fino. Calienta un poco el aceite de oliva. Rehoga el pimiento, la cebolla y el ajo, y condimenta con sal y pimienta. Deja que se hagan tapados durante 15 minutos. Corta los tomates en dados, a\u00f1ade 1\u00a0dl de agua y deja cocer 10 minutos. A\u00f1ade el vinagre bals\u00e1mico y sazona. Por \u00faltimo, pica el perejil y esp\u00e1rcelo.<\/span>","recipe_images":[23740]},"_links":{"self":[{"href":"https:\/\/www.emmentaler.ch\/es\/wp-json\/wp\/v2\/recipes\/52560"}],"collection":[{"href":"https:\/\/www.emmentaler.ch\/es\/wp-json\/wp\/v2\/recipes"}],"about":[{"href":"https:\/\/www.emmentaler.ch\/es\/wp-json\/wp\/v2\/types\/recipes"}],"author":[{"embeddable":true,"href":"https:\/\/www.emmentaler.ch\/es\/wp-json\/wp\/v2\/users\/2"}],"version-history":[{"count":0,"href":"https:\/\/www.emmentaler.ch\/es\/wp-json\/wp\/v2\/recipes\/52560\/revisions"}],"acf:attachment":[{"embeddable":true,"href":"https:\/\/www.emmentaler.ch\/es\/wp-json\/wp\/v2\/media\/23740"}],"acf:term":[{"embeddable":true,"taxonomy":"recipe_saison","href":"https:\/\/www.emmentaler.ch\/es\/wp-json\/wp\/v2\/recipe_saison\/561"},{"embeddable":true,"taxonomy":"recipe_main_ingredient","href":"https:\/\/www.emmentaler.ch\/es\/wp-json\/wp\/v2\/recipe_main_ingredient\/602"},{"embeddable":true,"taxonomy":"recipe_diet_type","href":"https:\/\/www.emmentaler.ch\/es\/wp-json\/wp\/v2\/recipe_diet_type\/570"},{"embeddable":true,"taxonomy":"recipe_diet_type","href":"https:\/\/www.emmentaler.ch\/es\/wp-json\/wp\/v2\/recipe_diet_type\/569"},{"embeddable":true,"taxonomy":"recipe_diet_type","href":"https:\/\/www.emmentaler.ch\/es\/wp-json\/wp\/v2\/recipe_diet_type\/562"},{"embeddable":true,"taxonomy":"recipe_difficulty","href":"https:\/\/www.emmentaler.ch\/es\/wp-json\/wp\/v2\/recipe_difficulty\/577"},{"embeddable":true,"taxonomy":"recipe_categories","href":"https:\/\/www.emmentaler.ch\/es\/wp-json\/wp\/v2\/recipe_categories\/619"},{"embeddable":true,"taxonomy":"recipe_preparation_time","href":"https:\/\/www.emmentaler.ch\/es\/wp-json\/wp\/v2\/recipe_preparation_time\/384"}],"acf:post":[{"embeddable":true,"href":"https:\/\/www.emmentaler.ch\/es\/wp-json\/wp\/v2\/pages\/65932"}],"wp:featuredmedia":[{"embeddable":true,"href":"https:\/\/www.emmentaler.ch\/es\/wp-json\/wp\/v2\/media\/23740"}],"wp:attachment":[{"href":"https:\/\/www.emmentaler.ch\/es\/wp-json\/wp\/v2\/media?parent=52560"}],"wp:term":[{"taxonomy":"post_tag","embeddable":true,"href":"https:\/\/www.emmentaler.ch\/es\/wp-json\/wp\/v2\/tags?post=52560"},{"taxonomy":"recipe_categories","embeddable":true,"href":"https:\/\/www.emmentaler.ch\/es\/wp-json\/wp\/v2\/recipe_categories?post=52560"},{"taxonomy":"et_countries","embeddable":true,"href":"https:\/\/www.emmentaler.ch\/es\/wp-json\/wp\/v2\/et_countries?post=52560"},{"taxonomy":"recipe_main_ingredient","embeddable":true,"href":"https:\/\/www.emmentaler.ch\/es\/wp-json\/wp\/v2\/recipe_main_ingredient?post=52560"},{"taxonomy":"recipe_difficulty","embeddable":true,"href":"https:\/\/www.emmentaler.ch\/es\/wp-json\/wp\/v2\/recipe_difficulty?post=52560"},{"taxonomy":"recipe_preparation_time","embeddable":true,"href":"https:\/\/www.emmentaler.ch\/es\/wp-json\/wp\/v2\/recipe_preparation_time?post=52560"},{"taxonomy":"recipe_diet_type","embeddable":true,"href":"https:\/\/www.emmentaler.ch\/es\/wp-json\/wp\/v2\/recipe_diet_type?post=52560"},{"taxonomy":"recipe_saison","embeddable":true,"href":"https:\/\/www.emmentaler.ch\/es\/wp-json\/wp\/v2\/recipe_saison?post=52560"}],"curies":[{"name":"wp","href":"https:\/\/api.w.org\/{rel}","templated":true}]}}

Polenta de maíz fresco con peperonata

4 mazorcas de maíz dulce
7,5 dl de caldo de verduras
50 g de polenta fina
175 g de Emmentaler AOP rallado
Sal, pimienta
750 g de pimientos variados
1 cebolla roja
2 dientes de ajo
2 cucharadas de aceite de oliva
2 tomates
2 cucharadas de vinagre balsámico
½ manojo de perejil plano

<span style="font-weight: 400;">Quita las hojas y los pelos de las mazorcas. Saca los granos de la mazorca con un cuchillo, tendrás aprox. 500 g de granos de maíz. Lleva a ebullición el caldo con los granos de maíz, y deja a fuego lento 20 minutos. Tritura todo lo más fino posible. Añade la polenta y deja a fuego lento 10 minutos más. Remueve con frecuencia. Añade el Emmentaler AOP rallado y condimenta con sal y pimienta.</span>

<span style="font-weight: 400;">Mientras se hace la polenta, parte los pimientos por la mitad, quítales las pepitas y córtalos en tiras de aprox. 1 cm de ancho. Corta la cebolla por la mitad y trocéala en juliana. Pica el ajo muy fino. Calienta un poco el aceite de oliva. Rehoga el pimiento, la cebolla y el ajo, y condimenta con sal y pimienta. Deja que se hagan tapados durante 15 minutos. Corta los tomates en dados, añade 1 dl de agua y deja cocer 10 minutos. Añade el vinagre balsámico y sazona. Por último, pica el perejil y espárcelo.</span>
