{"id":52622,"date":"2022-04-27T13:38:44","date_gmt":"2022-04-27T11:38:44","guid":{"rendered":"https:\/\/www.emmentaler.ch\/rezept\/pasta-gratinada-con-puerro"},"modified":"2022-08-12T17:27:48","modified_gmt":"2022-08-12T15:27:48","slug":"pasta-gratinada-con-puerro","status":"publish","type":"recipes","link":"https:\/\/www.emmentaler.ch\/es\/recetas\/pasta-gratinada-con-puerro","title":{"rendered":"Pasta gratinada con puerro"},"author":2,"featured_media":22848,"menu_order":0,"template":"","meta":{"inline_featured_image":false},"tags":[],"recipe_categories":[619],"et_countries":[],"recipe_main_ingredient":[602],"recipe_difficulty":[578],"recipe_preparation_time":[377],"recipe_diet_type":[],"recipe_saison":[561],"acf":{"recipe_preparation_time":377,"recipe_categories":619,"recipe_time_txt":"30 minutos m\u00e1s 30 minutos en el horno","recipe_type":65940,"recipe_difficulty":578,"recipe_diet_type":false,"recipe_main_ingredient":[602],"recipe_saison":[561],"recipe_count_portions":4,"recipe_ingedients":[{"recipe_ingedients_amount":"","recipe_ingedients_unit":"g","recipe_ingedients_product":""}],"temporare_zutaten":"800 g de puerro\r\n1 manojo de perejil\r\n1 cebolla grande\r\n2 dientes de ajo\r\n1 cucharadas de aceite de oliva\r\n1 dl de vino blanco\r\n3 dl de caldo\r\n1 cucharadita de comino\r\n100 g de taquitos de jam\u00f3n\r\n1,5 dl de nata\r\nSal, pimienta, nuez moscada\r\n300 g de l\u00e1minas de lasa\u00f1a sin cocer\r\n150 g de Emmentaler AOC rallado\r\n2 cucharadas de pan rallado","recipe_preparation":"<span style=\"font-weight: 400;\">Corta el puerro en rodajas anchas de 1\u00a0cm. Corta tambi\u00e9n la cebolla, el perejil y el ajo muy fino. Rehoga las cebollas y el ajo en aceite caliente. A\u00f1ade el puerro y reh\u00f3galo tambi\u00e9n durante 1-2 minutos. A\u00f1ade el vino blanco y deja que reduzca un poco. A\u00f1ade el caldo y el comino, y deja cocer a fuego lento 3 minutos.<\/span>\r\n\r\n<span style=\"font-weight: 400;\">Mezcla los taquitos de jam\u00f3n, la nata y el perejil con el puerro, y condimenta con sal, pimienta y nuez moscada. Rompe las l\u00e1minas de lasa\u00f1a en trozos de unos 5\u00a0cm. Distribuye un tercio de los trozos en una bandeja para horno (aprox. 20\u00a0x\u00a030\u00a0cm) o en moldes individuales. Reparte un tercio del puerro y esparce una cucharada de Emmentaler AOC por encima. Repite estos pasos hasta que se acaben las l\u00e1minas de lasa\u00f1a y el puerro. Echa el resto de queso y el pan rallado por encima.\u00a0<\/span>\r\n\r\n<span style=\"font-weight: 400;\">Mete la lasa\u00f1a en el horno precalentado a 200\u00ba unos 30\u00a0minutos.<\/span>","recipe_images":[52638]},"_links":{"self":[{"href":"https:\/\/www.emmentaler.ch\/es\/wp-json\/wp\/v2\/recipes\/52622"}],"collection":[{"href":"https:\/\/www.emmentaler.ch\/es\/wp-json\/wp\/v2\/recipes"}],"about":[{"href":"https:\/\/www.emmentaler.ch\/es\/wp-json\/wp\/v2\/types\/recipes"}],"author":[{"embeddable":true,"href":"https:\/\/www.emmentaler.ch\/es\/wp-json\/wp\/v2\/users\/2"}],"version-history":[{"count":0,"href":"https:\/\/www.emmentaler.ch\/es\/wp-json\/wp\/v2\/recipes\/52622\/revisions"}],"acf:attachment":[{"embeddable":true,"href":"https:\/\/www.emmentaler.ch\/es\/wp-json\/wp\/v2\/media\/52638"}],"acf:term":[{"embeddable":true,"taxonomy":"recipe_saison","href":"https:\/\/www.emmentaler.ch\/es\/wp-json\/wp\/v2\/recipe_saison\/561"},{"embeddable":true,"taxonomy":"recipe_main_ingredient","href":"https:\/\/www.emmentaler.ch\/es\/wp-json\/wp\/v2\/recipe_main_ingredient\/602"},{"embeddable":true,"taxonomy":"recipe_difficulty","href":"https:\/\/www.emmentaler.ch\/es\/wp-json\/wp\/v2\/recipe_difficulty\/578"},{"embeddable":true,"taxonomy":"recipe_categories","href":"https:\/\/www.emmentaler.ch\/es\/wp-json\/wp\/v2\/recipe_categories\/619"},{"embeddable":true,"taxonomy":"recipe_preparation_time","href":"https:\/\/www.emmentaler.ch\/es\/wp-json\/wp\/v2\/recipe_preparation_time\/377"}],"acf:post":[{"embeddable":true,"href":"https:\/\/www.emmentaler.ch\/es\/wp-json\/wp\/v2\/pages\/65940"}],"wp:featuredmedia":[{"embeddable":true,"href":"https:\/\/www.emmentaler.ch\/es\/wp-json\/wp\/v2\/media\/22848"}],"wp:attachment":[{"href":"https:\/\/www.emmentaler.ch\/es\/wp-json\/wp\/v2\/media?parent=52622"}],"wp:term":[{"taxonomy":"post_tag","embeddable":true,"href":"https:\/\/www.emmentaler.ch\/es\/wp-json\/wp\/v2\/tags?post=52622"},{"taxonomy":"recipe_categories","embeddable":true,"href":"https:\/\/www.emmentaler.ch\/es\/wp-json\/wp\/v2\/recipe_categories?post=52622"},{"taxonomy":"et_countries","embeddable":true,"href":"https:\/\/www.emmentaler.ch\/es\/wp-json\/wp\/v2\/et_countries?post=52622"},{"taxonomy":"recipe_main_ingredient","embeddable":true,"href":"https:\/\/www.emmentaler.ch\/es\/wp-json\/wp\/v2\/recipe_main_ingredient?post=52622"},{"taxonomy":"recipe_difficulty","embeddable":true,"href":"https:\/\/www.emmentaler.ch\/es\/wp-json\/wp\/v2\/recipe_difficulty?post=52622"},{"taxonomy":"recipe_preparation_time","embeddable":true,"href":"https:\/\/www.emmentaler.ch\/es\/wp-json\/wp\/v2\/recipe_preparation_time?post=52622"},{"taxonomy":"recipe_diet_type","embeddable":true,"href":"https:\/\/www.emmentaler.ch\/es\/wp-json\/wp\/v2\/recipe_diet_type?post=52622"},{"taxonomy":"recipe_saison","embeddable":true,"href":"https:\/\/www.emmentaler.ch\/es\/wp-json\/wp\/v2\/recipe_saison?post=52622"}],"curies":[{"name":"wp","href":"https:\/\/api.w.org\/{rel}","templated":true}]}}

30 minutos más 30 minutos en el horno

800 g de puerro
1 manojo de perejil
1 cebolla grande
2 dientes de ajo
1 cucharadas de aceite de oliva
1 dl de vino blanco
3 dl de caldo
1 cucharadita de comino
100 g de taquitos de jamón
1,5 dl de nata
Sal, pimienta, nuez moscada
300 g de láminas de lasaña sin cocer
150 g de Emmentaler AOC rallado
2 cucharadas de pan rallado

<span style="font-weight: 400;">Corta el puerro en rodajas anchas de 1 cm. Corta también la cebolla, el perejil y el ajo muy fino. Rehoga las cebollas y el ajo en aceite caliente. Añade el puerro y rehógalo también durante 1-2 minutos. Añade el vino blanco y deja que reduzca un poco. Añade el caldo y el comino, y deja cocer a fuego lento 3 minutos.</span>

<span style="font-weight: 400;">Mezcla los taquitos de jamón, la nata y el perejil con el puerro, y condimenta con sal, pimienta y nuez moscada. Rompe las láminas de lasaña en trozos de unos 5 cm. Distribuye un tercio de los trozos en una bandeja para horno (aprox. 20 x 30 cm) o en moldes individuales. Reparte un tercio del puerro y esparce una cucharada de Emmentaler AOC por encima. Repite estos pasos hasta que se acaben las láminas de lasaña y el puerro. Echa el resto de queso y el pan rallado por encima. </span>

<span style="font-weight: 400;">Mete la lasaña en el horno precalentado a 200º unos 30 minutos.</span>
