{"id":52715,"date":"2022-04-27T13:33:36","date_gmt":"2022-04-27T11:33:36","guid":{"rendered":"https:\/\/www.emmentaler.ch\/rezept\/champinones-con-emmentaler-aop-sobre-ajo-de-oso"},"modified":"2022-05-25T10:02:35","modified_gmt":"2022-05-25T08:02:35","slug":"champinones-con-emmentaler-aop-sobre-ajo-de-oso","status":"publish","type":"recipes","link":"https:\/\/www.emmentaler.ch\/es\/recetas\/champinones-con-emmentaler-aop-sobre-ajo-de-oso","title":{"rendered":"Champi\u00f1ones con Emmentaler AOP sobre ajo de oso"},"author":2,"featured_media":52736,"menu_order":0,"template":"","meta":{"inline_featured_image":false},"tags":[],"recipe_categories":[619],"et_countries":[],"recipe_main_ingredient":[],"recipe_difficulty":[577],"recipe_preparation_time":[162,388],"recipe_diet_type":[569,570],"recipe_saison":[537,530],"acf":{"recipe_preparation_time":162,"recipe_categories":619,"recipe_time_txt":"","recipe_type":65975,"recipe_difficulty":577,"recipe_diet_type":[569,570],"recipe_main_ingredient":false,"recipe_saison":[530,537],"recipe_count_portions":4,"recipe_ingedients":[{"recipe_ingedients_amount":"5","recipe_ingedients_unit":"St\u00fcck","recipe_ingedients_product":"champi\u00f1ones, grandes"},{"recipe_ingedients_amount":".5","recipe_ingedients_unit":"St\u00fcck","recipe_ingedients_product":"dientes de ajo"},{"recipe_ingedients_amount":".5","recipe_ingedients_unit":"El","recipe_ingedients_product":"aceite de oliva"},{"recipe_ingedients_amount":"18.75","recipe_ingedients_unit":"g","recipe_ingedients_product":"ajo de oso"},{"recipe_ingedients_amount":"37.5","recipe_ingedients_unit":"g","recipe_ingedients_product":"Emmentaler DOP"},{"recipe_ingedients_amount":"12.5","recipe_ingedients_unit":"ml","recipe_ingedients_product":"vino blanco"},{"recipe_ingedients_amount":"12.5","recipe_ingedients_unit":"g","recipe_ingedients_product":"migas de pan"},{"recipe_ingedients_amount":"","recipe_ingedients_unit":"Bedarf","recipe_ingedients_product":"seg\u00fan sea necesario: sal, pimienta"}],"temporare_zutaten":"20 champi\u00f1ones grandes\r\n2 dientes de ajo\r\n2 cucharadas de aceite de oliva\r\n75 g de ajo de oso\r\n150 g de Emmentaler AOP\r\n0,5 dl de vino blanco\r\n50 g de pan rallado\r\nSal, pimienta","recipe_preparation":"<span style=\"font-weight: 400;\">Primero, quita los tallos de los champi\u00f1ones. Cuece al vapor los sombreros de los champi\u00f1ones con la apertura hacia abajo durante 3 minutos. Rep\u00e1rtelos en una bandeja apta para horno y saz\u00f3nalos con un poco de sal.<\/span>\r\n\r\n<span style=\"font-weight: 400;\">Pica el ajo y los tallos de los champi\u00f1ones y reh\u00f3galos en aceite caliente. Luego, corta el ajo de oso. Ralla el Emmentaler AOP y m\u00e9zclalo con el vino blanco, el pan rallado, el ajo de oso y los tallos de los champi\u00f1ones. Condimenta con sal y pimienta.\u00a0<\/span>\r\n\r\n<span style=\"font-weight: 400;\">Rellena las cabezas de los champi\u00f1ones con la mezcla de queso formando una monta\u00f1ita. Hornea unos 7\u00a0minutos en el horno precalentado.<\/span>\r\n\r\n<span style=\"font-weight: 400;\">S\u00edrvelos con risotto o ensalada.<\/span>","recipe_images":[19872,19877]},"_links":{"self":[{"href":"https:\/\/www.emmentaler.ch\/es\/wp-json\/wp\/v2\/recipes\/52715"}],"collection":[{"href":"https:\/\/www.emmentaler.ch\/es\/wp-json\/wp\/v2\/recipes"}],"about":[{"href":"https:\/\/www.emmentaler.ch\/es\/wp-json\/wp\/v2\/types\/recipes"}],"author":[{"embeddable":true,"href":"https:\/\/www.emmentaler.ch\/es\/wp-json\/wp\/v2\/users\/2"}],"version-history":[{"count":0,"href":"https:\/\/www.emmentaler.ch\/es\/wp-json\/wp\/v2\/recipes\/52715\/revisions"}],"acf:attachment":[{"embeddable":true,"href":"https:\/\/www.emmentaler.ch\/es\/wp-json\/wp\/v2\/media\/19877"},{"embeddable":true,"href":"https:\/\/www.emmentaler.ch\/es\/wp-json\/wp\/v2\/media\/19872"}],"acf:term":[{"embeddable":true,"taxonomy":"recipe_saison","href":"https:\/\/www.emmentaler.ch\/es\/wp-json\/wp\/v2\/recipe_saison\/537"},{"embeddable":true,"taxonomy":"recipe_saison","href":"https:\/\/www.emmentaler.ch\/es\/wp-json\/wp\/v2\/recipe_saison\/530"},{"embeddable":true,"taxonomy":"recipe_diet_type","href":"https:\/\/www.emmentaler.ch\/es\/wp-json\/wp\/v2\/recipe_diet_type\/570"},{"embeddable":true,"taxonomy":"recipe_diet_type","href":"https:\/\/www.emmentaler.ch\/es\/wp-json\/wp\/v2\/recipe_diet_type\/569"},{"embeddable":true,"taxonomy":"recipe_difficulty","href":"https:\/\/www.emmentaler.ch\/es\/wp-json\/wp\/v2\/recipe_difficulty\/577"},{"embeddable":true,"taxonomy":"recipe_categories","href":"https:\/\/www.emmentaler.ch\/es\/wp-json\/wp\/v2\/recipe_categories\/619"},{"embeddable":true,"taxonomy":"recipe_preparation_time","href":"https:\/\/www.emmentaler.ch\/es\/wp-json\/wp\/v2\/recipe_preparation_time\/162"}],"acf:post":[{"embeddable":true,"href":"https:\/\/www.emmentaler.ch\/es\/wp-json\/wp\/v2\/pages\/65975"}],"wp:featuredmedia":[{"embeddable":true,"href":"https:\/\/www.emmentaler.ch\/es\/wp-json\/wp\/v2\/media\/52736"}],"wp:attachment":[{"href":"https:\/\/www.emmentaler.ch\/es\/wp-json\/wp\/v2\/media?parent=52715"}],"wp:term":[{"taxonomy":"post_tag","embeddable":true,"href":"https:\/\/www.emmentaler.ch\/es\/wp-json\/wp\/v2\/tags?post=52715"},{"taxonomy":"recipe_categories","embeddable":true,"href":"https:\/\/www.emmentaler.ch\/es\/wp-json\/wp\/v2\/recipe_categories?post=52715"},{"taxonomy":"et_countries","embeddable":true,"href":"https:\/\/www.emmentaler.ch\/es\/wp-json\/wp\/v2\/et_countries?post=52715"},{"taxonomy":"recipe_main_ingredient","embeddable":true,"href":"https:\/\/www.emmentaler.ch\/es\/wp-json\/wp\/v2\/recipe_main_ingredient?post=52715"},{"taxonomy":"recipe_difficulty","embeddable":true,"href":"https:\/\/www.emmentaler.ch\/es\/wp-json\/wp\/v2\/recipe_difficulty?post=52715"},{"taxonomy":"recipe_preparation_time","embeddable":true,"href":"https:\/\/www.emmentaler.ch\/es\/wp-json\/wp\/v2\/recipe_preparation_time?post=52715"},{"taxonomy":"recipe_diet_type","embeddable":true,"href":"https:\/\/www.emmentaler.ch\/es\/wp-json\/wp\/v2\/recipe_diet_type?post=52715"},{"taxonomy":"recipe_saison","embeddable":true,"href":"https:\/\/www.emmentaler.ch\/es\/wp-json\/wp\/v2\/recipe_saison?post=52715"}],"curies":[{"name":"wp","href":"https:\/\/api.w.org\/{rel}","templated":true}]}}

Champiñones con Emmentaler AOP sobre ajo de oso

Stück

champiñones, grandes

según sea necesario: sal, pimienta

20 champiñones grandes
2 dientes de ajo
2 cucharadas de aceite de oliva
75 g de ajo de oso
150 g de Emmentaler AOP
0,5 dl de vino blanco
50 g de pan rallado
Sal, pimienta

<span style="font-weight: 400;">Primero, quita los tallos de los champiñones. Cuece al vapor los sombreros de los champiñones con la apertura hacia abajo durante 3 minutos. Repártelos en una bandeja apta para horno y sazónalos con un poco de sal.</span>

<span style="font-weight: 400;">Pica el ajo y los tallos de los champiñones y rehógalos en aceite caliente. Luego, corta el ajo de oso. Ralla el Emmentaler AOP y mézclalo con el vino blanco, el pan rallado, el ajo de oso y los tallos de los champiñones. Condimenta con sal y pimienta. </span>

<span style="font-weight: 400;">Rellena las cabezas de los champiñones con la mezcla de queso formando una montañita. Hornea unos 7 minutos en el horno precalentado.</span>

<span style="font-weight: 400;">Sírvelos con risotto o ensalada.</span>
