{"id":52808,"date":"2022-04-27T13:33:36","date_gmt":"2022-04-27T11:33:36","guid":{"rendered":"https:\/\/www.emmentaler.ch\/rezept\/ensalada-de-bulgur"},"modified":"2024-07-25T18:10:02","modified_gmt":"2024-07-25T16:10:02","slug":"ensalada-de-bulgur","status":"publish","type":"recipes","link":"https:\/\/www.emmentaler.ch\/es\/recetas\/ensalada-de-bulgur","title":{"rendered":"Ensalada de bulgur"},"author":2,"featured_media":52829,"menu_order":0,"template":"","meta":{"inline_featured_image":false},"tags":[843],"recipe_categories":[619],"et_countries":[],"recipe_main_ingredient":[602],"recipe_difficulty":[577],"recipe_preparation_time":[380],"recipe_diet_type":[562,569,570],"recipe_saison":[561],"acf":{"recipe_preparation_time":380,"recipe_categories":619,"recipe_time_txt":"","recipe_type":65940,"recipe_difficulty":577,"recipe_diet_type":[562,569,570],"recipe_main_ingredient":[602],"recipe_saison":[561],"recipe_count_portions":4,"recipe_ingedients":[{"recipe_ingedients_amount":"125","recipe_ingedients_unit":"ml","recipe_ingedients_product":"caldo de verduras"},{"recipe_ingedients_amount":".25","recipe_ingedients_unit":"Tl","recipe_ingedients_product":"pur\u00e9 de tomate"},{"recipe_ingedients_amount":"50","recipe_ingedients_unit":"g","recipe_ingedients_product":"bulgur"},{"recipe_ingedients_amount":".5","recipe_ingedients_unit":"Bd","recipe_ingedients_product":"R\u00e1banos"},{"recipe_ingedients_amount":".25","recipe_ingedients_unit":"St\u00fcck","recipe_ingedients_product":"colinabo"},{"recipe_ingedients_amount":".25","recipe_ingedients_unit":"Bd","recipe_ingedients_product":"cebollas de primavera"},{"recipe_ingedients_amount":"50","recipe_ingedients_unit":"g","recipe_ingedients_product":"Emmentaler DOP"},{"recipe_ingedients_amount":".25","recipe_ingedients_unit":"St\u00fcck","recipe_ingedients_product":"lim\u00f3n"},{"recipe_ingedients_amount":".5","recipe_ingedients_unit":"El","recipe_ingedients_product":"vinagre"},{"recipe_ingedients_amount":"1.25","recipe_ingedients_unit":"El","recipe_ingedients_product":"aceite de oliva"},{"recipe_ingedients_amount":".5","recipe_ingedients_unit":"El","recipe_ingedients_product":"Ar\u00e1ndanos secos"},{"recipe_ingedients_amount":"","recipe_ingedients_unit":"Bedarf","recipe_ingedients_product":"Seg\u00fan las necesidades: sal, pimienta"}],"temporare_zutaten":"5 dl de caldo de verduras\r\n1 cucharadita de pur\u00e9 de tomate\r\n200 g de bulgur\r\n2 manojos de r\u00e1banos\r\n1 colinabo\r\n1 manojo de cebolletas\r\n200 g de Emmentaler AOP\r\n1 lim\u00f3n\r\n2 cucharadas de vinagre\r\n5 cucharadas de aceite de oliva\r\nSal, pimienta\r\n2 cucharadas de ar\u00e1ndanos secos","recipe_preparation":"<span style=\"font-weight: 400;\">Lleva a ebullici\u00f3n el caldo con el pur\u00e9 de tomate, remueve el bulgur y d\u00e9jalo en el agua tapada unos 15 minutos. Luego, d\u00e9jalo enfriar.<\/span>\r\n\r\n<span style=\"font-weight: 400;\">Corta los r\u00e1banos en cuatro trozos, el colinabo en peque\u00f1os dados y las cebolletas con la parte verde en aros. Corta tambi\u00e9n el Emmentaler AOP en bastoncitos.<\/span>\r\n\r\n<span style=\"font-weight: 400;\">Exprime el lim\u00f3n y mezcla el zumo de lim\u00f3n, el vinagre, el aceite, la sal y la pimienta hasta formar una salsa. Mezcla todos los ingredientes con la salsa.<\/span>","recipe_images":[19996,20001]},"_links":{"self":[{"href":"https:\/\/www.emmentaler.ch\/es\/wp-json\/wp\/v2\/recipes\/52808"}],"collection":[{"href":"https:\/\/www.emmentaler.ch\/es\/wp-json\/wp\/v2\/recipes"}],"about":[{"href":"https:\/\/www.emmentaler.ch\/es\/wp-json\/wp\/v2\/types\/recipes"}],"author":[{"embeddable":true,"href":"https:\/\/www.emmentaler.ch\/es\/wp-json\/wp\/v2\/users\/2"}],"version-history":[{"count":1,"href":"https:\/\/www.emmentaler.ch\/es\/wp-json\/wp\/v2\/recipes\/52808\/revisions"}],"predecessor-version":[{"id":137533,"href":"https:\/\/www.emmentaler.ch\/es\/wp-json\/wp\/v2\/recipes\/52808\/revisions\/137533"}],"acf:attachment":[{"embeddable":true,"href":"https:\/\/www.emmentaler.ch\/es\/wp-json\/wp\/v2\/media\/20001"},{"embeddable":true,"href":"https:\/\/www.emmentaler.ch\/es\/wp-json\/wp\/v2\/media\/19996"}],"acf:term":[{"embeddable":true,"taxonomy":"recipe_saison","href":"https:\/\/www.emmentaler.ch\/es\/wp-json\/wp\/v2\/recipe_saison\/561"},{"embeddable":true,"taxonomy":"recipe_main_ingredient","href":"https:\/\/www.emmentaler.ch\/es\/wp-json\/wp\/v2\/recipe_main_ingredient\/602"},{"embeddable":true,"taxonomy":"recipe_diet_type","href":"https:\/\/www.emmentaler.ch\/es\/wp-json\/wp\/v2\/recipe_diet_type\/570"},{"embeddable":true,"taxonomy":"recipe_diet_type","href":"https:\/\/www.emmentaler.ch\/es\/wp-json\/wp\/v2\/recipe_diet_type\/569"},{"embeddable":true,"taxonomy":"recipe_diet_type","href":"https:\/\/www.emmentaler.ch\/es\/wp-json\/wp\/v2\/recipe_diet_type\/562"},{"embeddable":true,"taxonomy":"recipe_difficulty","href":"https:\/\/www.emmentaler.ch\/es\/wp-json\/wp\/v2\/recipe_difficulty\/577"},{"embeddable":true,"taxonomy":"recipe_categories","href":"https:\/\/www.emmentaler.ch\/es\/wp-json\/wp\/v2\/recipe_categories\/619"},{"embeddable":true,"taxonomy":"recipe_preparation_time","href":"https:\/\/www.emmentaler.ch\/es\/wp-json\/wp\/v2\/recipe_preparation_time\/380"}],"acf:post":[{"embeddable":true,"href":"https:\/\/www.emmentaler.ch\/es\/wp-json\/wp\/v2\/pages\/65940"}],"wp:featuredmedia":[{"embeddable":true,"href":"https:\/\/www.emmentaler.ch\/es\/wp-json\/wp\/v2\/media\/52829"}],"wp:attachment":[{"href":"https:\/\/www.emmentaler.ch\/es\/wp-json\/wp\/v2\/media?parent=52808"}],"wp:term":[{"taxonomy":"post_tag","embeddable":true,"href":"https:\/\/www.emmentaler.ch\/es\/wp-json\/wp\/v2\/tags?post=52808"},{"taxonomy":"recipe_categories","embeddable":true,"href":"https:\/\/www.emmentaler.ch\/es\/wp-json\/wp\/v2\/recipe_categories?post=52808"},{"taxonomy":"et_countries","embeddable":true,"href":"https:\/\/www.emmentaler.ch\/es\/wp-json\/wp\/v2\/et_countries?post=52808"},{"taxonomy":"recipe_main_ingredient","embeddable":true,"href":"https:\/\/www.emmentaler.ch\/es\/wp-json\/wp\/v2\/recipe_main_ingredient?post=52808"},{"taxonomy":"recipe_difficulty","embeddable":true,"href":"https:\/\/www.emmentaler.ch\/es\/wp-json\/wp\/v2\/recipe_difficulty?post=52808"},{"taxonomy":"recipe_preparation_time","embeddable":true,"href":"https:\/\/www.emmentaler.ch\/es\/wp-json\/wp\/v2\/recipe_preparation_time?post=52808"},{"taxonomy":"recipe_diet_type","embeddable":true,"href":"https:\/\/www.emmentaler.ch\/es\/wp-json\/wp\/v2\/recipe_diet_type?post=52808"},{"taxonomy":"recipe_saison","embeddable":true,"href":"https:\/\/www.emmentaler.ch\/es\/wp-json\/wp\/v2\/recipe_saison?post=52808"}],"curies":[{"name":"wp","href":"https:\/\/api.w.org\/{rel}","templated":true}]}}

puré de tomate

Rábanos

Stück

limón

Arándanos secos

Según las necesidades: sal, pimienta

5 dl de caldo de verduras
1 cucharadita de puré de tomate
200 g de bulgur
2 manojos de rábanos
1 colinabo
1 manojo de cebolletas
200 g de Emmentaler AOP
1 limón
2 cucharadas de vinagre
5 cucharadas de aceite de oliva
Sal, pimienta
2 cucharadas de arándanos secos

<span style="font-weight: 400;">Lleva a ebullición el caldo con el puré de tomate, remueve el bulgur y déjalo en el agua tapada unos 15 minutos. Luego, déjalo enfriar.</span>

<span style="font-weight: 400;">Corta los rábanos en cuatro trozos, el colinabo en pequeños dados y las cebolletas con la parte verde en aros. Corta también el Emmentaler AOP en bastoncitos.</span>

<span style="font-weight: 400;">Exprime el limón y mezcla el zumo de limón, el vinagre, el aceite, la sal y la pimienta hasta formar una salsa. Mezcla todos los ingredientes con la salsa.</span>
