{"id":52839,"date":"2022-04-27T13:33:36","date_gmt":"2022-04-27T11:33:36","guid":{"rendered":"https:\/\/www.emmentaler.ch\/rezept\/ensalada-de-bulgur-con-emmentaler-aoc"},"modified":"2023-06-28T14:22:45","modified_gmt":"2023-06-28T12:22:45","slug":"ensalada-de-bulgur-con-emmentaler-aoc","status":"publish","type":"recipes","link":"https:\/\/www.emmentaler.ch\/es\/recetas\/ensalada-de-bulgur-con-emmentaler-aoc","title":{"rendered":"Ensalada de bulgur con Emmentaler AOC"},"author":2,"featured_media":52860,"menu_order":0,"template":"","meta":{"inline_featured_image":false},"tags":[836,773],"recipe_categories":[619],"et_countries":[],"recipe_main_ingredient":[602],"recipe_difficulty":[577],"recipe_preparation_time":[398],"recipe_diet_type":[569,570],"recipe_saison":[561],"acf":{"recipe_preparation_time":398,"recipe_categories":619,"recipe_time_txt":"25 minutos m\u00e1s el tiempo de enfriamiento","recipe_type":65947,"recipe_difficulty":577,"recipe_diet_type":[569,570],"recipe_main_ingredient":[602],"recipe_saison":[561],"recipe_count_portions":4,"recipe_ingedients":[{"recipe_ingedients_amount":".25","recipe_ingedients_unit":"St\u00fcck","recipe_ingedients_product":"cebolla"},{"recipe_ingedients_amount":".5","recipe_ingedients_unit":"St\u00fcck","recipe_ingedients_product":"dientes de ajo"},{"recipe_ingedients_amount":".25","recipe_ingedients_unit":"St\u00fcck","recipe_ingedients_product":"guindilla"},{"recipe_ingedients_amount":"1.25","recipe_ingedients_unit":"El","recipe_ingedients_product":"aceite de oliva"},{"recipe_ingedients_amount":".25","recipe_ingedients_unit":"El","recipe_ingedients_product":"pur\u00e9 de tomate"},{"recipe_ingedients_amount":".125","recipe_ingedients_unit":"El","recipe_ingedients_product":"piment\u00f3n en polvo"},{"recipe_ingedients_amount":"1.25","recipe_ingedients_unit":"ml","recipe_ingedients_product":"caldo de verduras"},{"recipe_ingedients_amount":"62.5","recipe_ingedients_unit":"g","recipe_ingedients_product":"bulgur o arroz"},{"recipe_ingedients_amount":"1","recipe_ingedients_unit":"El","recipe_ingedients_product":"vinagre de vino blanco"},{"recipe_ingedients_amount":"125","recipe_ingedients_unit":"g","recipe_ingedients_product":"tomates cherry"},{"recipe_ingedients_amount":"62.5","recipe_ingedients_unit":"g","recipe_ingedients_product":""},{"recipe_ingedients_amount":".25","recipe_ingedients_unit":"Bd","recipe_ingedients_product":""},{"recipe_ingedients_amount":"37.5","recipe_ingedients_unit":"g","recipe_ingedients_product":""},{"recipe_ingedients_amount":"","recipe_ingedients_unit":"Bedarf","recipe_ingedients_product":""}],"temporare_zutaten":"1 cebolla\r\n2 dientes de ajo\r\n1 peperoncino\r\n5 cucharadas de aceite de oliva\r\n1 cucharada de pur\u00e9 de tomate\r\n\u00bd cucharada de piment\u00f3n\r\n5 dl de caldo de verduras\r\n250 g de bulgur o arroz\r\n4 cucharadas de vinagre blanco\r\n500 g de tomates cherry\r\n250 g de Emmentaler AOC\r\n1 manojo grande de perejil plano\r\n150 g de aceitunas verdes con almendras\r\nSal, pimienta","recipe_preparation":"<span style=\"font-weight: 400;\">Corta la cebolla y el ajo muy fino. Si es necesario, qu\u00edtale las pepitas al peperoncino y c\u00f3rtalo en aros. Calienta una cucharada de aceite y rehoga la cebolla, el ajo y el peperoncino. A\u00f1ade el pur\u00e9 de tomate y el piment\u00f3n. Vierte el caldo y deja cocer a fuego lento. Luego, a\u00f1ade el bulgur y deja cocer a fuego lento, con una tapadera, unos 15 minutos, hasta que reduzca. Luego, deja que se enfr\u00ede un poco.<\/span>\r\n\r\n<span style=\"font-weight: 400;\">Remueve el resto del aceite con el vinagre y m\u00e9zclalo con el bulgur. Parte los tomates cherry por la mitad, corta el Emmentaler AOC en bastoncitos y pica el perejil. Mezcla los tomates, el queso, el perejil y las aceitunas con el bulgur, y sazona con sal y pimienta.<\/span>","recipe_images":[20027,20032]},"_links":{"self":[{"href":"https:\/\/www.emmentaler.ch\/es\/wp-json\/wp\/v2\/recipes\/52839"}],"collection":[{"href":"https:\/\/www.emmentaler.ch\/es\/wp-json\/wp\/v2\/recipes"}],"about":[{"href":"https:\/\/www.emmentaler.ch\/es\/wp-json\/wp\/v2\/types\/recipes"}],"author":[{"embeddable":true,"href":"https:\/\/www.emmentaler.ch\/es\/wp-json\/wp\/v2\/users\/2"}],"version-history":[{"count":0,"href":"https:\/\/www.emmentaler.ch\/es\/wp-json\/wp\/v2\/recipes\/52839\/revisions"}],"acf:attachment":[{"embeddable":true,"href":"https:\/\/www.emmentaler.ch\/es\/wp-json\/wp\/v2\/media\/20032"},{"embeddable":true,"href":"https:\/\/www.emmentaler.ch\/es\/wp-json\/wp\/v2\/media\/20027"}],"acf:term":[{"embeddable":true,"taxonomy":"recipe_saison","href":"https:\/\/www.emmentaler.ch\/es\/wp-json\/wp\/v2\/recipe_saison\/561"},{"embeddable":true,"taxonomy":"recipe_main_ingredient","href":"https:\/\/www.emmentaler.ch\/es\/wp-json\/wp\/v2\/recipe_main_ingredient\/602"},{"embeddable":true,"taxonomy":"recipe_diet_type","href":"https:\/\/www.emmentaler.ch\/es\/wp-json\/wp\/v2\/recipe_diet_type\/570"},{"embeddable":true,"taxonomy":"recipe_diet_type","href":"https:\/\/www.emmentaler.ch\/es\/wp-json\/wp\/v2\/recipe_diet_type\/569"},{"embeddable":true,"taxonomy":"recipe_difficulty","href":"https:\/\/www.emmentaler.ch\/es\/wp-json\/wp\/v2\/recipe_difficulty\/577"},{"embeddable":true,"taxonomy":"recipe_categories","href":"https:\/\/www.emmentaler.ch\/es\/wp-json\/wp\/v2\/recipe_categories\/619"},{"embeddable":true,"taxonomy":"recipe_preparation_time","href":"https:\/\/www.emmentaler.ch\/es\/wp-json\/wp\/v2\/recipe_preparation_time\/398"}],"acf:post":[{"embeddable":true,"href":"https:\/\/www.emmentaler.ch\/es\/wp-json\/wp\/v2\/pages\/65947"}],"wp:featuredmedia":[{"embeddable":true,"href":"https:\/\/www.emmentaler.ch\/es\/wp-json\/wp\/v2\/media\/52860"}],"wp:attachment":[{"href":"https:\/\/www.emmentaler.ch\/es\/wp-json\/wp\/v2\/media?parent=52839"}],"wp:term":[{"taxonomy":"post_tag","embeddable":true,"href":"https:\/\/www.emmentaler.ch\/es\/wp-json\/wp\/v2\/tags?post=52839"},{"taxonomy":"recipe_categories","embeddable":true,"href":"https:\/\/www.emmentaler.ch\/es\/wp-json\/wp\/v2\/recipe_categories?post=52839"},{"taxonomy":"et_countries","embeddable":true,"href":"https:\/\/www.emmentaler.ch\/es\/wp-json\/wp\/v2\/et_countries?post=52839"},{"taxonomy":"recipe_main_ingredient","embeddable":true,"href":"https:\/\/www.emmentaler.ch\/es\/wp-json\/wp\/v2\/recipe_main_ingredient?post=52839"},{"taxonomy":"recipe_difficulty","embeddable":true,"href":"https:\/\/www.emmentaler.ch\/es\/wp-json\/wp\/v2\/recipe_difficulty?post=52839"},{"taxonomy":"recipe_preparation_time","embeddable":true,"href":"https:\/\/www.emmentaler.ch\/es\/wp-json\/wp\/v2\/recipe_preparation_time?post=52839"},{"taxonomy":"recipe_diet_type","embeddable":true,"href":"https:\/\/www.emmentaler.ch\/es\/wp-json\/wp\/v2\/recipe_diet_type?post=52839"},{"taxonomy":"recipe_saison","embeddable":true,"href":"https:\/\/www.emmentaler.ch\/es\/wp-json\/wp\/v2\/recipe_saison?post=52839"}],"curies":[{"name":"wp","href":"https:\/\/api.w.org\/{rel}","templated":true}]}}

25 minutos más el tiempo de enfriamiento

Stück

puré de tomate

pimentón en polvo

1 cebolla
2 dientes de ajo
1 peperoncino
5 cucharadas de aceite de oliva
1 cucharada de puré de tomate
½ cucharada de pimentón
5 dl de caldo de verduras
250 g de bulgur o arroz
4 cucharadas de vinagre blanco
500 g de tomates cherry
250 g de Emmentaler AOC
1 manojo grande de perejil plano
150 g de aceitunas verdes con almendras
Sal, pimienta

<span style="font-weight: 400;">Corta la cebolla y el ajo muy fino. Si es necesario, quítale las pepitas al peperoncino y córtalo en aros. Calienta una cucharada de aceite y rehoga la cebolla, el ajo y el peperoncino. Añade el puré de tomate y el pimentón. Vierte el caldo y deja cocer a fuego lento. Luego, añade el bulgur y deja cocer a fuego lento, con una tapadera, unos 15 minutos, hasta que reduzca. Luego, deja que se enfríe un poco.</span>

<span style="font-weight: 400;">Remueve el resto del aceite con el vinagre y mézclalo con el bulgur. Parte los tomates cherry por la mitad, corta el Emmentaler AOC en bastoncitos y pica el perejil. Mezcla los tomates, el queso, el perejil y las aceitunas con el bulgur, y sazona con sal y pimienta.</span>
