{"id":52870,"date":"2022-04-27T13:39:22","date_gmt":"2022-04-27T11:39:22","guid":{"rendered":"https:\/\/www.emmentaler.ch\/rezept\/ensalada-de-salchichas-y-queso-con-emmentaler-original"},"modified":"2024-07-25T17:49:26","modified_gmt":"2024-07-25T15:49:26","slug":"ensalada-de-salchichas-y-queso-con-emmentaler-original","status":"publish","type":"recipes","link":"https:\/\/www.emmentaler.ch\/es\/recetas\/ensalada-de-salchichas-y-queso-con-emmentaler-original","title":{"rendered":"Ensalada de salchichas y queso con Emmentaler DOP Original"},"author":2,"featured_media":52886,"menu_order":0,"template":"","meta":{"inline_featured_image":false},"tags":[843],"recipe_categories":[611],"et_countries":[],"recipe_main_ingredient":[593,602],"recipe_difficulty":[577],"recipe_preparation_time":[380],"recipe_diet_type":[562,569],"recipe_saison":[537,529,561],"acf":{"recipe_preparation_time":380,"recipe_categories":611,"recipe_time_txt":"","recipe_type":65982,"recipe_difficulty":577,"recipe_diet_type":[562,569],"recipe_main_ingredient":[593,602],"recipe_saison":[529,561,537],"recipe_count_portions":4,"recipe_ingedients":[{"recipe_ingedients_amount":".75","recipe_ingedients_unit":"El","recipe_ingedients_product":"de vinagre de hierbas arom\u00e1ticas"},{"recipe_ingedients_amount":"1.25","recipe_ingedients_unit":"El","recipe_ingedients_product":"de aceite de colza"},{"recipe_ingedients_amount":".25","recipe_ingedients_unit":"El","recipe_ingedients_product":"de mostaza"},{"recipe_ingedients_amount":"100","recipe_ingedients_unit":"g","recipe_ingedients_product":"Emmentaler DOP Eidgenoss"},{"recipe_ingedients_amount":"1","recipe_ingedients_unit":"St\u00fcck","recipe_ingedients_product":"salchichas Emmentalerli o cervelat"},{"recipe_ingedients_amount":"1","recipe_ingedients_unit":"St\u00fcck","recipe_ingedients_product":"pepinillos"},{"recipe_ingedients_amount":".5","recipe_ingedients_unit":"Bd","recipe_ingedients_product":"manojos de r\u00e1banos"},{"recipe_ingedients_amount":".25","recipe_ingedients_unit":"St\u00fcck","recipe_ingedients_product":"cebolla"},{"recipe_ingedients_amount":".25","recipe_ingedients_unit":"Bd","recipe_ingedients_product":"Unas hojas de lechuga"},{"recipe_ingedients_amount":"","recipe_ingedients_unit":"Bedarf","recipe_ingedients_product":"manojo de cebollino"},{"recipe_ingedients_amount":"","recipe_ingedients_unit":"Bedarf","recipe_ingedients_product":"Sal, pimienta"}],"temporare_zutaten":"3 cucharadas de vinagre de hierbas arom\u00e1ticas\r\n5 cucharadas de aceite de colza\r\n1 cucharada de mostaza\r\nSal, pimienta\r\n400 g de Emmentaler Eidgenoss\r\n4 salchichas Emmentalerli o cervelat\r\n4 pepinillos\r\n2 manojos de r\u00e1banos\r\n1 cebolla\r\nUnas hojas de lechuga\r\n1 manojo de cebollino","recipe_preparation":"<span style=\"font-weight: 400;\">Mezcla el vinagre, el aceite, la mostaza, la sal y la pimienta hasta formar una salsa. Corta el Emmentaler DOP Eidgenoss en dados grandes de 1-2 cm, las Emmentalerli en peque\u00f1as rodajas, los pepinillos en dados peque\u00f1os, los r\u00e1banos en cuatro u ocho partes, seg\u00fan el tama\u00f1o, y la cebolla en aros finos. Mezcla todos los ingredientes con la salsa. Sirve la ensalada de salchichas y queso con las hojas de lechuga en un plato. Corta el cebollino en tubitos y \u00e9chalo por la ensalada.<\/span>","recipe_images":[23219]},"_links":{"self":[{"href":"https:\/\/www.emmentaler.ch\/es\/wp-json\/wp\/v2\/recipes\/52870"}],"collection":[{"href":"https:\/\/www.emmentaler.ch\/es\/wp-json\/wp\/v2\/recipes"}],"about":[{"href":"https:\/\/www.emmentaler.ch\/es\/wp-json\/wp\/v2\/types\/recipes"}],"author":[{"embeddable":true,"href":"https:\/\/www.emmentaler.ch\/es\/wp-json\/wp\/v2\/users\/2"}],"version-history":[{"count":3,"href":"https:\/\/www.emmentaler.ch\/es\/wp-json\/wp\/v2\/recipes\/52870\/revisions"}],"predecessor-version":[{"id":137292,"href":"https:\/\/www.emmentaler.ch\/es\/wp-json\/wp\/v2\/recipes\/52870\/revisions\/137292"}],"acf:attachment":[{"embeddable":true,"href":"https:\/\/www.emmentaler.ch\/es\/wp-json\/wp\/v2\/media\/23219"}],"acf:term":[{"embeddable":true,"taxonomy":"recipe_saison","href":"https:\/\/www.emmentaler.ch\/es\/wp-json\/wp\/v2\/recipe_saison\/537"},{"embeddable":true,"taxonomy":"recipe_saison","href":"https:\/\/www.emmentaler.ch\/es\/wp-json\/wp\/v2\/recipe_saison\/561"},{"embeddable":true,"taxonomy":"recipe_saison","href":"https:\/\/www.emmentaler.ch\/es\/wp-json\/wp\/v2\/recipe_saison\/529"},{"embeddable":true,"taxonomy":"recipe_main_ingredient","href":"https:\/\/www.emmentaler.ch\/es\/wp-json\/wp\/v2\/recipe_main_ingredient\/602"},{"embeddable":true,"taxonomy":"recipe_main_ingredient","href":"https:\/\/www.emmentaler.ch\/es\/wp-json\/wp\/v2\/recipe_main_ingredient\/593"},{"embeddable":true,"taxonomy":"recipe_diet_type","href":"https:\/\/www.emmentaler.ch\/es\/wp-json\/wp\/v2\/recipe_diet_type\/569"},{"embeddable":true,"taxonomy":"recipe_diet_type","href":"https:\/\/www.emmentaler.ch\/es\/wp-json\/wp\/v2\/recipe_diet_type\/562"},{"embeddable":true,"taxonomy":"recipe_difficulty","href":"https:\/\/www.emmentaler.ch\/es\/wp-json\/wp\/v2\/recipe_difficulty\/577"},{"embeddable":true,"taxonomy":"recipe_categories","href":"https:\/\/www.emmentaler.ch\/es\/wp-json\/wp\/v2\/recipe_categories\/611"},{"embeddable":true,"taxonomy":"recipe_preparation_time","href":"https:\/\/www.emmentaler.ch\/es\/wp-json\/wp\/v2\/recipe_preparation_time\/380"}],"acf:post":[{"embeddable":true,"href":"https:\/\/www.emmentaler.ch\/es\/wp-json\/wp\/v2\/pages\/65982"}],"wp:featuredmedia":[{"embeddable":true,"href":"https:\/\/www.emmentaler.ch\/es\/wp-json\/wp\/v2\/media\/52886"}],"wp:attachment":[{"href":"https:\/\/www.emmentaler.ch\/es\/wp-json\/wp\/v2\/media?parent=52870"}],"wp:term":[{"taxonomy":"post_tag","embeddable":true,"href":"https:\/\/www.emmentaler.ch\/es\/wp-json\/wp\/v2\/tags?post=52870"},{"taxonomy":"recipe_categories","embeddable":true,"href":"https:\/\/www.emmentaler.ch\/es\/wp-json\/wp\/v2\/recipe_categories?post=52870"},{"taxonomy":"et_countries","embeddable":true,"href":"https:\/\/www.emmentaler.ch\/es\/wp-json\/wp\/v2\/et_countries?post=52870"},{"taxonomy":"recipe_main_ingredient","embeddable":true,"href":"https:\/\/www.emmentaler.ch\/es\/wp-json\/wp\/v2\/recipe_main_ingredient?post=52870"},{"taxonomy":"recipe_difficulty","embeddable":true,"href":"https:\/\/www.emmentaler.ch\/es\/wp-json\/wp\/v2\/recipe_difficulty?post=52870"},{"taxonomy":"recipe_preparation_time","embeddable":true,"href":"https:\/\/www.emmentaler.ch\/es\/wp-json\/wp\/v2\/recipe_preparation_time?post=52870"},{"taxonomy":"recipe_diet_type","embeddable":true,"href":"https:\/\/www.emmentaler.ch\/es\/wp-json\/wp\/v2\/recipe_diet_type?post=52870"},{"taxonomy":"recipe_saison","embeddable":true,"href":"https:\/\/www.emmentaler.ch\/es\/wp-json\/wp\/v2\/recipe_saison?post=52870"}],"curies":[{"name":"wp","href":"https:\/\/api.w.org\/{rel}","templated":true}]}}

de vinagre de hierbas aromáticas

Stück

manojos de rábanos

3 cucharadas de vinagre de hierbas aromáticas
5 cucharadas de aceite de colza
1 cucharada de mostaza
Sal, pimienta
400 g de Emmentaler Eidgenoss
4 salchichas Emmentalerli o cervelat
4 pepinillos
2 manojos de rábanos
1 cebolla
Unas hojas de lechuga
1 manojo de cebollino

<span style="font-weight: 400;">Mezcla el vinagre, el aceite, la mostaza, la sal y la pimienta hasta formar una salsa. Corta el Emmentaler DOP Eidgenoss en dados grandes de 1-2 cm, las Emmentalerli en pequeñas rodajas, los pepinillos en dados pequeños, los rábanos en cuatro u ocho partes, según el tamaño, y la cebolla en aros finos. Mezcla todos los ingredientes con la salsa. Sirve la ensalada de salchichas y queso con las hojas de lechuga en un plato. Corta el cebollino en tubitos y échalo por la ensalada.</span>
