{"id":53025,"date":"2022-04-27T13:34:07","date_gmt":"2022-04-27T11:34:07","guid":{"rendered":"https:\/\/www.emmentaler.ch\/rezept\/macarrones-de-los-alpes-con-emmentaler"},"modified":"2022-08-02T17:50:52","modified_gmt":"2022-08-02T15:50:52","slug":"macarrones-de-los-alpes-con-emmentaler","status":"publish","type":"recipes","link":"https:\/\/www.emmentaler.ch\/es\/recetas\/macarrones-de-los-alpes-con-emmentaler","title":{"rendered":"Macarrones de los Alpes con Emmentaler"},"author":2,"featured_media":53046,"menu_order":0,"template":"","meta":{"inline_featured_image":false},"tags":[],"recipe_categories":[619],"et_countries":[],"recipe_main_ingredient":[602],"recipe_difficulty":[578],"recipe_preparation_time":[398],"recipe_diet_type":[570],"recipe_saison":[529,554,561],"acf":{"recipe_preparation_time":398,"recipe_categories":619,"recipe_time_txt":"","recipe_type":65993,"recipe_difficulty":578,"recipe_diet_type":[570],"recipe_main_ingredient":[602],"recipe_saison":[529,561,554],"recipe_count_portions":4,"recipe_ingedients":[{"recipe_ingedients_amount":"","recipe_ingedients_unit":"g","recipe_ingedients_product":""}],"temporare_zutaten":"350 g de patatas\r\n4-5 dl de caldo\r\n5 dl de leche\r\nPimienta, sal\r\n300 g de macarrones\r\n2 cebollas grandes\r\n2 cucharadas de harina\r\n2-3 cucharadas de mantequilla para fre\u00edr\r\n200 g de Emmentaler AOP","recipe_preparation":"Pela las patatas y c\u00f3rtalas en dados grandes de aprox. 1,5\u00a0cm. Lleva a ebullici\u00f3n las patatas con el caldo, la leche, la pimienta y un poco de sal. A\u00f1ade los macarrones. Deja hervir a fuego lento 8-10 minutos, remueve frecuentemente.\r\n\r\nMientras tanto, corta la cebolla en rodajas finas. P\u00e1sala por harina y sacude la harina sobrante. Fr\u00ede los aros de cebolla en mantequilla caliente hasta que est\u00e9 crujiente. Ralla fino el Emmentaler AOP.\r\n\r\nMezcla el Emmentaler AOP con la masa y condimenta con sal y pimienta. Reparte los aros de cebolla por los macarrones.\r\n\r\nAcomp\u00e1\u00f1alos con pur\u00e9 de manzana.","recipe_images":[53041]},"_links":{"self":[{"href":"https:\/\/www.emmentaler.ch\/es\/wp-json\/wp\/v2\/recipes\/53025"}],"collection":[{"href":"https:\/\/www.emmentaler.ch\/es\/wp-json\/wp\/v2\/recipes"}],"about":[{"href":"https:\/\/www.emmentaler.ch\/es\/wp-json\/wp\/v2\/types\/recipes"}],"author":[{"embeddable":true,"href":"https:\/\/www.emmentaler.ch\/es\/wp-json\/wp\/v2\/users\/2"}],"version-history":[{"count":0,"href":"https:\/\/www.emmentaler.ch\/es\/wp-json\/wp\/v2\/recipes\/53025\/revisions"}],"acf:attachment":[{"embeddable":true,"href":"https:\/\/www.emmentaler.ch\/es\/wp-json\/wp\/v2\/media\/53041"}],"acf:term":[{"embeddable":true,"taxonomy":"recipe_saison","href":"https:\/\/www.emmentaler.ch\/es\/wp-json\/wp\/v2\/recipe_saison\/554"},{"embeddable":true,"taxonomy":"recipe_saison","href":"https:\/\/www.emmentaler.ch\/es\/wp-json\/wp\/v2\/recipe_saison\/561"},{"embeddable":true,"taxonomy":"recipe_saison","href":"https:\/\/www.emmentaler.ch\/es\/wp-json\/wp\/v2\/recipe_saison\/529"},{"embeddable":true,"taxonomy":"recipe_main_ingredient","href":"https:\/\/www.emmentaler.ch\/es\/wp-json\/wp\/v2\/recipe_main_ingredient\/602"},{"embeddable":true,"taxonomy":"recipe_diet_type","href":"https:\/\/www.emmentaler.ch\/es\/wp-json\/wp\/v2\/recipe_diet_type\/570"},{"embeddable":true,"taxonomy":"recipe_difficulty","href":"https:\/\/www.emmentaler.ch\/es\/wp-json\/wp\/v2\/recipe_difficulty\/578"},{"embeddable":true,"taxonomy":"recipe_categories","href":"https:\/\/www.emmentaler.ch\/es\/wp-json\/wp\/v2\/recipe_categories\/619"},{"embeddable":true,"taxonomy":"recipe_preparation_time","href":"https:\/\/www.emmentaler.ch\/es\/wp-json\/wp\/v2\/recipe_preparation_time\/398"}],"acf:post":[{"embeddable":true,"href":"https:\/\/www.emmentaler.ch\/es\/wp-json\/wp\/v2\/pages\/65993"}],"wp:featuredmedia":[{"embeddable":true,"href":"https:\/\/www.emmentaler.ch\/es\/wp-json\/wp\/v2\/media\/53046"}],"wp:attachment":[{"href":"https:\/\/www.emmentaler.ch\/es\/wp-json\/wp\/v2\/media?parent=53025"}],"wp:term":[{"taxonomy":"post_tag","embeddable":true,"href":"https:\/\/www.emmentaler.ch\/es\/wp-json\/wp\/v2\/tags?post=53025"},{"taxonomy":"recipe_categories","embeddable":true,"href":"https:\/\/www.emmentaler.ch\/es\/wp-json\/wp\/v2\/recipe_categories?post=53025"},{"taxonomy":"et_countries","embeddable":true,"href":"https:\/\/www.emmentaler.ch\/es\/wp-json\/wp\/v2\/et_countries?post=53025"},{"taxonomy":"recipe_main_ingredient","embeddable":true,"href":"https:\/\/www.emmentaler.ch\/es\/wp-json\/wp\/v2\/recipe_main_ingredient?post=53025"},{"taxonomy":"recipe_difficulty","embeddable":true,"href":"https:\/\/www.emmentaler.ch\/es\/wp-json\/wp\/v2\/recipe_difficulty?post=53025"},{"taxonomy":"recipe_preparation_time","embeddable":true,"href":"https:\/\/www.emmentaler.ch\/es\/wp-json\/wp\/v2\/recipe_preparation_time?post=53025"},{"taxonomy":"recipe_diet_type","embeddable":true,"href":"https:\/\/www.emmentaler.ch\/es\/wp-json\/wp\/v2\/recipe_diet_type?post=53025"},{"taxonomy":"recipe_saison","embeddable":true,"href":"https:\/\/www.emmentaler.ch\/es\/wp-json\/wp\/v2\/recipe_saison?post=53025"}],"curies":[{"name":"wp","href":"https:\/\/api.w.org\/{rel}","templated":true}]}}

350 g de patatas
4-5 dl de caldo
5 dl de leche
Pimienta, sal
300 g de macarrones
2 cebollas grandes
2 cucharadas de harina
2-3 cucharadas de mantequilla para freír
200 g de Emmentaler AOP

Pela las patatas y córtalas en dados grandes de aprox. 1,5 cm. Lleva a ebullición las patatas con el caldo, la leche, la pimienta y un poco de sal. Añade los macarrones. Deja hervir a fuego lento 8-10 minutos, remueve frecuentemente.

Mientras tanto, corta la cebolla en rodajas finas. Pásala por harina y sacude la harina sobrante. Fríe los aros de cebolla en mantequilla caliente hasta que esté crujiente. Ralla fino el Emmentaler AOP.

Mezcla el Emmentaler AOP con la masa y condimenta con sal y pimienta. Reparte los aros de cebolla por los macarrones.

Acompáñalos con puré de manzana.
