{"id":53087,"date":"2022-04-27T13:35:02","date_gmt":"2022-04-27T11:35:02","guid":{"rendered":"https:\/\/www.emmentaler.ch\/rezept\/sopa-de-queso-emmentaler"},"modified":"2022-06-27T15:07:10","modified_gmt":"2022-06-27T13:07:10","slug":"sopa-de-queso-emmentaler","status":"publish","type":"recipes","link":"https:\/\/www.emmentaler.ch\/es\/recetas\/sopa-de-queso-emmentaler","title":{"rendered":"Sopa de queso Emmentaler"},"author":2,"featured_media":20890,"menu_order":0,"template":"","meta":{"inline_featured_image":false},"tags":[],"recipe_categories":[619],"et_countries":[],"recipe_main_ingredient":[594],"recipe_difficulty":[578],"recipe_preparation_time":[398],"recipe_diet_type":[],"recipe_saison":[561],"acf":{"recipe_preparation_time":398,"recipe_categories":619,"recipe_time_txt":"","recipe_type":65947,"recipe_difficulty":578,"recipe_diet_type":false,"recipe_main_ingredient":[594],"recipe_saison":[561],"recipe_count_portions":4,"recipe_ingedients":[{"recipe_ingedients_amount":"","recipe_ingedients_unit":"g","recipe_ingedients_product":""}],"temporare_zutaten":"3 cucharadas de mantequilla\r\n3 cucharadas de harina\r\n2 dl de vino blanco o de manzana\r\n7 dl de caldo\r\n1 dl de nata\r\n1 manojo de perejil\r\n100 g de pan oscuro\r\n50 g de jam\u00f3n serrano\r\n200 g de Emmentaler AOP, rallado fino\r\nSal, pimienta","recipe_preparation":"<span style=\"font-weight: 400;\">Derrite 2 cucharadas de mantequilla, a\u00f1ade la harina y rehoga mientras remueves. Vierte el vino y el caldo y deja cocer sin dejar de remover. A\u00f1ade la nata y cocina a fuego lento 15 minutos.\u00a0<\/span>\r\n\r\n<span style=\"font-weight: 400;\">Pica fino el perejil. Corta el pan en dados. Desmenuza el jam\u00f3n y d\u00f3ralo en la sart\u00e9n hasta que quede crujiente. Luego, s\u00e1calo de la sart\u00e9n. Dora los dados de pan con el resto de mantequilla.\u00a0<\/span>\r\n\r\n<span style=\"font-weight: 400;\">Echa el Emmentaler AOP en la sopa y sazona con sal y pimienta. Sirve la sopa con jam\u00f3n, pan y perejil.<\/span>","recipe_images":[53103]},"_links":{"self":[{"href":"https:\/\/www.emmentaler.ch\/es\/wp-json\/wp\/v2\/recipes\/53087"}],"collection":[{"href":"https:\/\/www.emmentaler.ch\/es\/wp-json\/wp\/v2\/recipes"}],"about":[{"href":"https:\/\/www.emmentaler.ch\/es\/wp-json\/wp\/v2\/types\/recipes"}],"author":[{"embeddable":true,"href":"https:\/\/www.emmentaler.ch\/es\/wp-json\/wp\/v2\/users\/2"}],"version-history":[{"count":0,"href":"https:\/\/www.emmentaler.ch\/es\/wp-json\/wp\/v2\/recipes\/53087\/revisions"}],"acf:attachment":[{"embeddable":true,"href":"https:\/\/www.emmentaler.ch\/es\/wp-json\/wp\/v2\/media\/53103"}],"acf:term":[{"embeddable":true,"taxonomy":"recipe_saison","href":"https:\/\/www.emmentaler.ch\/es\/wp-json\/wp\/v2\/recipe_saison\/561"},{"embeddable":true,"taxonomy":"recipe_main_ingredient","href":"https:\/\/www.emmentaler.ch\/es\/wp-json\/wp\/v2\/recipe_main_ingredient\/594"},{"embeddable":true,"taxonomy":"recipe_difficulty","href":"https:\/\/www.emmentaler.ch\/es\/wp-json\/wp\/v2\/recipe_difficulty\/578"},{"embeddable":true,"taxonomy":"recipe_categories","href":"https:\/\/www.emmentaler.ch\/es\/wp-json\/wp\/v2\/recipe_categories\/619"},{"embeddable":true,"taxonomy":"recipe_preparation_time","href":"https:\/\/www.emmentaler.ch\/es\/wp-json\/wp\/v2\/recipe_preparation_time\/398"}],"acf:post":[{"embeddable":true,"href":"https:\/\/www.emmentaler.ch\/es\/wp-json\/wp\/v2\/pages\/65947"}],"wp:featuredmedia":[{"embeddable":true,"href":"https:\/\/www.emmentaler.ch\/es\/wp-json\/wp\/v2\/media\/20890"}],"wp:attachment":[{"href":"https:\/\/www.emmentaler.ch\/es\/wp-json\/wp\/v2\/media?parent=53087"}],"wp:term":[{"taxonomy":"post_tag","embeddable":true,"href":"https:\/\/www.emmentaler.ch\/es\/wp-json\/wp\/v2\/tags?post=53087"},{"taxonomy":"recipe_categories","embeddable":true,"href":"https:\/\/www.emmentaler.ch\/es\/wp-json\/wp\/v2\/recipe_categories?post=53087"},{"taxonomy":"et_countries","embeddable":true,"href":"https:\/\/www.emmentaler.ch\/es\/wp-json\/wp\/v2\/et_countries?post=53087"},{"taxonomy":"recipe_main_ingredient","embeddable":true,"href":"https:\/\/www.emmentaler.ch\/es\/wp-json\/wp\/v2\/recipe_main_ingredient?post=53087"},{"taxonomy":"recipe_difficulty","embeddable":true,"href":"https:\/\/www.emmentaler.ch\/es\/wp-json\/wp\/v2\/recipe_difficulty?post=53087"},{"taxonomy":"recipe_preparation_time","embeddable":true,"href":"https:\/\/www.emmentaler.ch\/es\/wp-json\/wp\/v2\/recipe_preparation_time?post=53087"},{"taxonomy":"recipe_diet_type","embeddable":true,"href":"https:\/\/www.emmentaler.ch\/es\/wp-json\/wp\/v2\/recipe_diet_type?post=53087"},{"taxonomy":"recipe_saison","embeddable":true,"href":"https:\/\/www.emmentaler.ch\/es\/wp-json\/wp\/v2\/recipe_saison?post=53087"}],"curies":[{"name":"wp","href":"https:\/\/api.w.org\/{rel}","templated":true}]}}

3 cucharadas de mantequilla
3 cucharadas de harina
2 dl de vino blanco o de manzana
7 dl de caldo
1 dl de nata
1 manojo de perejil
100 g de pan oscuro
50 g de jamón serrano
200 g de Emmentaler AOP, rallado fino
Sal, pimienta

<span style="font-weight: 400;">Derrite 2 cucharadas de mantequilla, añade la harina y rehoga mientras remueves. Vierte el vino y el caldo y deja cocer sin dejar de remover. Añade la nata y cocina a fuego lento 15 minutos. </span>

<span style="font-weight: 400;">Pica fino el perejil. Corta el pan en dados. Desmenuza el jamón y dóralo en la sartén hasta que quede crujiente. Luego, sácalo de la sartén. Dora los dados de pan con el resto de mantequilla. </span>

<span style="font-weight: 400;">Echa el Emmentaler AOP en la sopa y sazona con sal y pimienta. Sirve la sopa con jamón, pan y perejil.</span>
