{"id":53149,"date":"2022-04-27T13:35:41","date_gmt":"2022-04-27T11:35:41","guid":{"rendered":"https:\/\/www.emmentaler.ch\/rezept\/col-rizada-con-crujiente-de-nueces"},"modified":"2022-06-27T14:39:21","modified_gmt":"2022-06-27T12:39:21","slug":"col-rizada-con-crujiente-de-nueces","status":"publish","type":"recipes","link":"https:\/\/www.emmentaler.ch\/es\/recetas\/col-rizada-con-crujiente-de-nueces","title":{"rendered":"Col rizada con crujiente de nueces"},"author":2,"featured_media":53175,"menu_order":0,"template":"","meta":{"inline_featured_image":false},"tags":[],"recipe_categories":[619],"et_countries":[],"recipe_main_ingredient":[593],"recipe_difficulty":[578],"recipe_preparation_time":[402],"recipe_diet_type":[],"recipe_saison":[554,530],"acf":{"recipe_preparation_time":402,"recipe_categories":619,"recipe_time_txt":"30 minutos m\u00e1s 35 minutos en el horno","recipe_type":65947,"recipe_difficulty":578,"recipe_diet_type":false,"recipe_main_ingredient":[593],"recipe_saison":[530,554],"recipe_count_portions":4,"recipe_ingedients":[{"recipe_ingedients_amount":"","recipe_ingedients_unit":"g","recipe_ingedients_product":""}],"temporare_zutaten":"1 salchich\u00f3n del cant\u00f3n de Vaud\r\n800 g de col rizada, aprox. 400 g preparada\r\nSal\r\n600 g de patatas\r\n3 peras\r\n200 g de Emmentaler AOC\r\n3 huevos\r\n2 dl de leche\r\n150 g de queso quark cremoso\r\n1 cucharada de mostaza\r\nPimienta\r\n100 g de nueces\r\n15 g de copos de mantequilla","recipe_preparation":"<span style=\"font-weight: 400;\">Hierve el salchich\u00f3n en agua unos 45\u00a0minutos<\/span>\r\n\r\n<span style=\"font-weight: 400;\">Separa las hojas de la col rizada de los tallos y c\u00f3rtalas gruesas. Esc\u00e1ldalas durante 5 minutos en abundante agua hirviendo con sal. Despu\u00e9s, esc\u00farrelas y enfr\u00edalas con agua fr\u00eda. Estruja un poco la col rizada.<\/span>\r\n\r\n<span style=\"font-weight: 400;\">A continuaci\u00f3n, pela las patatas y c\u00f3rtalas en rodajas finas de 5\u00a0mm. Cu\u00e9celas en agua hirviendo con sal hasta que se ablanden durante aprox. 5 minutos.\u00a0 Pela las peras y c\u00f3rtalas en gajos. Pon las patatas y las peras en una bandeja para gratinar, y reparte la col rizada por encima.\u00a0<\/span>\r\n\r\n<span style=\"font-weight: 400;\">Ralla fino el Emmentaler AOC. Bate los huevos con la leche, el queso quark, la mostaza y 100\u00a0g de queso. Condimenta con sal y pimienta y vierte la mezcla por encima de la col rizada. Mete la bandeja en el horno precalentado a 180\u00ba durante 15\u00a0minutos.<\/span>\r\n\r\n<span style=\"font-weight: 400;\">Trocea las nueces, m\u00e9zclalas con el resto del queso y \u00e9chalas para que se gratinen. C\u00fabrelo todo con los copos de mantequilla y hornea otros 15-20 minutos.\u00a0<\/span>","recipe_images":[53165]},"_links":{"self":[{"href":"https:\/\/www.emmentaler.ch\/es\/wp-json\/wp\/v2\/recipes\/53149"}],"collection":[{"href":"https:\/\/www.emmentaler.ch\/es\/wp-json\/wp\/v2\/recipes"}],"about":[{"href":"https:\/\/www.emmentaler.ch\/es\/wp-json\/wp\/v2\/types\/recipes"}],"author":[{"embeddable":true,"href":"https:\/\/www.emmentaler.ch\/es\/wp-json\/wp\/v2\/users\/2"}],"version-history":[{"count":0,"href":"https:\/\/www.emmentaler.ch\/es\/wp-json\/wp\/v2\/recipes\/53149\/revisions"}],"acf:attachment":[{"embeddable":true,"href":"https:\/\/www.emmentaler.ch\/es\/wp-json\/wp\/v2\/media\/53165"}],"acf:term":[{"embeddable":true,"taxonomy":"recipe_saison","href":"https:\/\/www.emmentaler.ch\/es\/wp-json\/wp\/v2\/recipe_saison\/554"},{"embeddable":true,"taxonomy":"recipe_saison","href":"https:\/\/www.emmentaler.ch\/es\/wp-json\/wp\/v2\/recipe_saison\/530"},{"embeddable":true,"taxonomy":"recipe_main_ingredient","href":"https:\/\/www.emmentaler.ch\/es\/wp-json\/wp\/v2\/recipe_main_ingredient\/593"},{"embeddable":true,"taxonomy":"recipe_difficulty","href":"https:\/\/www.emmentaler.ch\/es\/wp-json\/wp\/v2\/recipe_difficulty\/578"},{"embeddable":true,"taxonomy":"recipe_categories","href":"https:\/\/www.emmentaler.ch\/es\/wp-json\/wp\/v2\/recipe_categories\/619"},{"embeddable":true,"taxonomy":"recipe_preparation_time","href":"https:\/\/www.emmentaler.ch\/es\/wp-json\/wp\/v2\/recipe_preparation_time\/402"}],"acf:post":[{"embeddable":true,"href":"https:\/\/www.emmentaler.ch\/es\/wp-json\/wp\/v2\/pages\/65947"}],"wp:featuredmedia":[{"embeddable":true,"href":"https:\/\/www.emmentaler.ch\/es\/wp-json\/wp\/v2\/media\/53175"}],"wp:attachment":[{"href":"https:\/\/www.emmentaler.ch\/es\/wp-json\/wp\/v2\/media?parent=53149"}],"wp:term":[{"taxonomy":"post_tag","embeddable":true,"href":"https:\/\/www.emmentaler.ch\/es\/wp-json\/wp\/v2\/tags?post=53149"},{"taxonomy":"recipe_categories","embeddable":true,"href":"https:\/\/www.emmentaler.ch\/es\/wp-json\/wp\/v2\/recipe_categories?post=53149"},{"taxonomy":"et_countries","embeddable":true,"href":"https:\/\/www.emmentaler.ch\/es\/wp-json\/wp\/v2\/et_countries?post=53149"},{"taxonomy":"recipe_main_ingredient","embeddable":true,"href":"https:\/\/www.emmentaler.ch\/es\/wp-json\/wp\/v2\/recipe_main_ingredient?post=53149"},{"taxonomy":"recipe_difficulty","embeddable":true,"href":"https:\/\/www.emmentaler.ch\/es\/wp-json\/wp\/v2\/recipe_difficulty?post=53149"},{"taxonomy":"recipe_preparation_time","embeddable":true,"href":"https:\/\/www.emmentaler.ch\/es\/wp-json\/wp\/v2\/recipe_preparation_time?post=53149"},{"taxonomy":"recipe_diet_type","embeddable":true,"href":"https:\/\/www.emmentaler.ch\/es\/wp-json\/wp\/v2\/recipe_diet_type?post=53149"},{"taxonomy":"recipe_saison","embeddable":true,"href":"https:\/\/www.emmentaler.ch\/es\/wp-json\/wp\/v2\/recipe_saison?post=53149"}],"curies":[{"name":"wp","href":"https:\/\/api.w.org\/{rel}","templated":true}]}}

30 minutos más 35 minutos en el horno

1 salchichón del cantón de Vaud
800 g de col rizada, aprox. 400 g preparada
Sal
600 g de patatas
3 peras
200 g de Emmentaler AOC
3 huevos
2 dl de leche
150 g de queso quark cremoso
1 cucharada de mostaza
Pimienta
100 g de nueces
15 g de copos de mantequilla

<span style="font-weight: 400;">Hierve el salchichón en agua unos 45 minutos</span>

<span style="font-weight: 400;">Separa las hojas de la col rizada de los tallos y córtalas gruesas. Escáldalas durante 5 minutos en abundante agua hirviendo con sal. Después, escúrrelas y enfríalas con agua fría. Estruja un poco la col rizada.</span>

<span style="font-weight: 400;">A continuación, pela las patatas y córtalas en rodajas finas de 5 mm. Cuécelas en agua hirviendo con sal hasta que se ablanden durante aprox. 5 minutos.  Pela las peras y córtalas en gajos. Pon las patatas y las peras en una bandeja para gratinar, y reparte la col rizada por encima. </span>

<span style="font-weight: 400;">Ralla fino el Emmentaler AOC. Bate los huevos con la leche, el queso quark, la mostaza y 100 g de queso. Condimenta con sal y pimienta y vierte la mezcla por encima de la col rizada. Mete la bandeja en el horno precalentado a 180º durante 15 minutos.</span>

<span style="font-weight: 400;">Trocea las nueces, mézclalas con el resto del queso y échalas para que se gratinen. Cúbrelo todo con los copos de mantequilla y hornea otros 15-20 minutos. </span>
