{"id":53273,"date":"2022-04-27T13:38:44","date_gmt":"2022-04-27T11:38:44","guid":{"rendered":"https:\/\/www.emmentaler.ch\/rezept\/quiche-de-acelgas"},"modified":"2022-08-12T17:13:54","modified_gmt":"2022-08-12T15:13:54","slug":"quiche-de-acelgas","status":"publish","type":"recipes","link":"https:\/\/www.emmentaler.ch\/es\/recetas\/quiche-de-acelgas","title":{"rendered":"Quiche de acelgas"},"author":2,"featured_media":36503,"menu_order":0,"template":"","meta":{"inline_featured_image":false},"tags":[],"recipe_categories":[619],"et_countries":[],"recipe_main_ingredient":[602],"recipe_difficulty":[585],"recipe_preparation_time":[386],"recipe_diet_type":[570],"recipe_saison":[530],"acf":{"recipe_preparation_time":386,"recipe_categories":619,"recipe_time_txt":"40 minutos m\u00e1s 30 minutos en el horno","recipe_type":65940,"recipe_difficulty":585,"recipe_diet_type":[570],"recipe_main_ingredient":[602],"recipe_saison":[530],"recipe_count_portions":4,"recipe_ingedients":[{"recipe_ingedients_amount":"","recipe_ingedients_unit":"g","recipe_ingedients_product":""}],"temporare_zutaten":"200 g de harina\r\n\u00bd cucharadita de sal\r\n150 g de Emmentaler AOC rallado\r\n75 g de mantequilla fr\u00eda, en trocitos\r\n5-6 cucharadas de agua\r\n600 g de acelgas\r\n1 cucharada de aceite de colza\r\n3 dientes de ajo\r\nSal, pimienta\r\n2 huevos\r\n1 dl de nata\r\n1 dl de leche\r\nNuez moscada","recipe_preparation":"<span style=\"font-weight: 400;\">Mezcla la harina, la sal y 50\u00a0g de Emmentaler AOC en un recipiente. A\u00f1ade la mantequilla y trabaja la mezcla de harina con los dedos para que queden grumos. A\u00f1ade agua y amasa hasta que quede uniforme. Deja enfr\u00edar la masa alrededor de una hora.<\/span>\r\n\r\n<span style=\"font-weight: 400;\">Corta las hojas verdes de las acelgas y los tallos por separado en tiras anchas de 1\u00a0cm. Calienta aceite y rehoga los tallos durante 3-4 minutos. A\u00f1ade las hojas y sigue rehogando hasta que se desmoronen. Prensa el ajo y condimenta con sal y pimienta. Luego, deja que se enfr\u00ede.<\/span>\r\n\r\n<span style=\"font-weight: 400;\">Desenrolla la masa y col\u00f3cala en la bandeja para horno. Pincha la base varias veces con un tenedor. Esparce 50\u00a0g de Emmentaler AOC sobre ella. Reparte las acelgas. Mezcla los huevos con la nata, la leche y el resto de queso. Condimenta la mezcla con sal, pimienta y nuez moscada y vi\u00e9rtela sobre la verdura.<\/span>\r\n\r\n<span style=\"font-weight: 400;\">Hornea el quiche durante aprox. 30\u00a0minutos a 200\u00ba en la parte inferior del horno.<\/span>","recipe_images":[53289]},"_links":{"self":[{"href":"https:\/\/www.emmentaler.ch\/es\/wp-json\/wp\/v2\/recipes\/53273"}],"collection":[{"href":"https:\/\/www.emmentaler.ch\/es\/wp-json\/wp\/v2\/recipes"}],"about":[{"href":"https:\/\/www.emmentaler.ch\/es\/wp-json\/wp\/v2\/types\/recipes"}],"author":[{"embeddable":true,"href":"https:\/\/www.emmentaler.ch\/es\/wp-json\/wp\/v2\/users\/2"}],"version-history":[{"count":0,"href":"https:\/\/www.emmentaler.ch\/es\/wp-json\/wp\/v2\/recipes\/53273\/revisions"}],"acf:attachment":[{"embeddable":true,"href":"https:\/\/www.emmentaler.ch\/es\/wp-json\/wp\/v2\/media\/53289"}],"acf:term":[{"embeddable":true,"taxonomy":"recipe_saison","href":"https:\/\/www.emmentaler.ch\/es\/wp-json\/wp\/v2\/recipe_saison\/530"},{"embeddable":true,"taxonomy":"recipe_main_ingredient","href":"https:\/\/www.emmentaler.ch\/es\/wp-json\/wp\/v2\/recipe_main_ingredient\/602"},{"embeddable":true,"taxonomy":"recipe_diet_type","href":"https:\/\/www.emmentaler.ch\/es\/wp-json\/wp\/v2\/recipe_diet_type\/570"},{"embeddable":true,"taxonomy":"recipe_difficulty","href":"https:\/\/www.emmentaler.ch\/es\/wp-json\/wp\/v2\/recipe_difficulty\/585"},{"embeddable":true,"taxonomy":"recipe_categories","href":"https:\/\/www.emmentaler.ch\/es\/wp-json\/wp\/v2\/recipe_categories\/619"},{"embeddable":true,"taxonomy":"recipe_preparation_time","href":"https:\/\/www.emmentaler.ch\/es\/wp-json\/wp\/v2\/recipe_preparation_time\/386"}],"acf:post":[{"embeddable":true,"href":"https:\/\/www.emmentaler.ch\/es\/wp-json\/wp\/v2\/pages\/65940"}],"wp:featuredmedia":[{"embeddable":true,"href":"https:\/\/www.emmentaler.ch\/es\/wp-json\/wp\/v2\/media\/36503"}],"wp:attachment":[{"href":"https:\/\/www.emmentaler.ch\/es\/wp-json\/wp\/v2\/media?parent=53273"}],"wp:term":[{"taxonomy":"post_tag","embeddable":true,"href":"https:\/\/www.emmentaler.ch\/es\/wp-json\/wp\/v2\/tags?post=53273"},{"taxonomy":"recipe_categories","embeddable":true,"href":"https:\/\/www.emmentaler.ch\/es\/wp-json\/wp\/v2\/recipe_categories?post=53273"},{"taxonomy":"et_countries","embeddable":true,"href":"https:\/\/www.emmentaler.ch\/es\/wp-json\/wp\/v2\/et_countries?post=53273"},{"taxonomy":"recipe_main_ingredient","embeddable":true,"href":"https:\/\/www.emmentaler.ch\/es\/wp-json\/wp\/v2\/recipe_main_ingredient?post=53273"},{"taxonomy":"recipe_difficulty","embeddable":true,"href":"https:\/\/www.emmentaler.ch\/es\/wp-json\/wp\/v2\/recipe_difficulty?post=53273"},{"taxonomy":"recipe_preparation_time","embeddable":true,"href":"https:\/\/www.emmentaler.ch\/es\/wp-json\/wp\/v2\/recipe_preparation_time?post=53273"},{"taxonomy":"recipe_diet_type","embeddable":true,"href":"https:\/\/www.emmentaler.ch\/es\/wp-json\/wp\/v2\/recipe_diet_type?post=53273"},{"taxonomy":"recipe_saison","embeddable":true,"href":"https:\/\/www.emmentaler.ch\/es\/wp-json\/wp\/v2\/recipe_saison?post=53273"}],"curies":[{"name":"wp","href":"https:\/\/api.w.org\/{rel}","templated":true}]}}

40 minutos más 30 minutos en el horno

200 g de harina
½ cucharadita de sal
150 g de Emmentaler AOC rallado
75 g de mantequilla fría, en trocitos
5-6 cucharadas de agua
600 g de acelgas
1 cucharada de aceite de colza
3 dientes de ajo
Sal, pimienta
2 huevos
1 dl de nata
1 dl de leche
Nuez moscada

<span style="font-weight: 400;">Mezcla la harina, la sal y 50 g de Emmentaler AOC en un recipiente. Añade la mantequilla y trabaja la mezcla de harina con los dedos para que queden grumos. Añade agua y amasa hasta que quede uniforme. Deja enfríar la masa alrededor de una hora.</span>

<span style="font-weight: 400;">Corta las hojas verdes de las acelgas y los tallos por separado en tiras anchas de 1 cm. Calienta aceite y rehoga los tallos durante 3-4 minutos. Añade las hojas y sigue rehogando hasta que se desmoronen. Prensa el ajo y condimenta con sal y pimienta. Luego, deja que se enfríe.</span>

<span style="font-weight: 400;">Desenrolla la masa y colócala en la bandeja para horno. Pincha la base varias veces con un tenedor. Esparce 50 g de Emmentaler AOC sobre ella. Reparte las acelgas. Mezcla los huevos con la nata, la leche y el resto de queso. Condimenta la mezcla con sal, pimienta y nuez moscada y viértela sobre la verdura.</span>

<span style="font-weight: 400;">Hornea el quiche durante aprox. 30 minutos a 200º en la parte inferior del horno.</span>
