{"id":53366,"date":"2022-04-27T13:38:44","date_gmt":"2022-04-27T11:38:44","guid":{"rendered":"https:\/\/www.emmentaler.ch\/rezept\/ensalada-de-patata-y-lentejas-con-pesto-de-tomillo"},"modified":"2023-06-28T14:36:14","modified_gmt":"2023-06-28T12:36:14","slug":"ensalada-de-patata-y-lentejas-con-pesto-de-tomillo","status":"publish","type":"recipes","link":"https:\/\/www.emmentaler.ch\/es\/recetas\/ensalada-de-patata-y-lentejas-con-pesto-de-tomillo","title":{"rendered":"Ensalada de patata y lentejas con pesto de tomillo"},"author":2,"featured_media":53382,"menu_order":0,"template":"","meta":{"inline_featured_image":false},"tags":[836,773],"recipe_categories":[620],"et_countries":[],"recipe_main_ingredient":[602],"recipe_difficulty":[577],"recipe_preparation_time":[382],"recipe_diet_type":[570],"recipe_saison":[537,530,546],"acf":{"recipe_preparation_time":382,"recipe_categories":620,"recipe_time_txt":"","recipe_type":65982,"recipe_difficulty":577,"recipe_diet_type":[570],"recipe_main_ingredient":[602],"recipe_saison":[530,537,546],"recipe_count_portions":4,"recipe_ingedients":[{"recipe_ingedients_amount":"","recipe_ingedients_unit":"g","recipe_ingedients_product":""}],"temporare_zutaten":"150 g de lentejas negras o verdes\r\n500 g de jud\u00edas verdes\r\n750 g de patatas\r\n3 dl de caldo de verduras\r\n1 manojo de tomillo\r\n1 manojo de perejil\r\n2 dientes de ajo\r\n2 cucharadas de semillas de girasol\r\n2 cucharadas de vinagre\r\n4 cucharadas de aceite de colza\r\nSal, pimienta\r\n250 g de Emmentaler AOC","recipe_preparation":"<span style=\"font-weight: 400;\">Cuece las lentejas en abundante agua durante 20 minutos hasta que se ablanden. Prepara las jud\u00edas. Pela las patatas y troc\u00e9alas. A fuego lento, cuece las jud\u00edas en el caldo durante 10 minutos. Luego, a\u00f1ade las patatas troceadas y deja que hierva todo unos 15 minutos hasta que se ablanden. Reserva 1 dl de caldo para la salsa, el resto se puede tirar. <\/span><span style=\"font-weight: 400;\">\r\n<\/span>\r\n\r\n<span style=\"font-weight: 400;\">Separa las hojitas de tomillo del tallo y trocea el perejil. Echa las hierbas arom\u00e1ticas, el ajo, las semillas de girasol, el vinagre y el caldo en una vasija alta. A continuaci\u00f3n, trit\u00faralo todo con la batidora. Remueve el aceite y condimenta con sal y pimienta.<\/span>\r\n\r\n<span style=\"font-weight: 400;\">Corta el Emmentaler AOC en dados. Luego, mezcla todos los ingredientes con el pesto. Se puede servir fr\u00eda o caliente.<\/span>","recipe_images":[22940]},"_links":{"self":[{"href":"https:\/\/www.emmentaler.ch\/es\/wp-json\/wp\/v2\/recipes\/53366"}],"collection":[{"href":"https:\/\/www.emmentaler.ch\/es\/wp-json\/wp\/v2\/recipes"}],"about":[{"href":"https:\/\/www.emmentaler.ch\/es\/wp-json\/wp\/v2\/types\/recipes"}],"author":[{"embeddable":true,"href":"https:\/\/www.emmentaler.ch\/es\/wp-json\/wp\/v2\/users\/2"}],"version-history":[{"count":0,"href":"https:\/\/www.emmentaler.ch\/es\/wp-json\/wp\/v2\/recipes\/53366\/revisions"}],"acf:attachment":[{"embeddable":true,"href":"https:\/\/www.emmentaler.ch\/es\/wp-json\/wp\/v2\/media\/22940"}],"acf:term":[{"embeddable":true,"taxonomy":"recipe_saison","href":"https:\/\/www.emmentaler.ch\/es\/wp-json\/wp\/v2\/recipe_saison\/546"},{"embeddable":true,"taxonomy":"recipe_saison","href":"https:\/\/www.emmentaler.ch\/es\/wp-json\/wp\/v2\/recipe_saison\/537"},{"embeddable":true,"taxonomy":"recipe_saison","href":"https:\/\/www.emmentaler.ch\/es\/wp-json\/wp\/v2\/recipe_saison\/530"},{"embeddable":true,"taxonomy":"recipe_main_ingredient","href":"https:\/\/www.emmentaler.ch\/es\/wp-json\/wp\/v2\/recipe_main_ingredient\/602"},{"embeddable":true,"taxonomy":"recipe_diet_type","href":"https:\/\/www.emmentaler.ch\/es\/wp-json\/wp\/v2\/recipe_diet_type\/570"},{"embeddable":true,"taxonomy":"recipe_difficulty","href":"https:\/\/www.emmentaler.ch\/es\/wp-json\/wp\/v2\/recipe_difficulty\/577"},{"embeddable":true,"taxonomy":"recipe_categories","href":"https:\/\/www.emmentaler.ch\/es\/wp-json\/wp\/v2\/recipe_categories\/620"},{"embeddable":true,"taxonomy":"recipe_preparation_time","href":"https:\/\/www.emmentaler.ch\/es\/wp-json\/wp\/v2\/recipe_preparation_time\/382"}],"acf:post":[{"embeddable":true,"href":"https:\/\/www.emmentaler.ch\/es\/wp-json\/wp\/v2\/pages\/65982"}],"wp:featuredmedia":[{"embeddable":true,"href":"https:\/\/www.emmentaler.ch\/es\/wp-json\/wp\/v2\/media\/53382"}],"wp:attachment":[{"href":"https:\/\/www.emmentaler.ch\/es\/wp-json\/wp\/v2\/media?parent=53366"}],"wp:term":[{"taxonomy":"post_tag","embeddable":true,"href":"https:\/\/www.emmentaler.ch\/es\/wp-json\/wp\/v2\/tags?post=53366"},{"taxonomy":"recipe_categories","embeddable":true,"href":"https:\/\/www.emmentaler.ch\/es\/wp-json\/wp\/v2\/recipe_categories?post=53366"},{"taxonomy":"et_countries","embeddable":true,"href":"https:\/\/www.emmentaler.ch\/es\/wp-json\/wp\/v2\/et_countries?post=53366"},{"taxonomy":"recipe_main_ingredient","embeddable":true,"href":"https:\/\/www.emmentaler.ch\/es\/wp-json\/wp\/v2\/recipe_main_ingredient?post=53366"},{"taxonomy":"recipe_difficulty","embeddable":true,"href":"https:\/\/www.emmentaler.ch\/es\/wp-json\/wp\/v2\/recipe_difficulty?post=53366"},{"taxonomy":"recipe_preparation_time","embeddable":true,"href":"https:\/\/www.emmentaler.ch\/es\/wp-json\/wp\/v2\/recipe_preparation_time?post=53366"},{"taxonomy":"recipe_diet_type","embeddable":true,"href":"https:\/\/www.emmentaler.ch\/es\/wp-json\/wp\/v2\/recipe_diet_type?post=53366"},{"taxonomy":"recipe_saison","embeddable":true,"href":"https:\/\/www.emmentaler.ch\/es\/wp-json\/wp\/v2\/recipe_saison?post=53366"}],"curies":[{"name":"wp","href":"https:\/\/api.w.org\/{rel}","templated":true}]}}

150 g de lentejas negras o verdes
500 g de judías verdes
750 g de patatas
3 dl de caldo de verduras
1 manojo de tomillo
1 manojo de perejil
2 dientes de ajo
2 cucharadas de semillas de girasol
2 cucharadas de vinagre
4 cucharadas de aceite de colza
Sal, pimienta
250 g de Emmentaler AOC

<span style="font-weight: 400;">Cuece las lentejas en abundante agua durante 20 minutos hasta que se ablanden. Prepara las judías. Pela las patatas y trocéalas. A fuego lento, cuece las judías en el caldo durante 10 minutos. Luego, añade las patatas troceadas y deja que hierva todo unos 15 minutos hasta que se ablanden. Reserva 1 dl de caldo para la salsa, el resto se puede tirar. </span><span style="font-weight: 400;">
</span>

<span style="font-weight: 400;">Separa las hojitas de tomillo del tallo y trocea el perejil. Echa las hierbas aromáticas, el ajo, las semillas de girasol, el vinagre y el caldo en una vasija alta. A continuación, tritúralo todo con la batidora. Remueve el aceite y condimenta con sal y pimienta.</span>

<span style="font-weight: 400;">Corta el Emmentaler AOC en dados. Luego, mezcla todos los ingredientes con el pesto. Se puede servir fría o caliente.</span>
