{"id":53397,"date":"2022-04-27T13:38:44","date_gmt":"2022-04-27T11:38:44","guid":{"rendered":"https:\/\/www.emmentaler.ch\/rezept\/schmarren-de-hierbas-con-emmentaler-aop"},"modified":"2022-08-12T16:41:55","modified_gmt":"2022-08-12T14:41:55","slug":"schmarren-de-hierbas-con-emmentaler-aop","status":"publish","type":"recipes","link":"https:\/\/www.emmentaler.ch\/es\/recetas\/schmarren-de-hierbas-con-emmentaler-aop","title":{"rendered":"Schmarren de hierbas con Emmentaler AOP"},"author":2,"featured_media":53418,"menu_order":0,"template":"","meta":{"inline_featured_image":false},"tags":[],"recipe_categories":[608],"et_countries":[],"recipe_main_ingredient":[593],"recipe_difficulty":[577],"recipe_preparation_time":[382],"recipe_diet_type":[],"recipe_saison":[561],"acf":{"recipe_preparation_time":382,"recipe_categories":608,"recipe_time_txt":"","recipe_type":65975,"recipe_difficulty":577,"recipe_diet_type":false,"recipe_main_ingredient":[593],"recipe_saison":[561],"recipe_count_portions":4,"recipe_ingedients":[{"recipe_ingedients_amount":"","recipe_ingedients_unit":"g","recipe_ingedients_product":""}],"temporare_zutaten":"125 g de Emmentaler AOP\r\n1 manojo de hierbas arom\u00e1ticas variadas, p. ej.,\r\nperejil, mejorana y cebollino\r\n150 g de harina\r\n\u00bc de cucharadita de sal\r\n2,5 dl de leche\r\n6 huevos\r\n100 g de taquitos de jam\u00f3n\r\n3 cucharadas de mantequilla para fre\u00edr","recipe_preparation":"<span style=\"font-weight: 400;\">Ralla fino el Emmentaler AOP y pica las hierbas arom\u00e1ticas. Mezcla la harina, la sal y la leche. Separa los huevos y echa la yema de los huevos, el jam\u00f3n y las hierbas arom\u00e1ticas a la mezcla de harina. Bate la clara de huevo a punto de nieve con una pizca de sal y \u00e9chala poco a poco a la masa.<\/span>\r\n\r\n<span style=\"font-weight: 400;\">Prepara los schmarren en dos porciones, uno tras otro o en dos sartenes al mismo tiempo. Calienta 1 cucharada de mantequilla en una sart\u00e9n. Vierte la mitad de la masa y deja que se haga lentamente unos 10 minutos, a fuego medio. Dale la vuelta a los schmarren con ayuda de una tapadera o un plato. Termina de fre\u00edrlos con el resto de mantequilla durante 5 minutos.<\/span>\r\n\r\n<span style=\"font-weight: 400;\">Trocea los schmarren con dos paletas y s\u00edrvelos con ensalada.<\/span>","recipe_images":[22750]},"_links":{"self":[{"href":"https:\/\/www.emmentaler.ch\/es\/wp-json\/wp\/v2\/recipes\/53397"}],"collection":[{"href":"https:\/\/www.emmentaler.ch\/es\/wp-json\/wp\/v2\/recipes"}],"about":[{"href":"https:\/\/www.emmentaler.ch\/es\/wp-json\/wp\/v2\/types\/recipes"}],"author":[{"embeddable":true,"href":"https:\/\/www.emmentaler.ch\/es\/wp-json\/wp\/v2\/users\/2"}],"version-history":[{"count":0,"href":"https:\/\/www.emmentaler.ch\/es\/wp-json\/wp\/v2\/recipes\/53397\/revisions"}],"acf:attachment":[{"embeddable":true,"href":"https:\/\/www.emmentaler.ch\/es\/wp-json\/wp\/v2\/media\/22750"}],"acf:term":[{"embeddable":true,"taxonomy":"recipe_saison","href":"https:\/\/www.emmentaler.ch\/es\/wp-json\/wp\/v2\/recipe_saison\/561"},{"embeddable":true,"taxonomy":"recipe_main_ingredient","href":"https:\/\/www.emmentaler.ch\/es\/wp-json\/wp\/v2\/recipe_main_ingredient\/593"},{"embeddable":true,"taxonomy":"recipe_difficulty","href":"https:\/\/www.emmentaler.ch\/es\/wp-json\/wp\/v2\/recipe_difficulty\/577"},{"embeddable":true,"taxonomy":"recipe_categories","href":"https:\/\/www.emmentaler.ch\/es\/wp-json\/wp\/v2\/recipe_categories\/608"},{"embeddable":true,"taxonomy":"recipe_preparation_time","href":"https:\/\/www.emmentaler.ch\/es\/wp-json\/wp\/v2\/recipe_preparation_time\/382"}],"acf:post":[{"embeddable":true,"href":"https:\/\/www.emmentaler.ch\/es\/wp-json\/wp\/v2\/pages\/65975"}],"wp:featuredmedia":[{"embeddable":true,"href":"https:\/\/www.emmentaler.ch\/es\/wp-json\/wp\/v2\/media\/53418"}],"wp:attachment":[{"href":"https:\/\/www.emmentaler.ch\/es\/wp-json\/wp\/v2\/media?parent=53397"}],"wp:term":[{"taxonomy":"post_tag","embeddable":true,"href":"https:\/\/www.emmentaler.ch\/es\/wp-json\/wp\/v2\/tags?post=53397"},{"taxonomy":"recipe_categories","embeddable":true,"href":"https:\/\/www.emmentaler.ch\/es\/wp-json\/wp\/v2\/recipe_categories?post=53397"},{"taxonomy":"et_countries","embeddable":true,"href":"https:\/\/www.emmentaler.ch\/es\/wp-json\/wp\/v2\/et_countries?post=53397"},{"taxonomy":"recipe_main_ingredient","embeddable":true,"href":"https:\/\/www.emmentaler.ch\/es\/wp-json\/wp\/v2\/recipe_main_ingredient?post=53397"},{"taxonomy":"recipe_difficulty","embeddable":true,"href":"https:\/\/www.emmentaler.ch\/es\/wp-json\/wp\/v2\/recipe_difficulty?post=53397"},{"taxonomy":"recipe_preparation_time","embeddable":true,"href":"https:\/\/www.emmentaler.ch\/es\/wp-json\/wp\/v2\/recipe_preparation_time?post=53397"},{"taxonomy":"recipe_diet_type","embeddable":true,"href":"https:\/\/www.emmentaler.ch\/es\/wp-json\/wp\/v2\/recipe_diet_type?post=53397"},{"taxonomy":"recipe_saison","embeddable":true,"href":"https:\/\/www.emmentaler.ch\/es\/wp-json\/wp\/v2\/recipe_saison?post=53397"}],"curies":[{"name":"wp","href":"https:\/\/api.w.org\/{rel}","templated":true}]}}

125 g de Emmentaler AOP
1 manojo de hierbas aromáticas variadas, p. ej.,
perejil, mejorana y cebollino
150 g de harina
¼ de cucharadita de sal
2,5 dl de leche
6 huevos
100 g de taquitos de jamón
3 cucharadas de mantequilla para freír

<span style="font-weight: 400;">Ralla fino el Emmentaler AOP y pica las hierbas aromáticas. Mezcla la harina, la sal y la leche. Separa los huevos y echa la yema de los huevos, el jamón y las hierbas aromáticas a la mezcla de harina. Bate la clara de huevo a punto de nieve con una pizca de sal y échala poco a poco a la masa.</span>

<span style="font-weight: 400;">Prepara los schmarren en dos porciones, uno tras otro o en dos sartenes al mismo tiempo. Calienta 1 cucharada de mantequilla en una sartén. Vierte la mitad de la masa y deja que se haga lentamente unos 10 minutos, a fuego medio. Dale la vuelta a los schmarren con ayuda de una tapadera o un plato. Termina de freírlos con el resto de mantequilla durante 5 minutos.</span>

<span style="font-weight: 400;">Trocea los schmarren con dos paletas y sírvelos con ensalada.</span>
