{"id":53428,"date":"2022-04-27T13:38:00","date_gmt":"2022-04-27T11:38:00","guid":{"rendered":"https:\/\/www.emmentaler.ch\/rezept\/muffins-de-hierbas-aromaticas-y-queso"},"modified":"2022-06-10T17:15:27","modified_gmt":"2022-06-10T15:15:27","slug":"muffins-de-hierbas-aromaticas-y-queso","status":"publish","type":"recipes","link":"https:\/\/www.emmentaler.ch\/es\/recetas\/muffins-de-hierbas-aromaticas-y-queso","title":{"rendered":"Muffins de hierbas arom\u00e1ticas y queso"},"author":2,"featured_media":53449,"menu_order":0,"template":"","meta":{"inline_featured_image":false},"tags":[],"recipe_categories":[611],"et_countries":[],"recipe_main_ingredient":[],"recipe_difficulty":[577],"recipe_preparation_time":[384],"recipe_diet_type":[570],"recipe_saison":[529,561],"acf":{"recipe_preparation_time":384,"recipe_categories":611,"recipe_time_txt":"15 minutos m\u00e1s 30 minutos en el horno","recipe_type":65947,"recipe_difficulty":577,"recipe_diet_type":[570],"recipe_main_ingredient":false,"recipe_saison":[529,561],"recipe_count_portions":4,"recipe_ingedients":[{"recipe_ingedients_amount":"62.5","recipe_ingedients_unit":"g","recipe_ingedients_product":"Emmentaler DOP"},{"recipe_ingedients_amount":"1","recipe_ingedients_unit":"St\u00fcck","recipe_ingedients_product":"ramitas de romero"},{"recipe_ingedients_amount":"1","recipe_ingedients_unit":"St\u00fcck","recipe_ingedients_product":"ramitas de tomillo"},{"recipe_ingedients_amount":".25","recipe_ingedients_unit":"Bd","recipe_ingedients_product":"perejil"},{"recipe_ingedients_amount":".5","recipe_ingedients_unit":"St\u00fcck","recipe_ingedients_product":"huevos"},{"recipe_ingedients_amount":"37.5","recipe_ingedients_unit":"ml","recipe_ingedients_product":"aceite de colza o de oliva"},{"recipe_ingedients_amount":"50","recipe_ingedients_unit":"ml","recipe_ingedients_product":"suero de leche"},{"recipe_ingedients_amount":".25","recipe_ingedients_unit":"Tl","recipe_ingedients_product":"sal"},{"recipe_ingedients_amount":".5","recipe_ingedients_unit":"St\u00fcck","recipe_ingedients_product":"dientes de ajo"},{"recipe_ingedients_amount":"62.5","recipe_ingedients_unit":"g","recipe_ingedients_product":"harina"},{"recipe_ingedients_amount":".25","recipe_ingedients_unit":"Pkg","recipe_ingedients_product":"polvo de hornear"},{"recipe_ingedients_amount":"","recipe_ingedients_unit":"Bedarf","recipe_ingedients_product":"reto\u00f1o de cohete"},{"recipe_ingedients_amount":"","recipe_ingedients_unit":"Bedarf","recipe_ingedients_product":"mantequilla para engrasar"}],"temporare_zutaten":"Butter zum Einfetten\r\n250 g Emmentaler AOP\r\n4 Zweige Rosmarin\r\n4 Zweige Thymian\r\n1 Handvoll Rucola\r\n1 Bund Petersilie\r\n2 Eier\r\n1,5 dl Raps- oder Oliven\u00f6l\r\n2 dl Buttermilch\r\n1 TL Salz\r\n2 Knoblauchzehen\r\n250 g Mehl\r\n1 P\u00e4ckli Backpulver","recipe_preparation":"<span style=\"font-weight: 400;\">Engrasa la bandeja para muffins o coloca moldes de papel.<\/span>\r\n\r\n<span style=\"font-weight: 400;\">Ralla fino el queso. Separa las hojitas de romero y tomillo de los tallos. Pica fino el romero, la r\u00facula y el perejil.<\/span>\r\n\r\n<span style=\"font-weight: 400;\">Bate los huevos y m\u00e9zclalos bien con el aceite, el suero de mantequilla y la sal. A\u00f1ade el ajo prensado. Incorpora a la mezcla las hierbas arom\u00e1ticas y el queso.<\/span>\r\n\r\n<span style=\"font-weight: 400;\">Tamiza la harina con la levadura y remueve con velocidad. Luego, echa la masa en la bandeja para muffins. Horn\u00e9alos a 180\u00ba en la altura media del horno durante 20-25 minutos. D\u00e9jalos reposar en la bandeja durante 5 minutos. Luego, deja que se enfr\u00eden en la rejilla de cocina.\u00a0<\/span>","recipe_images":[22458,22463]},"_links":{"self":[{"href":"https:\/\/www.emmentaler.ch\/es\/wp-json\/wp\/v2\/recipes\/53428"}],"collection":[{"href":"https:\/\/www.emmentaler.ch\/es\/wp-json\/wp\/v2\/recipes"}],"about":[{"href":"https:\/\/www.emmentaler.ch\/es\/wp-json\/wp\/v2\/types\/recipes"}],"author":[{"embeddable":true,"href":"https:\/\/www.emmentaler.ch\/es\/wp-json\/wp\/v2\/users\/2"}],"version-history":[{"count":0,"href":"https:\/\/www.emmentaler.ch\/es\/wp-json\/wp\/v2\/recipes\/53428\/revisions"}],"acf:attachment":[{"embeddable":true,"href":"https:\/\/www.emmentaler.ch\/es\/wp-json\/wp\/v2\/media\/22463"},{"embeddable":true,"href":"https:\/\/www.emmentaler.ch\/es\/wp-json\/wp\/v2\/media\/22458"}],"acf:term":[{"embeddable":true,"taxonomy":"recipe_saison","href":"https:\/\/www.emmentaler.ch\/es\/wp-json\/wp\/v2\/recipe_saison\/561"},{"embeddable":true,"taxonomy":"recipe_saison","href":"https:\/\/www.emmentaler.ch\/es\/wp-json\/wp\/v2\/recipe_saison\/529"},{"embeddable":true,"taxonomy":"recipe_diet_type","href":"https:\/\/www.emmentaler.ch\/es\/wp-json\/wp\/v2\/recipe_diet_type\/570"},{"embeddable":true,"taxonomy":"recipe_difficulty","href":"https:\/\/www.emmentaler.ch\/es\/wp-json\/wp\/v2\/recipe_difficulty\/577"},{"embeddable":true,"taxonomy":"recipe_categories","href":"https:\/\/www.emmentaler.ch\/es\/wp-json\/wp\/v2\/recipe_categories\/611"},{"embeddable":true,"taxonomy":"recipe_preparation_time","href":"https:\/\/www.emmentaler.ch\/es\/wp-json\/wp\/v2\/recipe_preparation_time\/384"}],"acf:post":[{"embeddable":true,"href":"https:\/\/www.emmentaler.ch\/es\/wp-json\/wp\/v2\/pages\/65947"}],"wp:featuredmedia":[{"embeddable":true,"href":"https:\/\/www.emmentaler.ch\/es\/wp-json\/wp\/v2\/media\/53449"}],"wp:attachment":[{"href":"https:\/\/www.emmentaler.ch\/es\/wp-json\/wp\/v2\/media?parent=53428"}],"wp:term":[{"taxonomy":"post_tag","embeddable":true,"href":"https:\/\/www.emmentaler.ch\/es\/wp-json\/wp\/v2\/tags?post=53428"},{"taxonomy":"recipe_categories","embeddable":true,"href":"https:\/\/www.emmentaler.ch\/es\/wp-json\/wp\/v2\/recipe_categories?post=53428"},{"taxonomy":"et_countries","embeddable":true,"href":"https:\/\/www.emmentaler.ch\/es\/wp-json\/wp\/v2\/et_countries?post=53428"},{"taxonomy":"recipe_main_ingredient","embeddable":true,"href":"https:\/\/www.emmentaler.ch\/es\/wp-json\/wp\/v2\/recipe_main_ingredient?post=53428"},{"taxonomy":"recipe_difficulty","embeddable":true,"href":"https:\/\/www.emmentaler.ch\/es\/wp-json\/wp\/v2\/recipe_difficulty?post=53428"},{"taxonomy":"recipe_preparation_time","embeddable":true,"href":"https:\/\/www.emmentaler.ch\/es\/wp-json\/wp\/v2\/recipe_preparation_time?post=53428"},{"taxonomy":"recipe_diet_type","embeddable":true,"href":"https:\/\/www.emmentaler.ch\/es\/wp-json\/wp\/v2\/recipe_diet_type?post=53428"},{"taxonomy":"recipe_saison","embeddable":true,"href":"https:\/\/www.emmentaler.ch\/es\/wp-json\/wp\/v2\/recipe_saison?post=53428"}],"curies":[{"name":"wp","href":"https:\/\/api.w.org\/{rel}","templated":true}]}}

Muffins de hierbas aromáticas y queso

15 minutos más 30 minutos en el horno

Stück

retoño de cohete

Butter zum Einfetten
250 g Emmentaler AOP
4 Zweige Rosmarin
4 Zweige Thymian
1 Handvoll Rucola
1 Bund Petersilie
2 Eier
1,5 dl Raps- oder Olivenöl
2 dl Buttermilch
1 TL Salz
2 Knoblauchzehen
250 g Mehl
1 Päckli Backpulver

<span style="font-weight: 400;">Engrasa la bandeja para muffins o coloca moldes de papel.</span>

<span style="font-weight: 400;">Ralla fino el queso. Separa las hojitas de romero y tomillo de los tallos. Pica fino el romero, la rúcula y el perejil.</span>

<span style="font-weight: 400;">Bate los huevos y mézclalos bien con el aceite, el suero de mantequilla y la sal. Añade el ajo prensado. Incorpora a la mezcla las hierbas aromáticas y el queso.</span>

<span style="font-weight: 400;">Tamiza la harina con la levadura y remueve con velocidad. Luego, echa la masa en la bandeja para muffins. Hornéalos a 180º en la altura media del horno durante 20-25 minutos. Déjalos reposar en la bandeja durante 5 minutos. Luego, deja que se enfríen en la rejilla de cocina. </span>
