{"id":53490,"date":"2022-04-27T13:38:00","date_gmt":"2022-04-27T11:38:00","guid":{"rendered":"https:\/\/www.emmentaler.ch\/rezept\/sarten-de-patatas-con-queso-emmentaler-aop"},"modified":"2022-07-29T16:27:32","modified_gmt":"2022-07-29T14:27:32","slug":"sarten-de-patatas-con-queso-emmentaler-dop","status":"publish","type":"recipes","link":"https:\/\/www.emmentaler.ch\/es\/recetas\/sarten-de-patatas-con-queso-emmentaler-dop","title":{"rendered":"Sart\u00e9n de patatas con queso Emmentaler DOP"},"author":2,"featured_media":53506,"menu_order":0,"template":"","meta":{"inline_featured_image":false},"tags":[],"recipe_categories":[619],"et_countries":[],"recipe_main_ingredient":[593,602],"recipe_difficulty":[578],"recipe_preparation_time":[377],"recipe_diet_type":[569],"recipe_saison":[561],"acf":{"recipe_preparation_time":377,"recipe_categories":619,"recipe_time_txt":"","recipe_type":65993,"recipe_difficulty":578,"recipe_diet_type":[569],"recipe_main_ingredient":[593,602],"recipe_saison":[561],"recipe_count_portions":4,"recipe_ingedients":[{"recipe_ingedients_amount":"","recipe_ingedients_unit":"g","recipe_ingedients_product":""}],"temporare_zutaten":"1 kg de patatas para cocer\r\nSal\r\n3 cucharadas de avellanas\r\n100 g de tiras de panceta\r\n1 \u00bd cucharada de mantequilla para fre\u00edr\r\n1 \u00bd cucharada de aceite de oliva\r\n2 manojos de cebolletas\r\nPimienta\r\n\u00bd manojo de mejorana\r\n200 g de queso Emmentaler AOP","recipe_preparation":"<span style=\"font-weight: 400;\">Pela las patatas y cu\u00e9celas durante 6-8 minutos en agua con sal. Qu\u00edtales el agua y c\u00f3rtalas en rodajas finas de unos 3\u00a0mm.<\/span>\r\n\r\n<span style=\"font-weight: 400;\">Trocea las avellanas y tu\u00e9stalas un par de minutos en una sart\u00e9n grande. Luego, s\u00e1calas de la sart\u00e9n. Dora la panceta sin aceite hasta que quede crujiente y luego s\u00e1cala de la sart\u00e9n. Calienta mantequilla y aceite de oliva. Echa las patatas y fr\u00edelas a fuego fuerte durante 10-12 minutos. No hay que removerlas demasiado.<\/span>\r\n\r\n<span style=\"font-weight: 400;\">Corta los bulbos de las cebolletas en dos o cuatro partes. Luego, corta los tallos en tubos largos de 2\u00a0cm. \u00c9chalo todo con las patatas y sazona con sal y pimienta. Removiendo de vez en cuando, sigue friendo otros 10 minutos a fuego lento.<\/span>\r\n\r\n<span style=\"font-weight: 400;\">Mientras tanto, separa las hojitas de mejorana de los tallos. Corta el Emmentaler AOP en dados grandes de 1 cm. Mezcla los dados de queso, las avellanas, la panceta y la mejorana con las patatas. Por \u00faltimo, cali\u00e9ntalo todo un poco hasta que se derrita el queso.\u00a0<\/span>","recipe_images":[53506]},"_links":{"self":[{"href":"https:\/\/www.emmentaler.ch\/es\/wp-json\/wp\/v2\/recipes\/53490"}],"collection":[{"href":"https:\/\/www.emmentaler.ch\/es\/wp-json\/wp\/v2\/recipes"}],"about":[{"href":"https:\/\/www.emmentaler.ch\/es\/wp-json\/wp\/v2\/types\/recipes"}],"author":[{"embeddable":true,"href":"https:\/\/www.emmentaler.ch\/es\/wp-json\/wp\/v2\/users\/2"}],"version-history":[{"count":0,"href":"https:\/\/www.emmentaler.ch\/es\/wp-json\/wp\/v2\/recipes\/53490\/revisions"}],"acf:attachment":[{"embeddable":true,"href":"https:\/\/www.emmentaler.ch\/es\/wp-json\/wp\/v2\/media\/53506"}],"acf:term":[{"embeddable":true,"taxonomy":"recipe_saison","href":"https:\/\/www.emmentaler.ch\/es\/wp-json\/wp\/v2\/recipe_saison\/561"},{"embeddable":true,"taxonomy":"recipe_main_ingredient","href":"https:\/\/www.emmentaler.ch\/es\/wp-json\/wp\/v2\/recipe_main_ingredient\/602"},{"embeddable":true,"taxonomy":"recipe_main_ingredient","href":"https:\/\/www.emmentaler.ch\/es\/wp-json\/wp\/v2\/recipe_main_ingredient\/593"},{"embeddable":true,"taxonomy":"recipe_diet_type","href":"https:\/\/www.emmentaler.ch\/es\/wp-json\/wp\/v2\/recipe_diet_type\/569"},{"embeddable":true,"taxonomy":"recipe_difficulty","href":"https:\/\/www.emmentaler.ch\/es\/wp-json\/wp\/v2\/recipe_difficulty\/578"},{"embeddable":true,"taxonomy":"recipe_categories","href":"https:\/\/www.emmentaler.ch\/es\/wp-json\/wp\/v2\/recipe_categories\/619"},{"embeddable":true,"taxonomy":"recipe_preparation_time","href":"https:\/\/www.emmentaler.ch\/es\/wp-json\/wp\/v2\/recipe_preparation_time\/377"}],"acf:post":[{"embeddable":true,"href":"https:\/\/www.emmentaler.ch\/es\/wp-json\/wp\/v2\/pages\/65993"}],"wp:featuredmedia":[{"embeddable":true,"href":"https:\/\/www.emmentaler.ch\/es\/wp-json\/wp\/v2\/media\/53506"}],"wp:attachment":[{"href":"https:\/\/www.emmentaler.ch\/es\/wp-json\/wp\/v2\/media?parent=53490"}],"wp:term":[{"taxonomy":"post_tag","embeddable":true,"href":"https:\/\/www.emmentaler.ch\/es\/wp-json\/wp\/v2\/tags?post=53490"},{"taxonomy":"recipe_categories","embeddable":true,"href":"https:\/\/www.emmentaler.ch\/es\/wp-json\/wp\/v2\/recipe_categories?post=53490"},{"taxonomy":"et_countries","embeddable":true,"href":"https:\/\/www.emmentaler.ch\/es\/wp-json\/wp\/v2\/et_countries?post=53490"},{"taxonomy":"recipe_main_ingredient","embeddable":true,"href":"https:\/\/www.emmentaler.ch\/es\/wp-json\/wp\/v2\/recipe_main_ingredient?post=53490"},{"taxonomy":"recipe_difficulty","embeddable":true,"href":"https:\/\/www.emmentaler.ch\/es\/wp-json\/wp\/v2\/recipe_difficulty?post=53490"},{"taxonomy":"recipe_preparation_time","embeddable":true,"href":"https:\/\/www.emmentaler.ch\/es\/wp-json\/wp\/v2\/recipe_preparation_time?post=53490"},{"taxonomy":"recipe_diet_type","embeddable":true,"href":"https:\/\/www.emmentaler.ch\/es\/wp-json\/wp\/v2\/recipe_diet_type?post=53490"},{"taxonomy":"recipe_saison","embeddable":true,"href":"https:\/\/www.emmentaler.ch\/es\/wp-json\/wp\/v2\/recipe_saison?post=53490"}],"curies":[{"name":"wp","href":"https:\/\/api.w.org\/{rel}","templated":true}]}}

Sartén de patatas con queso Emmentaler DOP

1 kg de patatas para cocer
Sal
3 cucharadas de avellanas
100 g de tiras de panceta
1 ½ cucharada de mantequilla para freír
1 ½ cucharada de aceite de oliva
2 manojos de cebolletas
Pimienta
½ manojo de mejorana
200 g de queso Emmentaler AOP

<span style="font-weight: 400;">Pela las patatas y cuécelas durante 6-8 minutos en agua con sal. Quítales el agua y córtalas en rodajas finas de unos 3 mm.</span>

<span style="font-weight: 400;">Trocea las avellanas y tuéstalas un par de minutos en una sartén grande. Luego, sácalas de la sartén. Dora la panceta sin aceite hasta que quede crujiente y luego sácala de la sartén. Calienta mantequilla y aceite de oliva. Echa las patatas y fríelas a fuego fuerte durante 10-12 minutos. No hay que removerlas demasiado.</span>

<span style="font-weight: 400;">Corta los bulbos de las cebolletas en dos o cuatro partes. Luego, corta los tallos en tubos largos de 2 cm. Échalo todo con las patatas y sazona con sal y pimienta. Removiendo de vez en cuando, sigue friendo otros 10 minutos a fuego lento.</span>

<span style="font-weight: 400;">Mientras tanto, separa las hojitas de mejorana de los tallos. Corta el Emmentaler AOP en dados grandes de 1 cm. Mezcla los dados de queso, las avellanas, la panceta y la mejorana con las patatas. Por último, caliéntalo todo un poco hasta que se derrita el queso. </span>
